INSERT INTO `event_log_settings` (`log_id`, `setting_name`, `setting_value`, `setting_type`) VALUES
(12255, 'revisedFileId', NULL, 'string'),
(12255, 'submissionId', '1288', 'int'),
(12255, 'username', 'fera_ziya', 'string'),
(12256, 'fileId', '4968', 'int'),
(12256, 'fileRevision', '1', 'int'),
(12256, 'fileStage', '2', 'int'),
(12256, 'name', 'taufan.docx', 'string'),
(12256, 'originalFileName', 'taufan.docx', 'string'),
(12256, 'submissionId', '1288', 'int'),
(12256, 'username', 'fera_ziya', 'string'),
(12257, 'fileId', '4969', 'string'),
(12257, 'fileRevision', '1', 'int'),
(12257, 'fileStage', '2', 'int'),
(12257, 'originalFileName', 'sri andala.docx', 'string'),
(12257, 'revisedFileId', NULL, 'string'),
(12257, 'submissionId', '1320', 'int'),
(12257, 'username', 'fera_ziya', 'string'),
(12258, 'fileId', '4969', 'int'),
(12258, 'fileRevision', '1', 'int'),
(12258, 'fileStage', '2', 'int'),
(12258, 'name', 'sri andala.docx', 'string'),
(12258, 'originalFileName', 'sri andala.docx', 'string'),
(12258, 'submissionId', '1320', 'int'),
(12258, 'username', 'fera_ziya', 'string'),
(12259, 'decision', 'Accept and Skip Review', 'string'),
(12259, 'editorName', 'fera yuli setiyaningsih', 'string'),
(12259, 'submissionId', '1013', 'string'),
(12261, 'fileId', '4970', 'string'),
(12261, 'fileRevision', '1', 'int'),
(12261, 'fileStage', '2', 'int'),
(12261, 'originalFileName', 'artikel 1 .docx', 'string'),
(12261, 'revisedFileId', NULL, 'string'),
(12261, 'submissionId', '1210', 'int'),
(12261, 'username', 'fera_ziya', 'string'),
(12262, 'fileId', '4970', 'int'),
(12262, 'fileRevision', '1', 'int'),
(12262, 'fileStage', '2', 'int'),
(12262, 'name', 'artikel 1 .docx', 'string'),
(12262, 'originalFileName', 'artikel 1 .docx', 'string'),
(12262, 'submissionId', '1210', 'int'),
(12262, 'username', 'fera_ziya', 'string'),
(12263, 'decision', 'Send to Review', 'string'),
(12263, 'editorName', 'fera yuli setiyaningsih', 'string'),
(12263, 'submissionId', '1210', 'string'),
(12264, 'reviewAssignmentId', '456', 'string'),
(12264, 'reviewerName', 'Afif Hidayatul Arham', 'string'),
(12264, 'round', '1', 'int'),
(12264, 'stageId', '3', 'int'),
(12264, 'submissionId', '1210', 'string'),
(12265, 'fileId', '4972', 'string'),
(12265, 'fileRevision', '1', 'int'),
(12265, 'fileStage', '2', 'int'),
(12265, 'originalFileName', 'artikel 2 .docx', 'string'),
(12265, 'revisedFileId', NULL, 'string'),
(12265, 'submissionId', '1214', 'int'),
(12265, 'username', 'fera_ziya', 'string'),
(12266, 'fileId', '4972', 'int'),
(12266, 'fileRevision', '1', 'int'),
(12266, 'fileStage', '2', 'int'),
(12266, 'name', 'artikel 2 .docx', 'string'),
(12266, 'originalFileName', 'artikel 2 .docx', 'string'),
(12266, 'submissionId', '1214', 'int'),
(12266, 'username', 'fera_ziya', 'string'),
(12267, 'decision', 'Send to Review', 'string'),
(12267, 'editorName', 'fera yuli setiyaningsih', 'string'),
(12267, 'submissionId', '1214', 'string'),
(12268, 'reviewAssignmentId', '457', 'string'),
(12268, 'reviewerName', 'Afif Hidayatul Arham', 'string'),
(12268, 'round', '1', 'int'),
(12268, 'stageId', '3', 'int'),
(12268, 'submissionId', '1214', 'string'),
(12269, 'fileId', '4974', 'string'),
(12269, 'fileRevision', '1', 'int'),
(12269, 'fileStage', '2', 'int'),
(12269, 'originalFileName', 'artikel 3.docx', 'string'),
(12269, 'revisedFileId', NULL, 'string'),
(12269, 'submissionId', '1216', 'int'),
(12269, 'username', 'fera_ziya', 'string'),
(12270, 'fileId', '4974', 'int'),
(12270, 'fileRevision', '1', 'int'),
(12270, 'fileStage', '2', 'int'),
(12270, 'name', 'artikel 3.docx', 'string'),
(12270, 'originalFileName', 'artikel 3.docx', 'string'),
(12270, 'submissionId', '1216', 'int'),
(12270, 'username', 'fera_ziya', 'string'),
(12271, 'decision', 'Send to Review', 'string'),
(12271, 'editorName', 'fera yuli setiyaningsih', 'string'),
(12271, 'submissionId', '1216', 'string'),
(12272, 'reviewAssignmentId', '458', 'string'),
(12272, 'reviewerName', 'Rickiy Akbaril Okta Firdaus', 'string'),
(12272, 'round', '1', 'int'),
(12272, 'stageId', '3', 'int'),
(12272, 'submissionId', '1216', 'string'),
(12273, 'name', 'fera yuli setiyaningsih', 'string'),
(12273, 'userGroupName', 'Journal editor', 'string'),
(12273, 'username', 'fera_ziya', 'string'),
(12274, 'fileId', '4976', 'string'),
(12274, 'fileRevision', '1', 'int'),
(12274, 'fileStage', '2', 'int'),
(12274, 'originalFileName', 'artikel 4 .docx', 'string'),
(12274, 'revisedFileId', NULL, 'string'),
(12274, 'submissionId', '1281', 'int'),
(12274, 'username', 'fera_ziya', 'string'),
(12275, 'fileId', '4976', 'int'),
(12275, 'fileRevision', '1', 'int'),
(12275, 'fileStage', '2', 'int'),
(12275, 'name', 'artikel 4 .docx', 'string'),
(12275, 'originalFileName', 'artikel 4 .docx', 'string'),
(12275, 'submissionId', '1281', 'int'),
(12275, 'username', 'fera_ziya', 'string'),
(12276, 'decision', 'Send to Review', 'string'),
(12276, 'editorName', 'fera yuli setiyaningsih', 'string'),
(12276, 'submissionId', '1281', 'string'),
(12277, 'reviewAssignmentId', '459', 'string'),
(12277, 'reviewerName', 'Rickiy Akbaril Okta Firdaus', 'string'),
(12277, 'round', '1', 'int'),
(12277, 'stageId', '3', 'int'),
(12277, 'submissionId', '1281', 'string'),
(12278, 'name', 'fera yuli setiyaningsih', 'string'),
(12278, 'userGroupName', 'Journal editor', 'string'),
(12278, 'username', 'fera_ziya', 'string'),
(12279, 'fileId', '4978', 'string'),
(12279, 'fileRevision', '1', 'int'),
(12279, 'fileStage', '2', 'int'),
(12279, 'originalFileName', 'artikel 5 .docx', 'string'),
(12279, 'revisedFileId', NULL, 'string'),
(12279, 'submissionId', '1288', 'int'),
(12279, 'username', 'fera_ziya', 'string'),
(12280, 'fileId', '4978', 'int'),
(12280, 'fileRevision', '1', 'int'),
(12280, 'fileStage', '2', 'int'),
(12280, 'name', 'artikel 5 .docx', 'string'),
(12280, 'originalFileName', 'artikel 5 .docx', 'string'),
(12280, 'submissionId', '1288', 'int'),
(12280, 'username', 'fera_ziya', 'string'),
(12281, 'decision', 'Send to Review', 'string'),
(12281, 'editorName', 'fera yuli setiyaningsih', 'string'),
(12281, 'submissionId', '1288', 'string'),
(12282, 'reviewAssignmentId', '460', 'string'),
(12282, 'reviewerName', 'Hindyah Suhariati', 'string'),
(12282, 'round', '1', 'int'),
(12282, 'stageId', '3', 'int'),
(12282, 'submissionId', '1288', 'string'),
(12283, 'name', 'fera yuli setiyaningsih', 'string'),
(12283, 'userGroupName', 'Journal editor', 'string'),
(12283, 'username', 'fera_ziya', 'string'),
(12284, 'fileId', '4980', 'string'),
(12284, 'fileRevision', '1', 'int'),
(12284, 'fileStage', '2', 'int'),
(12284, 'originalFileName', 'artikel 6 .docx', 'string'),
(12284, 'revisedFileId', NULL, 'string'),
(12284, 'submissionId', '1320', 'int'),
(12284, 'username', 'fera_ziya', 'string'),
(12285, 'fileId', '4980', 'int'),
(12285, 'fileRevision', '1', 'int'),
(12285, 'fileStage', '2', 'int'),
(12285, 'name', 'artikel 6 .docx', 'string'),
(12285, 'originalFileName', 'artikel 6 .docx', 'string'),
(12285, 'submissionId', '1320', 'int'),
(12285, 'username', 'fera_ziya', 'string'),
(12286, 'decision', 'Send to Review', 'string'),
(12286, 'editorName', 'fera yuli setiyaningsih', 'string'),
(12286, 'submissionId', '1320', 'string'),
(12287, 'reviewAssignmentId', '461', 'string'),
(12287, 'reviewerName', 'Hindyah Suhariati', 'string'),
(12287, 'round', '1', 'int'),
(12287, 'stageId', '3', 'int'),
(12287, 'submissionId', '1320', 'string'),
(12288, 'reviewAssignmentId', '457', 'string'),
(12288, 'reviewerName', 'Afif Hidayatul Arham', 'string'),
(12288, 'round', '1', 'string'),
(12288, 'submissionId', '1214', 'string'),
(12289, 'reviewAssignmentId', '456', 'string'),
(12289, 'reviewerName', 'Afif Hidayatul Arham', 'string'),
(12289, 'round', '1', 'string'),
(12289, 'submissionId', '1210', 'string'),
(12290, 'fileId', '4982', 'string'),
(12290, 'fileRevision', '1', 'int'),
(12290, 'fileStage', '5', 'int'),
(12290, 'originalFileName', '1210-Article Text-4971-1-4-20240417.docx', 'string'),
(12290, 'revisedFileId', NULL, 'string'),
(12290, 'submissionId', '1210', 'int'),
(12290, 'username', 'afif', 'string'),
(12291, 'fileId', '4982', 'int'),
(12291, 'fileRevision', '1', 'int'),
(12291, 'fileStage', '5', 'int'),
(12291, 'name', ', 1210-Article Text-4971-1-4-20240417.docx', 'string'),
(12291, 'originalFileName', '1210-Article Text-4971-1-4-20240417.docx', 'string'),
(12291, 'submissionId', '1210', 'int'),
(12291, 'username', 'afif', 'string'),
(12292, 'reviewAssignmentId', '458', 'string'),
(12292, 'reviewerName', 'Rickiy Akbaril Okta Firdaus', 'string'),
(12292, 'round', '1', 'string'),
(12292, 'submissionId', '1216', 'string'),
(12293, 'fileId', '4983', 'string'),
(12293, 'fileRevision', '1', 'int'),
(12293, 'fileStage', '5', 'int'),
(12293, 'originalFileName', '1216-Article Text-4975-1-4-20240417.docx', 'string'),
(12293, 'revisedFileId', NULL, 'string'),
(12293, 'submissionId', '1216', 'int'),
(12293, 'username', '17rickiy-nadira03', 'string'),
(12294, 'fileId', '4983', 'int'),
(12294, 'fileRevision', '1', 'int'),
(12294, 'fileStage', '5', 'int'),
(12294, 'name', ', 1216-Article Text-4975-1-4-20240417.docx', 'string'),
(12294, 'originalFileName', '1216-Article Text-4975-1-4-20240417.docx', 'string'),
(12294, 'submissionId', '1216', 'int'),
(12294, 'username', '17rickiy-nadira03', 'string'),
(12295, 'reviewAssignmentId', '459', 'string'),
(12295, 'reviewerName', 'Rickiy Akbaril Okta Firdaus', 'string'),
(12295, 'round', '1', 'string'),
(12295, 'submissionId', '1281', 'string'),
(12296, 'fileId', '4984', 'string'),
(12296, 'fileRevision', '1', 'int'),
(12296, 'fileStage', '5', 'int'),
(12296, 'originalFileName', '1281-Article Text-4977-1-4-20240417.docx', 'string'),
(12296, 'revisedFileId', NULL, 'string'),
(12296, 'submissionId', '1281', 'int'),
(12296, 'username', '17rickiy-nadira03', 'string'),
(12297, 'fileId', '4984', 'int'),
(12297, 'fileRevision', '1', 'int'),
(12297, 'fileStage', '5', 'int'),
(12297, 'name', ', 1281-Article Text-4977-1-4-20240417.docx', 'string'),
(12297, 'originalFileName', '1281-Article Text-4977-1-4-20240417.docx', 'string'),
(12297, 'submissionId', '1281', 'int'),
(12297, 'username', '17rickiy-nadira03', 'string'),
(12298, 'fileId', '4985', 'string'),
(12298, 'fileRevision', '1', 'int'),
(12298, 'fileStage', '2', 'int'),
(12298, 'originalFileName', 'Template Artikel Penelitian Genap 2023 2024.docx', 'string'),
(12298, 'revisedFileId', NULL, 'string'),
(12298, 'submissionId', '1354', 'int'),
(12298, 'username', 'maharani', 'string'),
(12299, 'fileId', '4985', 'int'),
(12299, 'fileRevision', '2', 'int'),
(12299, 'fileStage', '2', 'int'),
(12299, 'originalFileName', 'Template Artikel Penelitian Genap 2023 2024.docx', 'string'),
(12299, 'revisedFileId', '4985', 'int'),
(12299, 'submissionId', '1354', 'int'),
(12299, 'username', 'maharani', 'string'),
(12300, 'fileId', '4985', 'int'),
(12300, 'fileRevision', '2', 'int'),
(12300, 'fileStage', '2', 'int'),
(12300, 'name', 'maharani, Template Artikel Penelitian Genap 2023 2024.docx', 'string'),
(12300, 'originalFileName', 'Template Artikel Penelitian Genap 2023 2024.docx', 'string'),
(12300, 'submissionId', '1354', 'int'),
(12300, 'username', 'maharani', 'string'),
(12302, 'fileId', '4986', 'string'),
(12302, 'fileRevision', '1', 'int'),
(12302, 'fileStage', '2', 'int'),
(12302, 'originalFileName', 'baby massage jurnal keperawatan STIKES Insan Cendekia Medika Jombang.docx', 'string'),
(12302, 'revisedFileId', NULL, 'string'),
(12302, 'submissionId', '1355', 'int'),
(12302, 'username', 'henny2024', 'string'),
(12303, 'fileId', '4986', 'int'),
(12303, 'fileRevision', '1', 'int'),
(12303, 'fileStage', '2', 'int'),
(12303, 'name', 'henny2024, baby massage jurnal keperawatan STIKES Insan Cendekia Medika Jombang.docx', 'string'),
(12303, 'originalFileName', 'baby massage jurnal keperawatan STIKES Insan Cendekia Medika Jombang.docx', 'string'),
(12303, 'submissionId', '1355', 'int'),
(12303, 'username', 'henny2024', 'string'),
(12306, 'name', 'Arya any', 'string'),
(12306, 'userGroupName', 'Journal editor', 'string'),
(12306, 'username', 'any123', 'string'),
(12307, 'decision', 'Send to Review', 'string'),
(12307, 'editorName', 'Admin Jurnal Abdi Medika', 'string'),
(12307, 'submissionId', '1343', 'string'),
(12308, 'fileId', '4987', 'string'),
(12308, 'fileRevision', '1', 'int'),
(12308, 'fileStage', '4', 'int'),
(12308, 'originalFileName', 'ke reviewer Lusiana  M Artikel Effleurage Massage.docx', 'string'),
(12308, 'revisedFileId', NULL, 'string'),
(12308, 'submissionId', '1343', 'int'),
(12308, 'username', 'admin_jam', 'string'),
(12309, 'fileId', '4987', 'int'),
(12309, 'fileRevision', '1', 'int'),
(12309, 'fileStage', '4', 'int'),
(12309, 'name', 'Lusiana  M Artikel Effleurage Massage.docx', 'string'),
(12309, 'originalFileName', 'ke reviewer Lusiana  M Artikel Effleurage Massage.docx', 'string'),
(12309, 'submissionId', '1343', 'int'),
(12309, 'username', 'admin_jam', 'string'),
(12310, 'fileId', '4988', 'string'),
(12310, 'fileRevision', '1', 'int'),
(12310, 'fileStage', '2', 'int'),
(12310, 'originalFileName', '4. Trimo_tuti_29-34.pdf', 'string'),
(12310, 'revisedFileId', NULL, 'string'),
(12310, 'submissionId', '1270', 'int'),
(12310, 'username', 'nining', 'string'),
(12311, 'fileId', '4988', 'int'),
(12311, 'fileRevision', '1', 'int'),
(12311, 'fileStage', '2', 'int'),
(12311, 'originalFileName', '4. Trimo_tuti_29-34.pdf', 'string'),
(12311, 'sourceFileId', NULL, 'string'),
(12311, 'submissionId', '1270', 'int'),
(12311, 'username', 'nining', 'string'),
(12312, 'submissionId', '1270', 'int'),
(12312, 'title', '4. Trimo_tuti_29-34.pdf', 'string'),
(12312, 'username', 'nining', 'string'),
(12313, 'fileId', '4989', 'string'),
(12313, 'fileRevision', '1', 'int'),
(12313, 'fileStage', '2', 'int'),
(12313, 'originalFileName', '4. Trimo_tuti_29-34.docx', 'string'),
(12313, 'revisedFileId', NULL, 'string'),
(12313, 'submissionId', '1270', 'int'),
(12313, 'username', 'nining', 'string'),
(12314, 'fileId', '4989', 'int'),
(12314, 'fileRevision', '1', 'int'),
(12314, 'fileStage', '2', 'int'),
(12314, 'name', 'nining, 4. Trimo_tuti_29-34.docx', 'string'),
(12314, 'originalFileName', '4. Trimo_tuti_29-34.docx', 'string'),
(12314, 'submissionId', '1270', 'int'),
(12314, 'username', 'nining', 'string'),
(12315, 'decision', 'Send to Review', 'string'),
(12315, 'editorName', 'Nining Mustika Ningrum', 'string'),
(12315, 'submissionId', '1270', 'string'),
(12316, 'reviewAssignmentId', '462', 'string'),
(12316, 'reviewerName', 'Yayuk Eliyana', 'string'),
(12316, 'round', '1', 'int'),
(12316, 'stageId', '3', 'int'),
(12316, 'submissionId', '1343', 'string'),
(12317, 'fileId', '4991', 'string'),
(12317, 'fileRevision', '1', 'int'),
(12317, 'fileStage', '15', 'int'),
(12317, 'originalFileName', '4. Trimo_tuti_29-34.docx', 'string'),
(12317, 'revisedFileId', NULL, 'string'),
(12317, 'submissionId', '1270', 'int'),
(12317, 'username', 'nining', 'string'),
(12318, 'fileId', '4991', 'int'),
(12318, 'fileRevision', '1', 'int'),
(12318, 'fileStage', '15', 'int'),
(12318, 'name', 'Article Text, 4. Trimo_tuti_29-34.docx', 'string'),
(12318, 'originalFileName', '4. Trimo_tuti_29-34.docx', 'string'),
(12318, 'submissionId', '1270', 'int'),
(12318, 'username', 'nining', 'string'),
(12319, 'fileId', '4991', 'int'),
(12319, 'fileRevision', '1', 'int'),
(12319, 'fileStage', '15', 'int'),
(12319, 'originalFileName', '4. Trimo_tuti_29-34.docx', 'string'),
(12319, 'sourceFileId', NULL, 'string'),
(12319, 'submissionId', '1270', 'int'),
(12319, 'username', 'nining', 'string'),
(12320, 'submissionId', '1270', 'int'),
(12320, 'title', '4. Trimo_tuti_29-34.docx', 'string'),
(12320, 'username', 'nining', 'string'),
(12321, 'fileId', '4992', 'string'),
(12321, 'fileRevision', '1', 'int'),
(12321, 'fileStage', '15', 'int'),
(12321, 'originalFileName', '4. Trimo_tuti_29-34.pdf', 'string'),
(12321, 'revisedFileId', NULL, 'string'),
(12321, 'submissionId', '1270', 'int'),
(12321, 'username', 'nining', 'string'),
(12322, 'fileId', '4992', 'int'),
(12322, 'fileRevision', '1', 'int'),
(12322, 'fileStage', '15', 'int'),
(12322, 'name', 'Article Text, 4. Trimo_tuti_29-34.pdf', 'string'),
(12322, 'originalFileName', '4. Trimo_tuti_29-34.pdf', 'string'),
(12322, 'submissionId', '1270', 'int'),
(12322, 'username', 'nining', 'string'),
(12323, 'decision', 'Accept and Skip Review', 'string'),
(12323, 'editorName', 'Nining Mustika Ningrum', 'string'),
(12323, 'submissionId', '1270', 'string'),
(12324, 'fileId', '4929', 'int'),
(12324, 'fileRevision', '1', 'int'),
(12324, 'fileStage', '6', 'int'),
(12324, 'originalFileName', '4. Trimo_tuti_29-34.docx', 'string'),
(12324, 'sourceFileId', NULL, 'string'),
(12324, 'submissionId', '1270', 'int'),
(12324, 'username', 'nining', 'string'),
(12325, 'submissionId', '1270', 'int'),
(12325, 'title', '4. Trimo_tuti_29-34.docx', 'string'),
(12325, 'username', 'nining', 'string'),
(12326, 'decision', 'Send To Production', 'string'),
(12326, 'editorName', 'Nining Mustika Ningrum', 'string'),
(12326, 'submissionId', '1270', 'string'),
(12328, 'fileId', '4994', 'string'),
(12328, 'fileRevision', '1', 'int'),
(12328, 'fileStage', '2', 'int'),
(12328, 'originalFileName', '4. Trimo_tuti_29-34.docx', 'string'),
(12328, 'revisedFileId', NULL, 'string'),
(12328, 'submissionId', '1356', 'int'),
(12328, 'username', 'tfauzi', 'string'),
(12334, 'fileId', '4996', 'string'),
(12334, 'fileRevision', '1', 'int'),
(12334, 'fileStage', '15', 'int'),
(12334, 'originalFileName', '4. Trimo_tuti_29-34.pdf', 'string'),
(12334, 'revisedFileId', NULL, 'string'),
(12334, 'submissionId', '1356', 'int'),
(12334, 'username', 'nining', 'string'),
(12344, 'fileId', '4999', 'string'),
(12344, 'fileRevision', '1', 'int'),
(12344, 'fileStage', '2', 'int'),
(12344, 'originalFileName', 'HARNANIK  ARTIKEL HUBUNGAN PENGETAHUAN IBU TENTANG ASI EKSKLUSIF DENGAN PEMBERIAN MP.docx', 'string'),
(12344, 'revisedFileId', NULL, 'string'),
(12344, 'submissionId', '1357', 'int'),
(12344, 'username', 'harnanik01', 'string'),
(12345, 'fileId', '4999', 'int'),
(12345, 'fileRevision', '1', 'int'),
(12345, 'fileStage', '2', 'int'),
(12345, 'name', 'harnanik01, HARNANIK  ARTIKEL HUBUNGAN PENGETAHUAN IBU TENTANG ASI EKSKLUSIF DENGAN PEMBERIAN MP.docx', 'string'),
(12345, 'originalFileName', 'HARNANIK  ARTIKEL HUBUNGAN PENGETAHUAN IBU TENTANG ASI EKSKLUSIF DENGAN PEMBERIAN MP.docx', 'string'),
(12345, 'submissionId', '1357', 'int'),
(12345, 'username', 'harnanik01', 'string'),
(12347, 'fileId', '5000', 'string'),
(12347, 'fileRevision', '1', 'int'),
(12347, 'fileStage', '2', 'int'),
(12347, 'originalFileName', 'artikel 7.docx', 'string'),
(12347, 'revisedFileId', NULL, 'string'),
(12347, 'submissionId', '1354', 'int'),
(12347, 'username', 'fera_ziya', 'string'),
(12348, 'fileId', '5000', 'int'),
(12348, 'fileRevision', '1', 'int'),
(12348, 'fileStage', '2', 'int'),
(12348, 'name', 'artikel 7.docx', 'string'),
(12348, 'originalFileName', 'artikel 7.docx', 'string'),
(12348, 'submissionId', '1354', 'int'),
(12348, 'username', 'fera_ziya', 'string'),
(12349, 'decision', 'Send to Review', 'string'),
(12349, 'editorName', 'fera yuli setiyaningsih', 'string'),
(12349, 'submissionId', '1354', 'string'),
(12350, 'reviewAssignmentId', '464', 'string'),
(12350, 'reviewerName', 'Afif Hidayatul Arham', 'string'),
(12350, 'round', '1', 'int'),
(12350, 'stageId', '3', 'int'),
(12350, 'submissionId', '1354', 'string'),
(12351, 'name', 'fera yuli setiyaningsih', 'string'),
(12351, 'userGroupName', 'Journal editor', 'string'),
(12351, 'username', 'fera_ziya', 'string'),
(12352, 'reviewAssignmentId', '464', 'string'),
(12352, 'reviewerName', 'Afif Hidayatul Arham', 'string'),
(12352, 'round', '1', 'string'),
(12352, 'submissionId', '1354', 'string'),
(12353, 'fileId', '4986', 'int'),
(12353, 'fileRevision', '2', 'int'),
(12353, 'fileStage', '2', 'int'),
(12353, 'originalFileName', 'baby massage jurnal keperawatan STIKES Insan Cendekia Medika Jombang.docx', 'string'),
(12353, 'revisedFileId', '4986', 'int'),
(12353, 'submissionId', '1355', 'int'),
(12353, 'username', 'henny2024', 'string'),
(12354, 'fileId', '4986', 'int'),
(12354, 'fileRevision', '2', 'int'),
(12354, 'fileStage', '2', 'int'),
(12354, 'name', 'henny2024, baby massage jurnal keperawatan STIKES Insan Cendekia Medika Jombang.docx', 'string'),
(12354, 'originalFileName', 'baby massage jurnal keperawatan STIKES Insan Cendekia Medika Jombang.docx', 'string'),
(12354, 'submissionId', '1355', 'int'),
(12354, 'username', 'henny2024', 'string'),
(12355, 'fileId', '5002', 'string'),
(12355, 'fileRevision', '1', 'int'),
(12355, 'fileStage', '5', 'int'),
(12355, 'originalFileName', '1354-Article Text-5001-1-4-20240515.docx', 'string'),
(12355, 'revisedFileId', NULL, 'string'),
(12355, 'submissionId', '1354', 'int'),
(12355, 'username', 'afif', 'string'),
(12356, 'fileId', '5002', 'int'),
(12356, 'fileRevision', '1', 'int'),
(12356, 'fileStage', '5', 'int'),
(12356, 'name', ', 1354-Article Text-5001-1-4-20240515.docx', 'string'),
(12356, 'originalFileName', '1354-Article Text-5001-1-4-20240515.docx', 'string'),
(12356, 'submissionId', '1354', 'int'),
(12356, 'username', 'afif', 'string'),
(12357, 'fileId', '4986', 'int'),
(12357, 'fileRevision', '3', 'int'),
(12357, 'fileStage', '2', 'int'),
(12357, 'originalFileName', 'baby massage jurnal keperawatan STIKES Insan Cendekia Medika Jombang.docx', 'string'),
(12357, 'revisedFileId', '4986', 'int'),
(12357, 'submissionId', '1355', 'int'),
(12357, 'username', 'henny2024', 'string'),
(12358, 'fileId', '4986', 'int'),
(12358, 'fileRevision', '3', 'int'),
(12358, 'fileStage', '2', 'int'),
(12358, 'name', 'henny2024, baby massage jurnal keperawatan STIKES Insan Cendekia Medika Jombang.docx', 'string'),
(12358, 'originalFileName', 'baby massage jurnal keperawatan STIKES Insan Cendekia Medika Jombang.docx', 'string'),
(12358, 'submissionId', '1355', 'int'),
(12358, 'username', 'henny2024', 'string'),
(12360, 'fileId', '5003', 'string'),
(12360, 'fileRevision', '1', 'int'),
(12360, 'fileStage', '18', 'int'),
(12360, 'originalFileName', '1354-Article Text-5001-1-4-20240515.docx', 'string'),
(12360, 'revisedFileId', NULL, 'string'),
(12360, 'submissionId', '1354', 'int'),
(12360, 'username', 'fera_ziya', 'string'),
(12361, 'fileId', '5003', 'int'),
(12361, 'fileRevision', '1', 'int'),
(12361, 'fileStage', '18', 'int'),
(12361, 'name', '1354-Article Text-5001-1-4-20240515.docx', 'string'),
(12361, 'originalFileName', '1354-Article Text-5001-1-4-20240515.docx', 'string'),
(12361, 'submissionId', '1354', 'int'),
(12361, 'username', 'fera_ziya', 'string'),
(12362, 'name', 'fera yuli setiyaningsih', 'string'),
(12362, 'userGroupName', 'Journal editor', 'string'),
(12362, 'username', 'fera_ziya', 'string'),
(12363, 'fileId', '5004', 'string'),
(12363, 'fileRevision', '1', 'int'),
(12363, 'fileStage', '2', 'int'),
(12363, 'originalFileName', 'artikel 8.docx', 'string'),
(12363, 'revisedFileId', NULL, 'string'),
(12363, 'submissionId', '1357', 'int'),
(12363, 'username', 'fera_ziya', 'string'),
(12364, 'fileId', '5004', 'int'),
(12364, 'fileRevision', '1', 'int'),
(12364, 'fileStage', '2', 'int'),
(12364, 'name', 'artikel 8.docx', 'string'),
(12364, 'originalFileName', 'artikel 8.docx', 'string'),
(12364, 'submissionId', '1357', 'int'),
(12364, 'username', 'fera_ziya', 'string'),
(12365, 'decision', 'Send to Review', 'string'),
(12365, 'editorName', 'fera yuli setiyaningsih', 'string'),
(12365, 'submissionId', '1357', 'string'),
(12366, 'reviewAssignmentId', '465', 'string'),
(12366, 'reviewerName', 'Rickiy Akbaril Okta Firdaus', 'string'),
(12366, 'round', '1', 'int'),
(12366, 'stageId', '3', 'int'),
(12366, 'submissionId', '1357', 'string'),
(12367, 'reviewAssignmentId', '465', 'string'),
(12367, 'reviewerName', 'Rickiy Akbaril Okta Firdaus', 'string'),
(12367, 'round', '1', 'string'),
(12367, 'submissionId', '1357', 'string'),
(12368, 'fileId', '5006', 'string'),
(12368, 'fileRevision', '1', 'int'),
(12368, 'fileStage', '5', 'int'),
(12368, 'originalFileName', '1357-Article Text-5005-1-4-20240515.docx', 'string'),
(12368, 'revisedFileId', NULL, 'string'),
(12368, 'submissionId', '1357', 'int'),
(12368, 'username', '17rickiy-nadira03', 'string'),
(12369, 'fileId', '5006', 'int'),
(12369, 'fileRevision', '1', 'int'),
(12369, 'fileStage', '5', 'int'),
(12369, 'name', ', 1357-Article Text-5005-1-4-20240515.docx', 'string'),
(12369, 'originalFileName', '1357-Article Text-5005-1-4-20240515.docx', 'string'),
(12369, 'submissionId', '1357', 'int'),
(12369, 'username', '17rickiy-nadira03', 'string'),
(12370, 'fileId', '5007', 'string'),
(12370, 'fileRevision', '1', 'int'),
(12370, 'fileStage', '18', 'int'),
(12370, 'originalFileName', '1357-5006-1-5-20240515.docx', 'string'),
(12370, 'revisedFileId', NULL, 'string'),
(12370, 'submissionId', '1357', 'int'),
(12370, 'username', 'fera_ziya', 'string'),
(12371, 'fileId', '5007', 'int'),
(12371, 'fileRevision', '1', 'int'),
(12371, 'fileStage', '18', 'int'),
(12371, 'name', 'fera_ziya, 1357-5006-1-5-20240515.docx', 'string'),
(12371, 'originalFileName', '1357-5006-1-5-20240515.docx', 'string'),
(12371, 'submissionId', '1357', 'int'),
(12371, 'username', 'fera_ziya', 'string'),
(12372, 'name', 'fera yuli setiyaningsih', 'string'),
(12372, 'userGroupName', 'Journal editor', 'string'),
(12372, 'username', 'fera_ziya', 'string'),
(12373, 'fileId', '5008', 'string'),
(12373, 'fileRevision', '1', 'int'),
(12373, 'fileStage', '2', 'int'),
(12373, 'originalFileName', 'artikel 6.docx', 'string'),
(12373, 'revisedFileId', NULL, 'string'),
(12373, 'submissionId', '1355', 'int'),
(12373, 'username', 'fera_ziya', 'string'),
(12374, 'fileId', '5008', 'int'),
(12374, 'fileRevision', '1', 'int'),
(12374, 'fileStage', '2', 'int'),
(12374, 'name', 'fera_ziya, artikel 6.docx', 'string'),
(12374, 'originalFileName', 'artikel 6.docx', 'string'),
(12374, 'submissionId', '1355', 'int'),
(12374, 'username', 'fera_ziya', 'string'),
(12375, 'decision', 'Send to Review', 'string'),
(12375, 'editorName', 'fera yuli setiyaningsih', 'string'),
(12375, 'submissionId', '1355', 'string'),
(12376, 'reviewAssignmentId', '466', 'string'),
(12376, 'reviewerName', 'nining Mustika Ningrum', 'string'),
(12376, 'round', '1', 'int'),
(12376, 'stageId', '3', 'int'),
(12376, 'submissionId', '1355', 'string'),
(12377, 'name', 'fera yuli setiyaningsih', 'string'),
(12377, 'userGroupName', 'Journal editor', 'string'),
(12377, 'username', 'fera_ziya', 'string'),
(12378, 'fileId', '5010', 'string'),
(12378, 'fileRevision', '1', 'int'),
(12378, 'fileStage', '2', 'int'),
(12378, 'originalFileName', 'artikel 9.docx', 'string'),
(12378, 'revisedFileId', NULL, 'string'),
(12378, 'submissionId', '1333', 'int'),
(12378, 'username', 'fera_ziya', 'string'),
(12379, 'fileId', '5010', 'int'),
(12379, 'fileRevision', '1', 'int'),
(12379, 'fileStage', '2', 'int'),
(12379, 'name', 'fera_ziya, artikel 9.docx', 'string'),
(12379, 'originalFileName', 'artikel 9.docx', 'string'),
(12379, 'submissionId', '1333', 'int'),
(12379, 'username', 'fera_ziya', 'string'),
(12380, 'decision', 'Send to Review', 'string'),
(12380, 'editorName', 'fera yuli setiyaningsih', 'string'),
(12380, 'submissionId', '1333', 'string'),
(12381, 'reviewAssignmentId', '467', 'string'),
(12381, 'reviewerName', 'Hindyah Suhariati', 'string'),
(12381, 'round', '1', 'int'),
(12381, 'stageId', '3', 'int'),
(12381, 'submissionId', '1333', 'string'),
(12382, 'fileId', '5012', 'string'),
(12382, 'fileRevision', '1', 'int'),
(12382, 'fileStage', '2', 'int'),
(12382, 'originalFileName', 'MANFAAT PRENATAL MASSAGE DAN FACIAL AROMA TERAPI UNTUK MEREDAKAN STRESS PADA IBU HAMIL DI DESA MAYANGAN PUSKESMAS MAYANGAN.docx', 'string'),
(12382, 'revisedFileId', NULL, 'string'),
(12382, 'submissionId', '1358', 'int'),
(12382, 'username', 'hnawangsari', 'string'),
(12383, 'fileId', '5013', 'string'),
(12383, 'fileRevision', '1', 'int'),
(12383, 'fileStage', '18', 'int'),
(12383, 'originalFileName', 'artikel 3.docx', 'string'),
(12383, 'revisedFileId', NULL, 'string'),
(12383, 'submissionId', '1281', 'int'),
(12383, 'username', 'fera_ziya', 'string'),
(12384, 'fileId', '5012', 'int'),
(12384, 'fileRevision', '1', 'int'),
(12384, 'fileStage', '2', 'int'),
(12384, 'name', 'MANFAAT PRENATAL MASSAGE DAN FACIAL AROMA TERAPI UNTUK MEREDAKAN STRESS PADA IBU HAMIL DI DESA MAYANGAN PUSKESMAS MAYANGAN.docx', 'string'),
(12384, 'originalFileName', 'MANFAAT PRENATAL MASSAGE DAN FACIAL AROMA TERAPI UNTUK MEREDAKAN STRESS PADA IBU HAMIL DI DESA MAYANGAN PUSKESMAS MAYANGAN.docx', 'string'),
(12384, 'submissionId', '1358', 'int'),
(12384, 'username', 'hnawangsari', 'string'),
(12385, 'fileId', '5013', 'int'),
(12385, 'fileRevision', '1', 'int'),
(12385, 'fileStage', '18', 'int'),
(12385, 'name', 'fera_ziya, artikel 3.docx', 'string'),
(12385, 'originalFileName', 'artikel 3.docx', 'string'),
(12385, 'submissionId', '1281', 'int'),
(12385, 'username', 'fera_ziya', 'string'),
(12387, 'reviewAssignmentId', '467', 'string'),
(12387, 'reviewerName', 'Hindyah Suhariati', 'string'),
(12387, 'round', '1', 'string'),
(12387, 'submissionId', '1333', 'string'),
(12388, 'fileId', '5014', 'string'),
(12388, 'fileRevision', '1', 'int'),
(12388, 'fileStage', '5', 'int'),
(12388, 'originalFileName', '1333-Article Text-5011-1-4-20240515.docx', 'string'),
(12388, 'revisedFileId', NULL, 'string'),
(12388, 'submissionId', '1333', 'int'),
(12388, 'username', 'hindyah2299', 'string'),
(12389, 'fileId', '5014', 'int'),
(12389, 'fileRevision', '1', 'int'),
(12389, 'fileStage', '5', 'int'),
(12389, 'name', ', 1333-Article Text-5011-1-4-20240515.docx', 'string'),
(12389, 'originalFileName', '1333-Article Text-5011-1-4-20240515.docx', 'string'),
(12389, 'submissionId', '1333', 'int'),
(12389, 'username', 'hindyah2299', 'string'),
(12390, 'reviewAssignmentId', '460', 'string'),
(12390, 'reviewerName', 'Hindyah Suhariati', 'string'),
(12390, 'round', '1', 'string'),
(12390, 'submissionId', '1288', 'string'),
(12391, 'fileId', '5015', 'string'),
(12391, 'fileRevision', '1', 'int'),
(12391, 'fileStage', '5', 'int'),
(12391, 'originalFileName', '1288-Article Text-4979-1-4-20240417.docx', 'string'),
(12391, 'revisedFileId', NULL, 'string'),
(12391, 'submissionId', '1288', 'int'),
(12391, 'username', 'hindyah2299', 'string'),
(12392, 'fileId', '5015', 'int'),
(12392, 'fileRevision', '1', 'int'),
(12392, 'fileStage', '5', 'int'),
(12392, 'name', ', 1288-Article Text-4979-1-4-20240417.docx', 'string'),
(12392, 'originalFileName', '1288-Article Text-4979-1-4-20240417.docx', 'string'),
(12392, 'submissionId', '1288', 'int'),
(12392, 'username', 'hindyah2299', 'string'),
(12393, 'reviewAssignmentId', '461', 'string'),
(12393, 'reviewerName', 'Hindyah Suhariati', 'string'),
(12393, 'round', '1', 'string'),
(12393, 'submissionId', '1320', 'string'),
(12394, 'fileId', '5016', 'string'),
(12394, 'fileRevision', '1', 'int'),
(12394, 'fileStage', '5', 'int'),
(12394, 'originalFileName', '1288-Article Text-4979-1-4-20240417.docx', 'string'),
(12394, 'revisedFileId', NULL, 'string'),
(12394, 'submissionId', '1320', 'int'),
(12394, 'username', 'hindyah2299', 'string'),
(12395, 'fileId', '5016', 'int'),
(12395, 'fileRevision', '1', 'int'),
(12395, 'fileStage', '5', 'int'),
(12395, 'name', ', 1288-Article Text-4979-1-4-20240417.docx', 'string'),
(12395, 'originalFileName', '1288-Article Text-4979-1-4-20240417.docx', 'string'),
(12395, 'submissionId', '1320', 'int'),
(12395, 'username', 'hindyah2299', 'string'),
(12396, 'fileId', '5017', 'string'),
(12396, 'fileRevision', '1', 'int'),
(12396, 'fileStage', '5', 'int'),
(12396, 'originalFileName', '1320-Article Text-4981-1-4-20240417.docx', 'string'),
(12396, 'revisedFileId', NULL, 'string'),
(12396, 'submissionId', '1320', 'int'),
(12396, 'username', 'hindyah2299', 'string'),
(12397, 'fileId', '5017', 'int'),
(12397, 'fileRevision', '1', 'int'),
(12397, 'fileStage', '5', 'int'),
(12397, 'name', ', 1320-Article Text-4981-1-4-20240417.docx', 'string'),
(12397, 'originalFileName', '1320-Article Text-4981-1-4-20240417.docx', 'string'),
(12397, 'submissionId', '1320', 'int'),
(12397, 'username', 'hindyah2299', 'string'),
(12398, 'reviewAssignmentId', '462', 'string'),
(12398, 'reviewerName', 'Yayuk Eliyana', 'string'),
(12398, 'round', '1', 'string'),
(12398, 'submissionId', '1343', 'string'),
(12399, 'fileId', '5018', 'string'),
(12399, 'fileRevision', '1', 'int'),
(12399, 'fileStage', '5', 'int'),
(12399, 'originalFileName', 'dari reviewer Lusiana  M Artikel Effleurage Massage.docx', 'string'),
(12399, 'revisedFileId', NULL, 'string'),
(12399, 'submissionId', '1343', 'int'),
(12399, 'username', 'yayuk21', 'string'),
(12400, 'fileId', '5018', 'int'),
(12400, 'fileRevision', '1', 'int'),
(12400, 'fileStage', '5', 'int'),
(12400, 'name', 'Lusiana  M Artikel Effleurage Massage.docx', 'string'),
(12400, 'originalFileName', 'dari reviewer Lusiana  M Artikel Effleurage Massage.docx', 'string'),
(12400, 'submissionId', '1343', 'int'),
(12400, 'username', 'yayuk21', 'string'),
(12402, 'name', 'Arya any', 'string'),
(12402, 'userGroupName', 'Journal editor', 'string'),
(12402, 'username', 'any123', 'string'),
(12403, 'decision', 'Send to Review', 'string'),
(12403, 'editorName', 'Arya any', 'string'),
(12403, 'submissionId', '1358', 'string'),
(12404, 'fileId', '5019', 'string'),
(12404, 'fileRevision', '1', 'int'),
(12404, 'fileStage', '4', 'int'),
(12404, 'originalFileName', 'ke reviewer MANFAAT PRENATAL MASSAGE DAN FACIAL AROMA TERAPI UNTUK MEREDAKAN STRESS PADA IBU HAMIL DI DESA MAYANGAN PUSKES.docx', 'string'),
(12404, 'revisedFileId', NULL, 'string'),
(12404, 'submissionId', '1358', 'int'),
(12404, 'username', 'any123', 'string'),
(12405, 'fileId', '5019', 'int'),
(12405, 'fileRevision', '1', 'int'),
(12405, 'fileStage', '4', 'int'),
(12405, 'name', 'ke reviewer MANFAAT PRENATAL MASSAGE DAN FACIAL AROMA TERAPI UNTUK MEREDAKAN STRESS PADA IBU HAMIL DI DESA MAYANGAN PUSKES.docx', 'string'),
(12405, 'originalFileName', 'ke reviewer MANFAAT PRENATAL MASSAGE DAN FACIAL AROMA TERAPI UNTUK MEREDAKAN STRESS PADA IBU HAMIL DI DESA MAYANGAN PUSKES.docx', 'string'),
(12405, 'submissionId', '1358', 'int'),
(12405, 'username', 'any123', 'string'),
(12406, 'reviewAssignmentId', '468', 'string'),
(12406, 'reviewerName', 'Henny Sulistyawati', 'string'),
(12406, 'round', '1', 'int'),
(12406, 'stageId', '3', 'int'),
(12406, 'submissionId', '1358', 'string'),
(12407, 'fileId', '5020', 'string'),
(12407, 'fileRevision', '1', 'int'),
(12407, 'fileStage', '15', 'int'),
(12407, 'originalFileName', 'dari reviewer Lusiana  M Artikel Effleurage Massage.docx', 'string'),
(12407, 'revisedFileId', NULL, 'string'),
(12407, 'submissionId', '1343', 'int'),
(12407, 'username', 'any123', 'string'),
(12408, 'fileId', '5020', 'int'),
(12408, 'fileRevision', '1', 'int'),
(12408, 'fileStage', '15', 'int'),
(12408, 'name', 'dari reviewer Lusiana  M Artikel Effleurage Massage.docx', 'string'),
(12408, 'originalFileName', 'dari reviewer Lusiana  M Artikel Effleurage Massage.docx', 'string'),
(12408, 'submissionId', '1343', 'int'),
(12408, 'username', 'any123', 'string'),
(12409, 'fileId', '5021', 'string'),
(12409, 'fileRevision', '1', 'int'),
(12409, 'fileStage', '15', 'int'),
(12409, 'originalFileName', 'dari editor Lusiana  M Artikel Effleurage Massage - Copy.docx', 'string'),
(12409, 'revisedFileId', NULL, 'string'),
(12409, 'submissionId', '1343', 'int'),
(12409, 'username', 'any123', 'string'),
(12410, 'fileId', '5021', 'int'),
(12410, 'fileRevision', '1', 'int'),
(12410, 'fileStage', '15', 'int'),
(12410, 'originalFileName', 'dari editor Lusiana  M Artikel Effleurage Massage - Copy.docx', 'string'),
(12410, 'sourceFileId', NULL, 'string'),
(12410, 'submissionId', '1343', 'int'),
(12410, 'username', 'any123', 'string'),
(12411, 'submissionId', '1343', 'int'),
(12411, 'title', 'dari editor Lusiana  M Artikel Effleurage Massage - Copy.docx', 'string'),
(12411, 'username', 'any123', 'string'),
(12412, 'fileId', '5022', 'string'),
(12412, 'fileRevision', '1', 'int'),
(12412, 'fileStage', '18', 'int'),
(12412, 'originalFileName', 'dari reviewer Lusiana  M Artikel Effleurage Massage.docx', 'string'),
(12412, 'revisedFileId', NULL, 'string'),
(12412, 'submissionId', '1343', 'int'),
(12412, 'username', 'any123', 'string'),
(12413, 'fileId', '5022', 'int'),
(12413, 'fileRevision', '1', 'int'),
(12413, 'fileStage', '18', 'int'),
(12413, 'name', 'dari reviewer Lusiana  M Artikel Effleurage Massage.docx', 'string'),
(12413, 'originalFileName', 'dari reviewer Lusiana  M Artikel Effleurage Massage.docx', 'string'),
(12413, 'submissionId', '1343', 'int'),
(12413, 'username', 'any123', 'string'),
(12414, 'fileId', '5023', 'string'),
(12414, 'fileRevision', '1', 'int'),
(12414, 'fileStage', '18', 'int'),
(12414, 'originalFileName', 'dari editor Lusiana  M Artikel Effleurage Massage - Copy.docx', 'string'),
(12414, 'revisedFileId', NULL, 'string'),
(12414, 'submissionId', '1343', 'int'),
(12414, 'username', 'any123', 'string'),
(12415, 'fileId', '5023', 'int'),
(12415, 'fileRevision', '1', 'int'),
(12415, 'fileStage', '18', 'int'),
(12415, 'name', 'dari editor Lusiana  M Artikel Effleurage Massage - Copy.docx', 'string'),
(12415, 'originalFileName', 'dari editor Lusiana  M Artikel Effleurage Massage - Copy.docx', 'string'),
(12415, 'submissionId', '1343', 'int'),
(12415, 'username', 'any123', 'string'),
(12416, 'fileId', '5024', 'string'),
(12416, 'fileRevision', '1', 'int'),
(12416, 'fileStage', '18', 'int'),
(12416, 'originalFileName', '1288-5015-1-5-20240516.docx', 'string'),
(12416, 'revisedFileId', NULL, 'string'),
(12416, 'submissionId', '1288', 'int'),
(12416, 'username', 'fera_ziya', 'string'),
(12417, 'fileId', '5024', 'int'),
(12417, 'fileRevision', '1', 'int'),
(12417, 'fileStage', '18', 'int'),
(12417, 'name', 'fera_ziya, 1288-5015-1-5-20240516.docx', 'string'),
(12417, 'originalFileName', '1288-5015-1-5-20240516.docx', 'string'),
(12417, 'submissionId', '1288', 'int'),
(12417, 'username', 'fera_ziya', 'string'),
(12418, 'fileId', '5025', 'string'),
(12418, 'fileRevision', '1', 'int'),
(12418, 'fileStage', '18', 'int'),
(12418, 'originalFileName', '1320-5017-1-5-20240516.docx', 'string'),
(12418, 'revisedFileId', NULL, 'string'),
(12418, 'submissionId', '1320', 'int'),
(12418, 'username', 'fera_ziya', 'string'),
(12419, 'fileId', '5025', 'int'),
(12419, 'fileRevision', '1', 'int'),
(12419, 'fileStage', '18', 'int'),
(12419, 'name', 'fera_ziya, 1320-5017-1-5-20240516.docx', 'string'),
(12419, 'originalFileName', '1320-5017-1-5-20240516.docx', 'string'),
(12419, 'submissionId', '1320', 'int'),
(12419, 'username', 'fera_ziya', 'string'),
(12420, 'fileId', '5026', 'string'),
(12420, 'fileRevision', '1', 'int'),
(12420, 'fileStage', '18', 'int'),
(12420, 'originalFileName', '1333-5014-1-5-20240516.docx', 'string'),
(12420, 'revisedFileId', NULL, 'string'),
(12420, 'submissionId', '1333', 'int'),
(12420, 'username', 'fera_ziya', 'string'),
(12421, 'fileId', '5026', 'int'),
(12421, 'fileRevision', '1', 'int'),
(12421, 'fileStage', '18', 'int'),
(12421, 'name', 'fera_ziya, 1333-5014-1-5-20240516.docx', 'string'),
(12421, 'originalFileName', '1333-5014-1-5-20240516.docx', 'string'),
(12421, 'submissionId', '1333', 'int'),
(12421, 'username', 'fera_ziya', 'string'),
(12422, 'reviewAssignmentId', '466', 'string'),
(12422, 'reviewerName', 'nining Mustika Ningrum', 'string'),
(12422, 'round', '1', 'string'),
(12422, 'submissionId', '1355', 'string'),
(12423, 'fileId', '5027', 'string'),
(12423, 'fileRevision', '1', 'int'),
(12423, 'fileStage', '18', 'int'),
(12423, 'originalFileName', '1354-Article Text-5003-1-18-20240515.docx', 'string'),
(12423, 'revisedFileId', NULL, 'string'),
(12423, 'submissionId', '1354', 'int'),
(12423, 'username', 'maharani', 'string'),
(12424, 'fileId', '5027', 'int'),
(12424, 'fileRevision', '1', 'int'),
(12424, 'fileStage', '18', 'int'),
(12424, 'name', 'maharani, 1354-Article Text-5003-1-18-20240515.docx', 'string'),
(12424, 'originalFileName', '1354-Article Text-5003-1-18-20240515.docx', 'string'),
(12424, 'submissionId', '1354', 'int'),
(12424, 'username', 'maharani', 'string'),
(12425, 'fileId', '5028', 'string'),
(12425, 'fileRevision', '1', 'int'),
(12425, 'fileStage', '5', 'int'),
(12425, 'originalFileName', '1355-Article Text-5009-1-4-20240515.docx', 'string'),
(12425, 'revisedFileId', NULL, 'string'),
(12425, 'submissionId', '1355', 'int'),
(12425, 'username', 'nining2022', 'string'),
(12426, 'fileId', '5028', 'int'),
(12426, 'fileRevision', '1', 'int'),
(12426, 'fileStage', '5', 'int'),
(12426, 'name', ', 1355-Article Text-5009-1-4-20240515.docx', 'string'),
(12426, 'originalFileName', '1355-Article Text-5009-1-4-20240515.docx', 'string'),
(12426, 'submissionId', '1355', 'int'),
(12426, 'username', 'nining2022', 'string'),
(12427, 'fileId', '5029', 'string'),
(12427, 'fileRevision', '1', 'int'),
(12427, 'fileStage', '18', 'int'),
(12427, 'originalFileName', 'artikel revisi.docx', 'string'),
(12427, 'revisedFileId', NULL, 'string'),
(12427, 'submissionId', '1357', 'int'),
(12427, 'username', 'harnanik01', 'string'),
(12428, 'fileId', '5029', 'int'),
(12428, 'fileRevision', '1', 'int'),
(12428, 'fileStage', '18', 'int'),
(12428, 'name', 'harnanik01, artikel revisi.docx', 'string'),
(12428, 'originalFileName', 'artikel revisi.docx', 'string'),
(12428, 'submissionId', '1357', 'int'),
(12428, 'username', 'harnanik01', 'string'),
(12429, 'fileId', '5030', 'string'),
(12429, 'fileRevision', '1', 'int'),
(12429, 'fileStage', '18', 'int'),
(12429, 'originalFileName', '1355-5028-1-5-20240516.docx', 'string'),
(12429, 'revisedFileId', NULL, 'string'),
(12429, 'submissionId', '1355', 'int'),
(12429, 'username', 'fera_ziya', 'string'),
(12430, 'fileId', '5030', 'int'),
(12430, 'fileRevision', '1', 'int'),
(12430, 'fileStage', '18', 'int'),
(12430, 'name', 'fera_ziya, 1355-5028-1-5-20240516.docx', 'string'),
(12430, 'originalFileName', '1355-5028-1-5-20240516.docx', 'string'),
(12430, 'submissionId', '1355', 'int'),
(12430, 'username', 'fera_ziya', 'string'),
(12431, 'fileId', '5031', 'string'),
(12431, 'fileRevision', '1', 'int'),
(12431, 'fileStage', '18', 'int'),
(12431, 'originalFileName', 'revisi 1355-Article Text-5030-1-18-20240516.docx', 'string'),
(12431, 'revisedFileId', NULL, 'string'),
(12431, 'submissionId', '1355', 'int'),
(12431, 'username', 'henny2024', 'string'),
(12432, 'fileId', '5031', 'int'),
(12432, 'fileRevision', '1', 'int'),
(12432, 'fileStage', '18', 'int'),
(12432, 'name', 'henny2024, revisi 1355-Article Text-5030-1-18-20240516.docx', 'string'),
(12432, 'originalFileName', 'revisi 1355-Article Text-5030-1-18-20240516.docx', 'string'),
(12432, 'submissionId', '1355', 'int'),
(12432, 'username', 'henny2024', 'string'),
(12433, 'fileId', '5032', 'string'),
(12433, 'fileRevision', '1', 'int'),
(12433, 'fileStage', '15', 'int'),
(12433, 'originalFileName', 'artikel 1.docx', 'string'),
(12433, 'revisedFileId', NULL, 'string'),
(12433, 'submissionId', '1210', 'int'),
(12433, 'username', 'fera_ziya', 'string'),
(12434, 'fileId', '5033', 'string'),
(12434, 'fileRevision', '1', 'int'),
(12434, 'fileStage', '15', 'int'),
(12434, 'originalFileName', 'artikel 1.docx', 'string'),
(12434, 'revisedFileId', NULL, 'string'),
(12434, 'submissionId', '1210', 'int'),
(12434, 'username', 'fera_ziya', 'string'),
(12435, 'fileId', '5032', 'int'),
(12435, 'fileRevision', '2', 'int'),
(12435, 'fileStage', '15', 'int'),
(12435, 'name', 'Article Text, artikel 1.docx', 'string'),
(12435, 'originalFileName', 'artikel 1.docx', 'string'),
(12435, 'submissionId', '1210', 'int'),
(12435, 'username', 'fera_ziya', 'string'),
(12436, 'decision', 'Accept and Skip Review', 'string'),
(12436, 'editorName', 'fera yuli setiyaningsih', 'string'),
(12436, 'submissionId', '1210', 'string'),
(12437, 'decision', 'Send To Production', 'string'),
(12437, 'editorName', 'fera yuli setiyaningsih', 'string'),
(12437, 'submissionId', '1210', 'string'),
(12438, 'fileId', '5037', 'string'),
(12438, 'fileRevision', '1', 'int'),
(12438, 'fileStage', '18', 'int'),
(12438, 'originalFileName', 'sdh revisi Lusiana  M Artikel Effleurage Massage.docx', 'string'),
(12438, 'revisedFileId', NULL, 'string'),
(12438, 'submissionId', '1343', 'int'),
(12438, 'username', 'lmeinawati', 'string'),
(12439, 'fileId', '5038', 'string'),
(12439, 'fileRevision', '1', 'int'),
(12439, 'fileStage', '18', 'int'),
(12439, 'originalFileName', 'sdh revisi Lusiana  M Artikel Effleurage Massage.docx', 'string'),
(12439, 'revisedFileId', NULL, 'string'),
(12439, 'submissionId', '1343', 'int'),
(12439, 'username', 'lmeinawati', 'string'),
(12440, 'fileId', '5038', 'int'),
(12440, 'fileRevision', '1', 'int'),
(12440, 'fileStage', '18', 'int'),
(12440, 'name', 'sdh revisi Lusiana  M Artikel Effleurage Massage.docx', 'string'),
(12440, 'originalFileName', 'sdh revisi Lusiana  M Artikel Effleurage Massage.docx', 'string'),
(12440, 'submissionId', '1343', 'int'),
(12440, 'username', 'lmeinawati', 'string'),
(12441, 'fileId', '5037', 'int'),
(12441, 'fileRevision', '1', 'int'),
(12441, 'fileStage', '18', 'int'),
(12441, 'originalFileName', 'sdh revisi Lusiana  M Artikel Effleurage Massage.docx', 'string'),
(12441, 'sourceFileId', NULL, 'string'),
(12441, 'submissionId', '1343', 'int'),
(12441, 'username', 'lmeinawati', 'string'),
(12442, 'submissionId', '1343', 'int'),
(12442, 'title', 'sdh revisi Lusiana  M Artikel Effleurage Massage.docx', 'string'),
(12442, 'username', 'lmeinawati', 'string'),
(12443, 'reviewAssignmentId', '468', 'string'),
(12443, 'reviewerName', 'Henny Sulistyawati', 'string'),
(12443, 'round', '1', 'string'),
(12443, 'submissionId', '1358', 'string'),
(12444, 'fileId', '5039', 'string'),
(12444, 'fileRevision', '1', 'int'),
(12444, 'fileStage', '5', 'int'),
(12444, 'originalFileName', 'dari reviewer MANFAAT PRENATAL MASSAGE DAN FACIAL AROMA TERAPI UNTUK MEREDAKAN STRESS PADA IBU HAMIL DI DESA MAYANGAN PUSK.docx', 'string'),
(12444, 'revisedFileId', NULL, 'string'),
(12444, 'submissionId', '1358', 'int'),
(12444, 'username', 'henny1787', 'string'),
(12445, 'fileId', '5039', 'int'),
(12445, 'fileRevision', '1', 'int'),
(12445, 'fileStage', '5', 'int'),
(12445, 'name', 'dari reviewer MANFAAT PRENATAL MASSAGE DAN FACIAL AROMA TERAPI UNTUK MEREDAKAN STRESS PADA IBU HAMIL DI DESA MAYANGAN PUSK.docx', 'string'),
(12445, 'originalFileName', 'dari reviewer MANFAAT PRENATAL MASSAGE DAN FACIAL AROMA TERAPI UNTUK MEREDAKAN STRESS PADA IBU HAMIL DI DESA MAYANGAN PUSK.docx', 'string'),
(12445, 'submissionId', '1358', 'int'),
(12445, 'username', 'henny1787', 'string'),
(12446, 'fileId', '5040', 'string'),
(12446, 'fileRevision', '1', 'int'),
(12446, 'fileStage', '15', 'int'),
(12446, 'originalFileName', 'dari reviewer MANFAAT PRENATAL MASSAGE DAN FACIAL AROMA TERAPI UNTUK MEREDAKAN STRESS PADA IBU HAMIL DI DESA MAYANGAN PUSK.docx', 'string'),
(12446, 'revisedFileId', NULL, 'string'),
(12446, 'submissionId', '1358', 'int'),
(12446, 'username', 'any123', 'string'),
(12447, 'fileId', '5041', 'string'),
(12447, 'fileRevision', '1', 'int'),
(12447, 'fileStage', '15', 'int'),
(12447, 'originalFileName', 'dari editor MANFAAT PRENATAL MASSAGE DAN FACIAL AROMA TERAPI UNTUK MEREDAKAN STRESS PADA IBU HAMIL DI DESA MAYANGAN PUSKES.docx', 'string'),
(12447, 'revisedFileId', NULL, 'string'),
(12447, 'submissionId', '1358', 'int'),
(12447, 'username', 'any123', 'string'),
(12448, 'fileId', '5041', 'int'),
(12448, 'fileRevision', '1', 'int'),
(12448, 'fileStage', '15', 'int'),
(12448, 'originalFileName', 'dari editor MANFAAT PRENATAL MASSAGE DAN FACIAL AROMA TERAPI UNTUK MEREDAKAN STRESS PADA IBU HAMIL DI DESA MAYANGAN PUSKES.docx', 'string'),
(12448, 'sourceFileId', NULL, 'string'),
(12448, 'submissionId', '1358', 'int'),
(12448, 'username', 'any123', 'string'),
(12449, 'submissionId', '1358', 'int'),
(12449, 'title', 'dari editor MANFAAT PRENATAL MASSAGE DAN FACIAL AROMA TERAPI UNTUK MEREDAKAN STRESS PADA IBU HAMIL DI DESA MAYANGAN PUSKES.docx', 'string'),
(12449, 'username', 'any123', 'string'),
(12450, 'fileId', '5042', 'string'),
(12450, 'fileRevision', '1', 'int'),
(12450, 'fileStage', '15', 'int'),
(12450, 'originalFileName', 'dari editor MANFAAT PRENATAL MASSAGE DAN FACIAL AROMA TERAPI UNTUK MEREDAKAN STRESS PADA IBU HAMIL DI DESA MAYANGAN PUSKES.docx', 'string'),
(12450, 'revisedFileId', NULL, 'string'),
(12450, 'submissionId', '1358', 'int'),
(12450, 'username', 'any123', 'string'),
(12451, 'fileId', '5042', 'int'),
(12451, 'fileRevision', '1', 'int'),
(12451, 'fileStage', '15', 'int'),
(12451, 'originalFileName', 'dari editor MANFAAT PRENATAL MASSAGE DAN FACIAL AROMA TERAPI UNTUK MEREDAKAN STRESS PADA IBU HAMIL DI DESA MAYANGAN PUSKES.docx', 'string'),
(12451, 'sourceFileId', NULL, 'string'),
(12451, 'submissionId', '1358', 'int'),
(12451, 'username', 'any123', 'string'),
(12452, 'submissionId', '1358', 'int'),
(12452, 'title', 'dari editor MANFAAT PRENATAL MASSAGE DAN FACIAL AROMA TERAPI UNTUK MEREDAKAN STRESS PADA IBU HAMIL DI DESA MAYANGAN PUSKES.docx', 'string'),
(12452, 'username', 'any123', 'string'),
(12453, 'fileId', '5043', 'string'),
(12453, 'fileRevision', '1', 'int'),
(12453, 'fileStage', '15', 'int'),
(12453, 'originalFileName', 'dari editor MANFAAT PRENATAL MASSAGE DAN FACIAL AROMA TERAPI UNTUK MEREDAKAN STRESS PADA IBU HAMIL DI DESA MAYANGAN PUSKES.docx', 'string'),
(12453, 'revisedFileId', NULL, 'string'),
(12453, 'submissionId', '1358', 'int'),
(12453, 'username', 'any123', 'string'),
(12454, 'fileId', '5043', 'int'),
(12454, 'fileRevision', '1', 'int'),
(12454, 'fileStage', '15', 'int'),
(12454, 'originalFileName', 'dari editor MANFAAT PRENATAL MASSAGE DAN FACIAL AROMA TERAPI UNTUK MEREDAKAN STRESS PADA IBU HAMIL DI DESA MAYANGAN PUSKES.docx', 'string'),
(12454, 'sourceFileId', NULL, 'string'),
(12454, 'submissionId', '1358', 'int'),
(12454, 'username', 'any123', 'string'),
(12455, 'submissionId', '1358', 'int'),
(12455, 'title', 'dari editor MANFAAT PRENATAL MASSAGE DAN FACIAL AROMA TERAPI UNTUK MEREDAKAN STRESS PADA IBU HAMIL DI DESA MAYANGAN PUSKES.docx', 'string'),
(12455, 'username', 'any123', 'string'),
(12456, 'fileId', '5044', 'string'),
(12456, 'fileRevision', '1', 'int'),
(12456, 'fileStage', '18', 'int'),
(12456, 'originalFileName', 'dari editor MANFAAT PRENATAL MASSAGE DAN FACIAL AROMA TERAPI UNTUK MEREDAKAN STRESS PADA IBU HAMIL DI DESA MAYANGAN PUSKES.docx', 'string'),
(12456, 'revisedFileId', NULL, 'string'),
(12456, 'submissionId', '1358', 'int'),
(12456, 'username', 'any123', 'string'),
(12457, 'fileId', '5044', 'int'),
(12457, 'fileRevision', '1', 'int'),
(12457, 'fileStage', '18', 'int'),
(12457, 'name', 'dari editor MANFAAT PRENATAL MASSAGE DAN FACIAL AROMA TERAPI UNTUK MEREDAKAN STRESS PADA IBU HAMIL DI DESA MAYANGAN PUSKES.docx', 'string'),
(12457, 'originalFileName', 'dari editor MANFAAT PRENATAL MASSAGE DAN FACIAL AROMA TERAPI UNTUK MEREDAKAN STRESS PADA IBU HAMIL DI DESA MAYANGAN PUSKES.docx', 'string'),
(12457, 'submissionId', '1358', 'int'),
(12457, 'username', 'any123', 'string'),
(12458, 'fileId', '5045', 'string'),
(12458, 'fileRevision', '1', 'int'),
(12458, 'fileStage', '18', 'int'),
(12458, 'originalFileName', 'dari reviewer MANFAAT PRENATAL MASSAGE DAN FACIAL AROMA TERAPI UNTUK MEREDAKAN STRESS PADA IBU HAMIL DI DESA MAYANGAN PUSK.docx', 'string'),
(12458, 'revisedFileId', NULL, 'string'),
(12458, 'submissionId', '1358', 'int'),
(12458, 'username', 'any123', 'string'),
(12459, 'fileId', '5045', 'int'),
(12459, 'fileRevision', '1', 'int'),
(12459, 'fileStage', '18', 'int'),
(12459, 'name', 'dari reviewer MANFAAT PRENATAL MASSAGE DAN FACIAL AROMA TERAPI UNTUK MEREDAKAN STRESS PADA IBU HAMIL DI DESA MAYANGAN PUSK.docx', 'string'),
(12459, 'originalFileName', 'dari reviewer MANFAAT PRENATAL MASSAGE DAN FACIAL AROMA TERAPI UNTUK MEREDAKAN STRESS PADA IBU HAMIL DI DESA MAYANGAN PUSK.docx', 'string'),
(12459, 'submissionId', '1358', 'int'),
(12459, 'username', 'any123', 'string'),
(12460, 'fileId', '5020', 'int'),
(12460, 'fileRevision', '1', 'int'),
(12460, 'fileStage', '15', 'int'),
(12460, 'originalFileName', 'dari reviewer Lusiana  M Artikel Effleurage Massage.docx', 'string');
INSERT INTO `event_log_settings` (`log_id`, `setting_name`, `setting_value`, `setting_type`) VALUES
(12460, 'sourceFileId', NULL, 'string'),
(12460, 'submissionId', '1343', 'int'),
(12460, 'username', 'any123', 'string'),
(12461, 'submissionId', '1343', 'int'),
(12461, 'title', 'dari reviewer Lusiana  M Artikel Effleurage Massage.docx', 'string'),
(12461, 'username', 'any123', 'string'),
(12462, 'fileId', '5046', 'string'),
(12462, 'fileRevision', '1', 'int'),
(12462, 'fileStage', '15', 'int'),
(12462, 'originalFileName', '1. LUSIANA M Artikel Effleurage Massage.docx', 'string'),
(12462, 'revisedFileId', NULL, 'string'),
(12462, 'submissionId', '1343', 'int'),
(12462, 'username', 'any123', 'string'),
(12463, 'fileId', '5046', 'int'),
(12463, 'fileRevision', '1', 'int'),
(12463, 'fileStage', '15', 'int'),
(12463, 'name', '1. LUSIANA M Artikel Effleurage Massage.docx', 'string'),
(12463, 'originalFileName', '1. LUSIANA M Artikel Effleurage Massage.docx', 'string'),
(12463, 'submissionId', '1343', 'int'),
(12463, 'username', 'any123', 'string'),
(12464, 'decision', 'Accept and Skip Review', 'string'),
(12464, 'editorName', 'Arya any', 'string'),
(12464, 'submissionId', '1343', 'string'),
(12465, 'fileId', '5048', 'string'),
(12465, 'fileRevision', '1', 'int'),
(12465, 'fileStage', '18', 'int'),
(12465, 'originalFileName', 'Widya Desi Pradana_Revisi Publikasi Skripsi_STIKes Panti Rapih.docx', 'string'),
(12465, 'revisedFileId', NULL, 'string'),
(12465, 'submissionId', '1333', 'int'),
(12465, 'username', 'widyadesipradana', 'string'),
(12466, 'fileId', '5048', 'int'),
(12466, 'fileRevision', '1', 'int'),
(12466, 'fileStage', '18', 'int'),
(12466, 'name', 'widyadesipradana, Widya Desi Pradana_Revisi Publikasi Skripsi_STIKes Panti Rapih.docx', 'string'),
(12466, 'originalFileName', 'Widya Desi Pradana_Revisi Publikasi Skripsi_STIKes Panti Rapih.docx', 'string'),
(12466, 'submissionId', '1333', 'int'),
(12466, 'username', 'widyadesipradana', 'string'),
(12467, 'fileId', '5049', 'string'),
(12467, 'fileRevision', '1', 'int'),
(12467, 'fileStage', '18', 'int'),
(12467, 'originalFileName', 'Widya Desi Pradana_Revisi Publikasi Skripsi_STIKes Panti Rapih.docx', 'string'),
(12467, 'revisedFileId', NULL, 'string'),
(12467, 'submissionId', '1333', 'int'),
(12467, 'username', 'widyadesipradana', 'string'),
(12468, 'fileId', '5049', 'int'),
(12468, 'fileRevision', '1', 'int'),
(12468, 'fileStage', '18', 'int'),
(12468, 'name', 'widyadesipradana, Widya Desi Pradana_Revisi Publikasi Skripsi_STIKes Panti Rapih.docx', 'string'),
(12468, 'originalFileName', 'Widya Desi Pradana_Revisi Publikasi Skripsi_STIKes Panti Rapih.docx', 'string'),
(12468, 'submissionId', '1333', 'int'),
(12468, 'username', 'widyadesipradana', 'string'),
(12469, 'fileId', '5049', 'int'),
(12469, 'fileRevision', '1', 'int'),
(12469, 'fileStage', '18', 'int'),
(12469, 'originalFileName', 'Widya Desi Pradana_Revisi Publikasi Skripsi_STIKes Panti Rapih.docx', 'string'),
(12469, 'sourceFileId', NULL, 'string'),
(12469, 'submissionId', '1333', 'int'),
(12469, 'username', 'widyadesipradana', 'string'),
(12470, 'submissionId', '1333', 'int'),
(12470, 'title', 'Widya Desi Pradana_Revisi Publikasi Skripsi_STIKes Panti Rapih.docx', 'string'),
(12470, 'username', 'widyadesipradana', 'string'),
(12471, 'fileId', '5049', 'string'),
(12471, 'fileRevision', '1', 'int'),
(12471, 'fileStage', '18', 'int'),
(12471, 'originalFileName', '1288-Article Text-5024-1-18-20240516 - rev 1.docx', 'string'),
(12471, 'revisedFileId', NULL, 'string'),
(12471, 'submissionId', '1288', 'int'),
(12471, 'username', '199006072022031001', 'string'),
(12472, 'fileId', '5049', 'int'),
(12472, 'fileRevision', '1', 'int'),
(12472, 'fileStage', '18', 'int'),
(12472, 'name', '199006072022031001, 1288-Article Text-5024-1-18-20240516 - rev 1.docx', 'string'),
(12472, 'originalFileName', '1288-Article Text-5024-1-18-20240516 - rev 1.docx', 'string'),
(12472, 'submissionId', '1288', 'int'),
(12472, 'username', '199006072022031001', 'string'),
(12473, 'fileId', '5040', 'int'),
(12473, 'fileRevision', '1', 'int'),
(12473, 'fileStage', '15', 'int'),
(12473, 'originalFileName', 'dari reviewer MANFAAT PRENATAL MASSAGE DAN FACIAL AROMA TERAPI UNTUK MEREDAKAN STRESS PADA IBU HAMIL DI DESA MAYANGAN PUSK.docx', 'string'),
(12473, 'sourceFileId', NULL, 'string'),
(12473, 'submissionId', '1358', 'int'),
(12473, 'username', 'any123', 'string'),
(12474, 'submissionId', '1358', 'int'),
(12474, 'title', 'dari reviewer MANFAAT PRENATAL MASSAGE DAN FACIAL AROMA TERAPI UNTUK MEREDAKAN STRESS PADA IBU HAMIL DI DESA MAYANGAN PUSK.docx', 'string'),
(12474, 'username', 'any123', 'string'),
(12475, 'fileId', '5050', 'string'),
(12475, 'fileRevision', '1', 'int'),
(12475, 'fileStage', '18', 'int'),
(12475, 'originalFileName', '2. HARNANIK MANFAAT PRENATAL MASSAGE DAN FACIAL AROMA TERAPI UNTUK MEREDAKAN STRESS PADA IBU HAMIL DI DESA MAYANGAN PUSKES.docx', 'string'),
(12475, 'revisedFileId', NULL, 'string'),
(12475, 'submissionId', '1358', 'int'),
(12475, 'username', 'hnawangsari', 'string'),
(12476, 'fileId', '5050', 'int'),
(12476, 'fileRevision', '1', 'int'),
(12476, 'fileStage', '18', 'int'),
(12476, 'name', '2. HARNANIK MANFAAT PRENATAL MASSAGE DAN FACIAL AROMA TERAPI UNTUK MEREDAKAN STRESS PADA IBU HAMIL DI DESA MAYANGAN PUSKES.docx', 'string'),
(12476, 'originalFileName', '2. HARNANIK MANFAAT PRENATAL MASSAGE DAN FACIAL AROMA TERAPI UNTUK MEREDAKAN STRESS PADA IBU HAMIL DI DESA MAYANGAN PUSKES.docx', 'string'),
(12476, 'submissionId', '1358', 'int'),
(12476, 'username', 'hnawangsari', 'string'),
(12477, 'fileId', '5051', 'string'),
(12477, 'fileRevision', '1', 'int'),
(12477, 'fileStage', '15', 'int'),
(12477, 'originalFileName', 'artikel 3.docx', 'string'),
(12477, 'revisedFileId', NULL, 'string'),
(12477, 'submissionId', '1288', 'int'),
(12477, 'username', 'fera_ziya', 'string'),
(12478, 'fileId', '5051', 'int'),
(12478, 'fileRevision', '1', 'int'),
(12478, 'fileStage', '15', 'int'),
(12478, 'name', 'Article Text, artikel 3.docx', 'string'),
(12478, 'originalFileName', 'artikel 3.docx', 'string'),
(12478, 'submissionId', '1288', 'int'),
(12478, 'username', 'fera_ziya', 'string'),
(12479, 'decision', 'Accept and Skip Review', 'string'),
(12479, 'editorName', 'fera yuli setiyaningsih', 'string'),
(12479, 'submissionId', '1288', 'string'),
(12480, 'decision', 'Send To Production', 'string'),
(12480, 'editorName', 'fera yuli setiyaningsih', 'string'),
(12480, 'submissionId', '1288', 'string'),
(12481, 'fileId', '5055', 'string'),
(12481, 'fileRevision', '1', 'int'),
(12481, 'fileStage', '15', 'int'),
(12481, 'originalFileName', 'artikel 4.docx', 'string'),
(12481, 'revisedFileId', NULL, 'string'),
(12481, 'submissionId', '1355', 'int'),
(12481, 'username', 'fera_ziya', 'string'),
(12482, 'fileId', '5055', 'int'),
(12482, 'fileRevision', '1', 'int'),
(12482, 'fileStage', '15', 'int'),
(12482, 'name', 'Article Text, artikel 4.docx', 'string'),
(12482, 'originalFileName', 'artikel 4.docx', 'string'),
(12482, 'submissionId', '1355', 'int'),
(12482, 'username', 'fera_ziya', 'string'),
(12483, 'decision', 'Accept and Skip Review', 'string'),
(12483, 'editorName', 'fera yuli setiyaningsih', 'string'),
(12483, 'submissionId', '1355', 'string'),
(12484, 'decision', 'Send To Production', 'string'),
(12484, 'editorName', 'fera yuli setiyaningsih', 'string'),
(12484, 'submissionId', '1355', 'string'),
(12489, 'decision', 'Decline Submission', 'string'),
(12489, 'editorName', 'fera yuli setiyaningsih', 'string'),
(12489, 'submissionId', '1214', 'string'),
(12490, 'fileId', '5059', 'string'),
(12490, 'fileRevision', '1', 'int'),
(12490, 'fileStage', '15', 'int'),
(12490, 'originalFileName', 'artikel 2.docx', 'string'),
(12490, 'revisedFileId', NULL, 'string'),
(12490, 'submissionId', '1216', 'int'),
(12490, 'username', 'fera_ziya', 'string'),
(12491, 'fileId', '5059', 'int'),
(12491, 'fileRevision', '1', 'int'),
(12491, 'fileStage', '15', 'int'),
(12491, 'name', 'Article Text, artikel 2.docx', 'string'),
(12491, 'originalFileName', 'artikel 2.docx', 'string'),
(12491, 'submissionId', '1216', 'int'),
(12491, 'username', 'fera_ziya', 'string'),
(12492, 'decision', 'Accept and Skip Review', 'string'),
(12492, 'editorName', 'fera yuli setiyaningsih', 'string'),
(12492, 'submissionId', '1216', 'string'),
(12493, 'decision', 'Send To Production', 'string'),
(12493, 'editorName', 'fera yuli setiyaningsih', 'string'),
(12493, 'submissionId', '1216', 'string'),
(12495, 'decision', 'Send To Production', 'string'),
(12495, 'editorName', 'Arya any', 'string'),
(12495, 'submissionId', '1343', 'string'),
(12496, 'fileId', '5065', 'string'),
(12496, 'fileRevision', '1', 'int'),
(12496, 'fileStage', '15', 'int'),
(12496, 'originalFileName', 'artikel 5.docx', 'string'),
(12496, 'revisedFileId', NULL, 'string'),
(12496, 'submissionId', '1354', 'int'),
(12496, 'username', 'fera_ziya', 'string'),
(12497, 'fileId', '5065', 'int'),
(12497, 'fileRevision', '1', 'int'),
(12497, 'fileStage', '15', 'int'),
(12497, 'name', 'Article Text, artikel 5.docx', 'string'),
(12497, 'originalFileName', 'artikel 5.docx', 'string'),
(12497, 'submissionId', '1354', 'int'),
(12497, 'username', 'fera_ziya', 'string'),
(12498, 'decision', 'Accept and Skip Review', 'string'),
(12498, 'editorName', 'fera yuli setiyaningsih', 'string'),
(12498, 'submissionId', '1354', 'string'),
(12499, 'decision', 'Send To Production', 'string'),
(12499, 'editorName', 'fera yuli setiyaningsih', 'string'),
(12499, 'submissionId', '1354', 'string'),
(12501, 'fileId', '5069', 'string'),
(12501, 'fileRevision', '1', 'int'),
(12501, 'fileStage', '15', 'int'),
(12501, 'originalFileName', '2. HARNANIK MANFAAT PRENATAL MASSAGE DAN FACIAL AROMA TERAPI UNTUK MEREDAKAN STRESS PADA IBU HAMIL DI DESA MAYANGAN PUSKES.docx', 'string'),
(12501, 'revisedFileId', NULL, 'string'),
(12501, 'submissionId', '1358', 'int'),
(12501, 'username', 'any123', 'string'),
(12502, 'fileId', '5069', 'int'),
(12502, 'fileRevision', '1', 'int'),
(12502, 'fileStage', '15', 'int'),
(12502, 'name', '2. HARNANIK MANFAAT PRENATAL MASSAGE DAN FACIAL AROMA TERAPI UNTUK MEREDAKAN STRESS PADA IBU HAMIL DI DESA MAYANGAN PUSKES.docx', 'string'),
(12502, 'originalFileName', '2. HARNANIK MANFAAT PRENATAL MASSAGE DAN FACIAL AROMA TERAPI UNTUK MEREDAKAN STRESS PADA IBU HAMIL DI DESA MAYANGAN PUSKES.docx', 'string'),
(12502, 'submissionId', '1358', 'int'),
(12502, 'username', 'any123', 'string'),
(12503, 'decision', 'Accept and Skip Review', 'string'),
(12503, 'editorName', 'Arya any', 'string'),
(12503, 'submissionId', '1358', 'string'),
(12504, 'fileId', '5071', 'string'),
(12504, 'fileRevision', '1', 'int'),
(12504, 'fileStage', '9', 'int'),
(12504, 'originalFileName', '2. HARNANIK MANFAAT PRENATAL MASSAGE DAN FACIAL AROMA TERAPI UNTUK MEREDAKAN STRESS PADA IBU HAMIL DI DESA MAYANGAN PUSKES.docx', 'string'),
(12504, 'revisedFileId', NULL, 'string'),
(12504, 'submissionId', '1358', 'int'),
(12504, 'username', 'any123', 'string'),
(12505, 'fileId', '5071', 'int'),
(12505, 'fileRevision', '1', 'int'),
(12505, 'fileStage', '9', 'int'),
(12505, 'name', '2. HARNANIK MANFAAT PRENATAL MASSAGE DAN FACIAL AROMA TERAPI UNTUK MEREDAKAN STRESS PADA IBU HAMIL DI DESA MAYANGAN PUSKES.docx', 'string'),
(12505, 'originalFileName', '2. HARNANIK MANFAAT PRENATAL MASSAGE DAN FACIAL AROMA TERAPI UNTUK MEREDAKAN STRESS PADA IBU HAMIL DI DESA MAYANGAN PUSKES.docx', 'string'),
(12505, 'submissionId', '1358', 'int'),
(12505, 'username', 'any123', 'string'),
(12506, 'decision', 'Send To Production', 'string'),
(12506, 'editorName', 'Arya any', 'string'),
(12506, 'submissionId', '1358', 'string'),
(12507, 'fileId', '5074', 'string'),
(12507, 'fileRevision', '1', 'int'),
(12507, 'fileStage', '2', 'int'),
(12507, 'originalFileName', 'TINJAUAN PUSTAKA Penerapan Rekam Medis Elektronik pada Institusi Pelayanan Kesehatan di Indonesia publish.docx', 'string'),
(12507, 'revisedFileId', NULL, 'string'),
(12507, 'submissionId', '1359', 'int'),
(12507, 'username', '240678', 'string'),
(12508, 'fileId', '5074', 'int'),
(12508, 'fileRevision', '1', 'int'),
(12508, 'fileStage', '2', 'int'),
(12508, 'originalFileName', 'TINJAUAN PUSTAKA Penerapan Rekam Medis Elektronik pada Institusi Pelayanan Kesehatan di Indonesia publish.docx', 'string'),
(12508, 'sourceFileId', NULL, 'string'),
(12508, 'submissionId', '1359', 'int'),
(12508, 'username', '240678', 'string'),
(12509, 'submissionId', '1359', 'int'),
(12509, 'title', 'TINJAUAN PUSTAKA Penerapan Rekam Medis Elektronik pada Institusi Pelayanan Kesehatan di Indonesia publish.docx', 'string'),
(12509, 'username', '240678', 'string'),
(12510, 'fileId', '5075', 'string'),
(12510, 'fileRevision', '1', 'int'),
(12510, 'fileStage', '2', 'int'),
(12510, 'originalFileName', 'TINJAUAN PUSTAKA Penerapan Rekam Medis Elektronik pada Institusi Pelayanan Kesehatan di Indonesia.docx', 'string'),
(12510, 'revisedFileId', NULL, 'string'),
(12510, 'submissionId', '1359', 'int'),
(12510, 'username', '240678', 'string'),
(12511, 'fileId', '5075', 'int'),
(12511, 'fileRevision', '1', 'int'),
(12511, 'fileStage', '2', 'int'),
(12511, 'name', '240678, TINJAUAN PUSTAKA Penerapan Rekam Medis Elektronik pada Institusi Pelayanan Kesehatan di Indonesia.docx', 'string'),
(12511, 'originalFileName', 'TINJAUAN PUSTAKA Penerapan Rekam Medis Elektronik pada Institusi Pelayanan Kesehatan di Indonesia.docx', 'string'),
(12511, 'submissionId', '1359', 'int'),
(12511, 'username', '240678', 'string'),
(12513, 'fileId', '5076', 'string'),
(12513, 'fileRevision', '1', 'int'),
(12513, 'fileStage', '2', 'int'),
(12513, 'originalFileName', 'jurnal PKM nining.docx', 'string'),
(12513, 'revisedFileId', NULL, 'string'),
(12513, 'submissionId', '1360', 'int'),
(12513, 'username', 'nining', 'string'),
(12514, 'fileId', '5076', 'int'),
(12514, 'fileRevision', '1', 'int'),
(12514, 'fileStage', '2', 'int'),
(12514, 'name', 'nining, jurnal PKM nining.docx', 'string'),
(12514, 'originalFileName', 'jurnal PKM nining.docx', 'string'),
(12514, 'submissionId', '1360', 'int'),
(12514, 'username', 'nining', 'string'),
(12516, 'fileId', '5077', 'string'),
(12516, 'fileRevision', '1', 'int'),
(12516, 'fileStage', '2', 'int'),
(12516, 'originalFileName', 'Revisi Sri Andala.docx', 'string'),
(12516, 'revisedFileId', NULL, 'string'),
(12516, 'submissionId', '1361', 'int'),
(12516, 'username', 'sriandala', 'string'),
(12519, 'fileId', '5078', 'string'),
(12519, 'fileRevision', '1', 'int'),
(12519, 'fileStage', '2', 'int'),
(12519, 'originalFileName', 'Artikel Jurnal Abdi Medika Henny.docx', 'string'),
(12519, 'revisedFileId', NULL, 'string'),
(12519, 'submissionId', '1363', 'int'),
(12519, 'username', 'henny1787', 'string'),
(12520, 'fileId', '5078', 'int'),
(12520, 'fileRevision', '1', 'int'),
(12520, 'fileStage', '2', 'int'),
(12520, 'name', 'henny1787, Artikel Jurnal Abdi Medika Henny.docx', 'string'),
(12520, 'originalFileName', 'Artikel Jurnal Abdi Medika Henny.docx', 'string'),
(12520, 'submissionId', '1363', 'int'),
(12520, 'username', 'henny1787', 'string'),
(12522, 'fileId', '5079', 'string'),
(12522, 'fileRevision', '1', 'int'),
(12522, 'fileStage', '18', 'int'),
(12522, 'originalFileName', 'Revisi Sri Andala.docx', 'string'),
(12522, 'revisedFileId', NULL, 'string'),
(12522, 'submissionId', '1320', 'int'),
(12522, 'username', 'sriandala', 'string'),
(12523, 'fileId', '5079', 'int'),
(12523, 'fileRevision', '1', 'int'),
(12523, 'fileStage', '18', 'int'),
(12523, 'name', 'sriandala, Revisi Sri Andala.docx', 'string'),
(12523, 'originalFileName', 'Revisi Sri Andala.docx', 'string'),
(12523, 'submissionId', '1320', 'int'),
(12523, 'username', 'sriandala', 'string'),
(12524, 'fileId', '5080', 'string'),
(12524, 'fileRevision', '1', 'int'),
(12524, 'fileStage', '15', 'int'),
(12524, 'originalFileName', 'artikel 6.docx', 'string'),
(12524, 'revisedFileId', NULL, 'string'),
(12524, 'submissionId', '1357', 'int'),
(12524, 'username', 'fera_ziya', 'string'),
(12525, 'fileId', '5080', 'int'),
(12525, 'fileRevision', '1', 'int'),
(12525, 'fileStage', '15', 'int'),
(12525, 'name', 'Article Text, artikel 6.docx', 'string'),
(12525, 'originalFileName', 'artikel 6.docx', 'string'),
(12525, 'submissionId', '1357', 'int'),
(12525, 'username', 'fera_ziya', 'string'),
(12526, 'decision', 'Accept and Skip Review', 'string'),
(12526, 'editorName', 'fera yuli setiyaningsih', 'string'),
(12526, 'submissionId', '1357', 'string'),
(12528, 'name', 'Arya any', 'string'),
(12528, 'userGroupName', 'Journal editor', 'string'),
(12528, 'username', 'any123', 'string'),
(12530, 'name', 'Arya any', 'string'),
(12530, 'userGroupName', 'Journal editor', 'string'),
(12530, 'username', 'any123', 'string'),
(12531, 'decision', 'Send To Production', 'string'),
(12531, 'editorName', 'fera yuli setiyaningsih', 'string'),
(12531, 'submissionId', '1357', 'string'),
(12533, 'fileId', '5084', 'string'),
(12533, 'fileRevision', '1', 'int'),
(12533, 'fileStage', '2', 'int'),
(12533, 'originalFileName', 'KE REVIEWER.docx', 'string'),
(12533, 'revisedFileId', NULL, 'string'),
(12533, 'submissionId', '1360', 'int'),
(12533, 'username', 'any123', 'string'),
(12534, 'fileId', '5084', 'int'),
(12534, 'fileRevision', '1', 'int'),
(12534, 'fileStage', '2', 'int'),
(12534, 'name', 'KE REVIEWER.docx', 'string'),
(12534, 'originalFileName', 'KE REVIEWER.docx', 'string'),
(12534, 'submissionId', '1360', 'int'),
(12534, 'username', 'any123', 'string'),
(12535, 'decision', 'Send to Review', 'string'),
(12535, 'editorName', 'Arya any', 'string'),
(12535, 'submissionId', '1360', 'string'),
(12536, 'reviewAssignmentId', '469', 'string'),
(12536, 'reviewerName', 'Henny Sulistyawati', 'string'),
(12536, 'round', '1', 'int'),
(12536, 'stageId', '3', 'int'),
(12536, 'submissionId', '1360', 'string'),
(12537, 'fileId', '5086', 'string'),
(12537, 'fileRevision', '1', 'int'),
(12537, 'fileStage', '15', 'int'),
(12537, 'originalFileName', 'artikel 8.docx', 'string'),
(12537, 'revisedFileId', NULL, 'string'),
(12537, 'submissionId', '1333', 'int'),
(12537, 'username', 'fera_ziya', 'string'),
(12538, 'fileId', '5086', 'int'),
(12538, 'fileRevision', '1', 'int'),
(12538, 'fileStage', '15', 'int'),
(12538, 'originalFileName', 'artikel 8.docx', 'string'),
(12538, 'sourceFileId', NULL, 'string'),
(12538, 'submissionId', '1333', 'int'),
(12538, 'username', 'fera_ziya', 'string'),
(12539, 'submissionId', '1333', 'int'),
(12539, 'title', 'artikel 8.docx', 'string'),
(12539, 'username', 'fera_ziya', 'string'),
(12540, 'fileId', '5087', 'string'),
(12540, 'fileRevision', '1', 'int'),
(12540, 'fileStage', '15', 'int'),
(12540, 'originalFileName', 'artikel 7.docx', 'string'),
(12540, 'revisedFileId', NULL, 'string'),
(12540, 'submissionId', '1333', 'int'),
(12540, 'username', 'fera_ziya', 'string'),
(12541, 'fileId', '5087', 'int'),
(12541, 'fileRevision', '1', 'int'),
(12541, 'fileStage', '15', 'int'),
(12541, 'name', 'Article Text, artikel 7.docx', 'string'),
(12541, 'originalFileName', 'artikel 7.docx', 'string'),
(12541, 'submissionId', '1333', 'int'),
(12541, 'username', 'fera_ziya', 'string'),
(12542, 'decision', 'Accept and Skip Review', 'string'),
(12542, 'editorName', 'fera yuli setiyaningsih', 'string'),
(12542, 'submissionId', '1333', 'string'),
(12543, 'fileId', '5089', 'string'),
(12543, 'fileRevision', '1', 'int'),
(12543, 'fileStage', '2', 'int'),
(12543, 'originalFileName', 'KE REVIEWER PENINGKATAN PENGETAHUAN DAN KETERAMPILAN IBU MENYUSUI DALAM PEMBERIAN TERAPY KOMPLEMENTER BREAST SPA DAN PIJAT.docx', 'string'),
(12543, 'revisedFileId', NULL, 'string'),
(12543, 'submissionId', '1363', 'int'),
(12543, 'username', 'any123', 'string'),
(12544, 'fileId', '5089', 'int'),
(12544, 'fileRevision', '1', 'int'),
(12544, 'fileStage', '2', 'int'),
(12544, 'name', 'KE REVIEWER PENINGKATAN PENGETAHUAN DAN KETERAMPILAN IBU MENYUSUI DALAM PEMBERIAN TERAPY KOMPLEMENTER BREAST SPA DAN PIJAT.docx', 'string'),
(12544, 'originalFileName', 'KE REVIEWER PENINGKATAN PENGETAHUAN DAN KETERAMPILAN IBU MENYUSUI DALAM PEMBERIAN TERAPY KOMPLEMENTER BREAST SPA DAN PIJAT.docx', 'string'),
(12544, 'submissionId', '1363', 'int'),
(12544, 'username', 'any123', 'string'),
(12545, 'decision', 'Send to Review', 'string'),
(12545, 'editorName', 'Arya any', 'string'),
(12545, 'submissionId', '1363', 'string'),
(12546, 'reviewAssignmentId', '470', 'string'),
(12546, 'reviewerName', 'Yayuk Eliyana', 'string'),
(12546, 'round', '1', 'int'),
(12546, 'stageId', '3', 'int'),
(12546, 'submissionId', '1363', 'string'),
(12547, 'reviewAssignmentId', '470', 'string'),
(12547, 'reviewerName', 'Yayuk Eliyana', 'string'),
(12547, 'round', '1', 'string'),
(12547, 'stageId', '3', 'string'),
(12547, 'submissionId', '1363', 'string'),
(12548, 'decision', 'Send To Production', 'string'),
(12548, 'editorName', 'fera yuli setiyaningsih', 'string'),
(12548, 'submissionId', '1333', 'string'),
(12549, 'reviewAssignmentId', '471', 'string'),
(12549, 'reviewerName', 'Yayuk Eliyana', 'string'),
(12549, 'round', '1', 'int'),
(12549, 'stageId', '3', 'int'),
(12549, 'submissionId', '1363', 'string'),
(12551, 'fileId', '5093', 'string'),
(12551, 'fileRevision', '1', 'int'),
(12551, 'fileStage', '15', 'int'),
(12551, 'originalFileName', 'artikel 8.docx', 'string'),
(12551, 'revisedFileId', NULL, 'string'),
(12551, 'submissionId', '1320', 'int'),
(12551, 'username', 'fera_ziya', 'string'),
(12552, 'fileId', '5093', 'int'),
(12552, 'fileRevision', '1', 'int'),
(12552, 'fileStage', '15', 'int'),
(12552, 'name', 'Article Text, artikel 8.docx', 'string'),
(12552, 'originalFileName', 'artikel 8.docx', 'string'),
(12552, 'submissionId', '1320', 'int'),
(12552, 'username', 'fera_ziya', 'string'),
(12553, 'decision', 'Accept and Skip Review', 'string'),
(12553, 'editorName', 'fera yuli setiyaningsih', 'string'),
(12553, 'submissionId', '1320', 'string'),
(12554, 'decision', 'Send To Production', 'string'),
(12554, 'editorName', 'fera yuli setiyaningsih', 'string'),
(12554, 'submissionId', '1320', 'string'),
(12555, 'fileId', '5097', 'string'),
(12555, 'fileRevision', '1', 'int'),
(12555, 'fileStage', '2', 'int'),
(12555, 'originalFileName', 'sri andala.docx', 'string'),
(12555, 'revisedFileId', NULL, 'string'),
(12555, 'submissionId', '1362', 'int'),
(12555, 'username', 'fera_ziya', 'string'),
(12558, 'reviewAssignmentId', '469', 'string'),
(12558, 'reviewerName', 'Henny Sulistyawati', 'string'),
(12558, 'round', '1', 'string'),
(12558, 'submissionId', '1360', 'string'),
(12559, 'reviewAssignmentId', '471', 'string'),
(12559, 'reviewerName', 'Yayuk Eliyana', 'string'),
(12559, 'round', '1', 'string'),
(12559, 'submissionId', '1363', 'string'),
(12560, 'fileId', '5098', 'string'),
(12560, 'fileRevision', '1', 'int'),
(12560, 'fileStage', '5', 'int'),
(12560, 'originalFileName', 'DARI REVIEWER DETEKSI DINI KEHAMILAN RESIKO TINGGI MELALUI.docx', 'string'),
(12560, 'revisedFileId', NULL, 'string'),
(12560, 'submissionId', '1360', 'int'),
(12560, 'username', 'henny1787', 'string'),
(12561, 'fileId', '5098', 'int'),
(12561, 'fileRevision', '1', 'int'),
(12561, 'fileStage', '5', 'int'),
(12561, 'name', 'DARI REVIEWER DETEKSI DINI KEHAMILAN RESIKO TINGGI MELALUI.docx', 'string'),
(12561, 'originalFileName', 'DARI REVIEWER DETEKSI DINI KEHAMILAN RESIKO TINGGI MELALUI.docx', 'string'),
(12561, 'submissionId', '1360', 'int'),
(12561, 'username', 'henny1787', 'string'),
(12562, 'fileId', '5099', 'string'),
(12562, 'fileRevision', '1', 'int'),
(12562, 'fileStage', '5', 'int'),
(12562, 'originalFileName', 'DARI REVIEWER PENINGKATAN PENGETAHUAN DAN KETERAMPILAN IBU MENYUSUI DALAM PEMBERIAN TERAPY KOMPLEMENTER BREAST SPA DAN PIJ.docx', 'string'),
(12562, 'revisedFileId', NULL, 'string'),
(12562, 'submissionId', '1363', 'int'),
(12562, 'username', 'yayuk21', 'string'),
(12563, 'fileId', '5099', 'int'),
(12563, 'fileRevision', '1', 'int'),
(12563, 'fileStage', '5', 'int'),
(12563, 'name', 'PENINGKATAN PENGETAHUAN DAN KETERAMPILAN IBU MENYUSUI DALAM PEMBERIAN TERAPY KOMPLEMENTER BREAST SPA DAN PIJ.docx', 'string'),
(12563, 'originalFileName', 'DARI REVIEWER PENINGKATAN PENGETAHUAN DAN KETERAMPILAN IBU MENYUSUI DALAM PEMBERIAN TERAPY KOMPLEMENTER BREAST SPA DAN PIJ.docx', 'string'),
(12563, 'submissionId', '1363', 'int'),
(12563, 'username', 'yayuk21', 'string'),
(12564, 'fileId', '5100', 'string'),
(12564, 'fileRevision', '1', 'int'),
(12564, 'fileStage', '18', 'int'),
(12564, 'originalFileName', 'DARI REVIEWER DETEKSI DINI KEHAMILAN RESIKO TINGGI MELALUI.docx', 'string'),
(12564, 'revisedFileId', NULL, 'string'),
(12564, 'submissionId', '1360', 'int'),
(12564, 'username', 'any123', 'string'),
(12565, 'fileId', '5100', 'int'),
(12565, 'fileRevision', '1', 'int'),
(12565, 'fileStage', '18', 'int'),
(12565, 'name', 'REVISI DARI REVIEWER DETEKSI DINI KEHAMILAN RESIKO TINGGI MELALUI.docx', 'string'),
(12565, 'originalFileName', 'DARI REVIEWER DETEKSI DINI KEHAMILAN RESIKO TINGGI MELALUI.docx', 'string'),
(12565, 'submissionId', '1360', 'int'),
(12565, 'username', 'any123', 'string'),
(12566, 'fileId', '5101', 'string'),
(12566, 'fileRevision', '1', 'int'),
(12566, 'fileStage', '18', 'int'),
(12566, 'originalFileName', 'DARI EDITOR, DETEKSI DINI KEHAMILAN  RESIKO TINGGI MELALUI.docx', 'string'),
(12566, 'revisedFileId', NULL, 'string'),
(12566, 'submissionId', '1360', 'int'),
(12566, 'username', 'any123', 'string'),
(12567, 'fileId', '5101', 'int'),
(12567, 'fileRevision', '1', 'int'),
(12567, 'fileStage', '18', 'int'),
(12567, 'name', 'REVISI DARI EDITOR, DETEKSI DINI KEHAMILAN  RESIKO TINGGI MELALUI.docx', 'string'),
(12567, 'originalFileName', 'DARI EDITOR, DETEKSI DINI KEHAMILAN  RESIKO TINGGI MELALUI.docx', 'string'),
(12567, 'submissionId', '1360', 'int'),
(12567, 'username', 'any123', 'string'),
(12568, 'fileId', '5102', 'string'),
(12568, 'fileRevision', '1', 'int'),
(12568, 'fileStage', '18', 'int'),
(12568, 'originalFileName', 'DARI REVIEWER PENINGKATAN PENGETAHUAN DAN KETERAMPILAN IBU MENYUSUI DALAM PEMBERIAN TERAPY KOMPLEMENTER BREAST SPA DAN PIJ.docx', 'string'),
(12568, 'revisedFileId', NULL, 'string'),
(12568, 'submissionId', '1363', 'int'),
(12568, 'username', 'any123', 'string'),
(12569, 'fileId', '5102', 'int'),
(12569, 'fileRevision', '1', 'int'),
(12569, 'fileStage', '18', 'int'),
(12569, 'name', 'DARI REVIEWER PENINGKATAN PENGETAHUAN DAN KETERAMPILAN IBU MENYUSUI DALAM PEMBERIAN TERAPY KOMPLEMENTER BREAST SPA DAN PIJ.docx', 'string'),
(12569, 'originalFileName', 'DARI REVIEWER PENINGKATAN PENGETAHUAN DAN KETERAMPILAN IBU MENYUSUI DALAM PEMBERIAN TERAPY KOMPLEMENTER BREAST SPA DAN PIJ.docx', 'string'),
(12569, 'submissionId', '1363', 'int'),
(12569, 'username', 'any123', 'string'),
(12570, 'fileId', '5103', 'string'),
(12570, 'fileRevision', '1', 'int'),
(12570, 'fileStage', '18', 'int'),
(12570, 'originalFileName', 'DARI EDITOR,  PENINGKATAN PENGETAHUAN DAN KETERAMPILAN IBU MENYUSUI DALAM PEMBERIAN TERAPY KOMPLEMENTER BREAST SPA DAN PIJ.docx', 'string'),
(12570, 'revisedFileId', NULL, 'string'),
(12570, 'submissionId', '1363', 'int'),
(12570, 'username', 'any123', 'string'),
(12571, 'fileId', '5103', 'int'),
(12571, 'fileRevision', '1', 'int'),
(12571, 'fileStage', '18', 'int'),
(12571, 'name', 'DARI EDITOR,  PENINGKATAN PENGETAHUAN DAN KETERAMPILAN IBU MENYUSUI DALAM PEMBERIAN TERAPY KOMPLEMENTER BREAST SPA DAN PIJ.docx', 'string'),
(12571, 'originalFileName', 'DARI EDITOR,  PENINGKATAN PENGETAHUAN DAN KETERAMPILAN IBU MENYUSUI DALAM PEMBERIAN TERAPY KOMPLEMENTER BREAST SPA DAN PIJ.docx', 'string'),
(12571, 'submissionId', '1363', 'int'),
(12571, 'username', 'any123', 'string'),
(12575, 'fileId', '5104', 'string'),
(12575, 'fileRevision', '1', 'int'),
(12575, 'fileStage', '18', 'int'),
(12575, 'originalFileName', 'REVISI PENINGKATAN PENGETAHUAN DAN KETERAMPILAN IBU MENYUSUI DALAM PEMBERIAN TERAPY KOMPLEMENTER BREAST SPA DAN PIJAT OKSI.docx', 'string'),
(12575, 'revisedFileId', NULL, 'string'),
(12575, 'submissionId', '1363', 'int'),
(12575, 'username', 'henny1787', 'string'),
(12576, 'fileId', '5104', 'int'),
(12576, 'fileRevision', '1', 'int'),
(12576, 'fileStage', '18', 'int'),
(12576, 'name', 'henny1787, REVISI PENINGKATAN PENGETAHUAN DAN KETERAMPILAN IBU MENYUSUI DALAM PEMBERIAN TERAPY KOMPLEMENTER BREAST SPA DAN PIJAT OKSI.docx', 'string'),
(12576, 'originalFileName', 'REVISI PENINGKATAN PENGETAHUAN DAN KETERAMPILAN IBU MENYUSUI DALAM PEMBERIAN TERAPY KOMPLEMENTER BREAST SPA DAN PIJAT OKSI.docx', 'string'),
(12576, 'submissionId', '1363', 'int'),
(12576, 'username', 'henny1787', 'string'),
(12577, 'fileId', '5105', 'string'),
(12577, 'fileRevision', '1', 'int'),
(12577, 'fileStage', '15', 'int'),
(12577, 'originalFileName', 'REVISI PENINGKATAN PENGETAHUAN DAN KETERAMPILAN IBU MENYUSUI DALAM PEMBERIAN TERAPY KOMPLEMENTER BREAST SPA DAN PIJAT OKSI.docx', 'string'),
(12577, 'revisedFileId', NULL, 'string'),
(12577, 'submissionId', '1363', 'int'),
(12577, 'username', 'any123', 'string'),
(12578, 'fileId', '5105', 'int'),
(12578, 'fileRevision', '1', 'int'),
(12578, 'fileStage', '15', 'int'),
(12578, 'name', 'REVISI PENINGKATAN PENGETAHUAN DAN KETERAMPILAN IBU MENYUSUI DALAM PEMBERIAN TERAPY KOMPLEMENTER BREAST SPA DAN PIJAT OKSI.docx', 'string'),
(12578, 'originalFileName', 'REVISI PENINGKATAN PENGETAHUAN DAN KETERAMPILAN IBU MENYUSUI DALAM PEMBERIAN TERAPY KOMPLEMENTER BREAST SPA DAN PIJAT OKSI.docx', 'string'),
(12578, 'submissionId', '1363', 'int'),
(12578, 'username', 'any123', 'string'),
(12579, 'decision', 'Accept and Skip Review', 'string'),
(12579, 'editorName', 'Arya any', 'string'),
(12579, 'submissionId', '1363', 'string'),
(12580, 'fileId', '5107', 'string'),
(12580, 'fileRevision', '1', 'int'),
(12580, 'fileStage', '18', 'int'),
(12580, 'originalFileName', 'REVISI DETEKSI DINI KEHAMILAN RESIKO TINGGI MELALUI.docx', 'string'),
(12580, 'revisedFileId', NULL, 'string'),
(12580, 'submissionId', '1360', 'int'),
(12580, 'username', 'nining', 'string'),
(12581, 'fileId', '5107', 'int'),
(12581, 'fileRevision', '1', 'int'),
(12581, 'fileStage', '18', 'int'),
(12581, 'name', 'REVISI DETEKSI DINI KEHAMILAN RESIKO TINGGI MELALUI.docx', 'string'),
(12581, 'originalFileName', 'REVISI DETEKSI DINI KEHAMILAN RESIKO TINGGI MELALUI.docx', 'string'),
(12581, 'submissionId', '1360', 'int'),
(12581, 'username', 'nining', 'string'),
(12582, 'fileId', '5108', 'string'),
(12582, 'fileRevision', '1', 'int'),
(12582, 'fileStage', '2', 'int'),
(12582, 'originalFileName', 'LITERATUR REVIEW EFEKTIVITAS PENERAPAN APLIKASI TE;ENURSING ITA BAGUS .docx', 'string'),
(12582, 'revisedFileId', NULL, 'string'),
(12582, 'submissionId', '1364', 'int'),
(12582, 'username', 'ita24', 'string'),
(12583, 'fileId', '5108', 'int'),
(12583, 'fileRevision', '1', 'int'),
(12583, 'fileStage', '2', 'int'),
(12583, 'name', 'ita24, LITERATUR REVIEW EFEKTIVITAS PENERAPAN APLIKASI TE;ENURSING ITA BAGUS .docx', 'string'),
(12583, 'originalFileName', 'LITERATUR REVIEW EFEKTIVITAS PENERAPAN APLIKASI TE;ENURSING ITA BAGUS .docx', 'string'),
(12583, 'submissionId', '1364', 'int'),
(12583, 'username', 'ita24', 'string'),
(12585, 'name', 'fera yuli setiyaningsih', 'string'),
(12585, 'userGroupName', 'Production editor', 'string'),
(12585, 'username', 'fera_ziya', 'string'),
(12586, 'fileId', '5109', 'string'),
(12586, 'fileRevision', '1', 'int'),
(12586, 'fileStage', '2', 'int'),
(12586, 'originalFileName', 'artikel 10.docx', 'string'),
(12586, 'revisedFileId', NULL, 'string'),
(12586, 'submissionId', '1364', 'int'),
(12586, 'username', 'fera_ziya', 'string'),
(12587, 'fileId', '5109', 'int'),
(12587, 'fileRevision', '1', 'int'),
(12587, 'fileStage', '2', 'int'),
(12587, 'name', 'artikel 10.docx', 'string'),
(12587, 'originalFileName', 'artikel 10.docx', 'string'),
(12587, 'submissionId', '1364', 'int'),
(12587, 'username', 'fera_ziya', 'string'),
(12588, 'decision', 'Send to Review', 'string'),
(12588, 'editorName', 'fera yuli setiyaningsih', 'string'),
(12588, 'submissionId', '1364', 'string'),
(12589, 'reviewAssignmentId', '472', 'string'),
(12589, 'reviewerName', 'Afif Hidayatul Arham', 'string'),
(12589, 'round', '1', 'int'),
(12589, 'stageId', '3', 'int'),
(12589, 'submissionId', '1364', 'string'),
(12590, 'reviewAssignmentId', '472', 'string'),
(12590, 'reviewerName', 'Afif Hidayatul Arham', 'string'),
(12590, 'round', '1', 'string'),
(12590, 'submissionId', '1364', 'string'),
(12591, 'fileId', '5111', 'string'),
(12591, 'fileRevision', '1', 'int'),
(12591, 'fileStage', '18', 'int'),
(12591, 'originalFileName', 'artikel 10.docx', 'string'),
(12591, 'revisedFileId', NULL, 'string'),
(12591, 'submissionId', '1364', 'int'),
(12591, 'username', 'afif', 'string'),
(12592, 'fileId', '5111', 'int'),
(12592, 'fileRevision', '1', 'int'),
(12592, 'fileStage', '18', 'int'),
(12592, 'name', 'afif, artikel 10.docx', 'string'),
(12592, 'originalFileName', 'artikel 10.docx', 'string'),
(12592, 'submissionId', '1364', 'int'),
(12592, 'username', 'afif', 'string'),
(12593, 'fileId', '5112', 'string'),
(12593, 'fileRevision', '1', 'int'),
(12593, 'fileStage', '5', 'int'),
(12593, 'originalFileName', 'artikel 10.docx', 'string'),
(12593, 'revisedFileId', NULL, 'string'),
(12593, 'submissionId', '1364', 'int'),
(12593, 'username', 'afif', 'string'),
(12594, 'fileId', '5112', 'int'),
(12594, 'fileRevision', '1', 'int'),
(12594, 'fileStage', '5', 'int'),
(12594, 'name', ', artikel 10.docx', 'string'),
(12594, 'originalFileName', 'artikel 10.docx', 'string'),
(12594, 'submissionId', '1364', 'int'),
(12594, 'username', 'afif', 'string'),
(12595, 'fileId', '5113', 'string'),
(12595, 'fileRevision', '1', 'int'),
(12595, 'fileStage', '18', 'int'),
(12595, 'originalFileName', '1364-Article Text-5110-1-4-20240527.docx', 'string'),
(12595, 'revisedFileId', NULL, 'string'),
(12595, 'submissionId', '1364', 'int'),
(12595, 'username', 'fera_ziya', 'string'),
(12596, 'fileId', '5113', 'int'),
(12596, 'fileRevision', '1', 'int'),
(12596, 'fileStage', '18', 'int'),
(12596, 'name', 'fera_ziya, 1364-Article Text-5110-1-4-20240527.docx', 'string'),
(12596, 'originalFileName', '1364-Article Text-5110-1-4-20240527.docx', 'string'),
(12596, 'submissionId', '1364', 'int'),
(12596, 'username', 'fera_ziya', 'string'),
(12597, 'fileId', '5114', 'string'),
(12597, 'fileRevision', '1', 'int'),
(12597, 'fileStage', '15', 'int'),
(12597, 'originalFileName', 'REVISI DETEKSI DINI KEHAMILAN RESIKO TINGGI MELALUI.docx', 'string'),
(12597, 'revisedFileId', NULL, 'string'),
(12597, 'submissionId', '1360', 'int'),
(12597, 'username', 'any123', 'string'),
(12598, 'fileId', '5114', 'int'),
(12598, 'fileRevision', '1', 'int'),
(12598, 'fileStage', '15', 'int'),
(12598, 'name', 'REVISI DETEKSI DINI KEHAMILAN RESIKO TINGGI MELALUI.docx', 'string'),
(12598, 'originalFileName', 'REVISI DETEKSI DINI KEHAMILAN RESIKO TINGGI MELALUI.docx', 'string'),
(12598, 'submissionId', '1360', 'int'),
(12598, 'username', 'any123', 'string'),
(12599, 'decision', 'Accept and Skip Review', 'string'),
(12599, 'editorName', 'Arya any', 'string'),
(12599, 'submissionId', '1360', 'string'),
(12600, 'fileId', '5116', 'string'),
(12600, 'fileRevision', '1', 'int'),
(12600, 'fileStage', '2', 'int'),
(12600, 'originalFileName', 'Yana Artikel Jurnal Abdi Medika 2.docx', 'string'),
(12600, 'revisedFileId', NULL, 'string'),
(12600, 'submissionId', '1365', 'int'),
(12600, 'username', 'yanaratna', 'string'),
(12601, 'fileId', '5116', 'int'),
(12601, 'fileRevision', '1', 'int'),
(12601, 'fileStage', '2', 'int'),
(12601, 'name', 'Yana Artikel Jurnal Abdi Medika 2.docx', 'string'),
(12601, 'originalFileName', 'Yana Artikel Jurnal Abdi Medika 2.docx', 'string'),
(12601, 'submissionId', '1365', 'int'),
(12601, 'username', 'yanaratna', 'string'),
(12603, 'fileId', '5117', 'string'),
(12603, 'fileRevision', '1', 'int'),
(12603, 'fileStage', '9', 'int'),
(12603, 'originalFileName', '3. NINING DETEKSI DINI KEHAMILAN RESIKO TINGGI MELALUI.docx', 'string'),
(12603, 'revisedFileId', NULL, 'string'),
(12603, 'submissionId', '1360', 'int'),
(12603, 'username', 'any123', 'string'),
(12604, 'fileId', '5117', 'int'),
(12604, 'fileRevision', '1', 'int'),
(12604, 'fileStage', '9', 'int'),
(12604, 'name', '3. NINING DETEKSI DINI KEHAMILAN RESIKO TINGGI MELALUI.docx', 'string'),
(12604, 'originalFileName', '3. NINING DETEKSI DINI KEHAMILAN RESIKO TINGGI MELALUI.docx', 'string'),
(12604, 'submissionId', '1360', 'int'),
(12604, 'username', 'any123', 'string'),
(12605, 'decision', 'Send To Production', 'string'),
(12605, 'editorName', 'Arya any', 'string'),
(12605, 'submissionId', '1360', 'string'),
(12606, 'fileId', '5119', 'string'),
(12606, 'fileRevision', '1', 'int'),
(12606, 'fileStage', '9', 'int'),
(12606, 'originalFileName', '4. HENNY REVISI PENINGKATAN PENGETAHUAN DAN KETERAMPILAN IBU MENYUSUI DALAM PEMBERIAN TERAPY KOMPLEMENTER BREAST SPA DAN P.docx', 'string'),
(12606, 'revisedFileId', NULL, 'string'),
(12606, 'submissionId', '1363', 'int'),
(12606, 'username', 'any123', 'string'),
(12607, 'fileId', '5119', 'int'),
(12607, 'fileRevision', '1', 'int'),
(12607, 'fileStage', '9', 'int'),
(12607, 'name', '4. HENNY REVISI PENINGKATAN PENGETAHUAN DAN KETERAMPILAN IBU MENYUSUI DALAM PEMBERIAN TERAPY KOMPLEMENTER BREAST SPA DAN P.docx', 'string'),
(12607, 'originalFileName', '4. HENNY REVISI PENINGKATAN PENGETAHUAN DAN KETERAMPILAN IBU MENYUSUI DALAM PEMBERIAN TERAPY KOMPLEMENTER BREAST SPA DAN P.docx', 'string'),
(12607, 'submissionId', '1363', 'int'),
(12607, 'username', 'any123', 'string'),
(12608, 'decision', 'Send To Production', 'string'),
(12608, 'editorName', 'Arya any', 'string'),
(12608, 'submissionId', '1363', 'string'),
(12610, 'name', 'Arya any', 'string'),
(12610, 'userGroupName', 'Journal editor', 'string'),
(12610, 'username', 'any123', 'string'),
(12611, 'fileId', '5121', 'string'),
(12611, 'fileRevision', '1', 'int'),
(12611, 'fileStage', '2', 'int'),
(12611, 'originalFileName', 'ke Reviewerl Jurnal Abdi Medika 2.docx', 'string'),
(12611, 'revisedFileId', NULL, 'string'),
(12611, 'submissionId', '1365', 'int'),
(12611, 'username', 'any123', 'string'),
(12612, 'decision', 'Send to Review', 'string'),
(12612, 'editorName', 'Arya any', 'string'),
(12612, 'submissionId', '1365', 'string'),
(12613, 'reviewAssignmentId', '473', 'string'),
(12613, 'reviewerName', 'Yayuk Eliyana', 'string'),
(12613, 'round', '1', 'int'),
(12613, 'stageId', '3', 'int'),
(12613, 'submissionId', '1365', 'string'),
(12614, 'fileId', '5123', 'string'),
(12614, 'fileRevision', '1', 'int'),
(12614, 'fileStage', '18', 'int'),
(12614, 'originalFileName', 'LITERATURE REVIEW ITA BAGUS REVISI 1.docx', 'string'),
(12614, 'revisedFileId', NULL, 'string'),
(12614, 'submissionId', '1364', 'int'),
(12614, 'username', 'ita24', 'string'),
(12615, 'fileId', '5123', 'int'),
(12615, 'fileRevision', '1', 'int'),
(12615, 'fileStage', '18', 'int'),
(12615, 'name', 'ita24, LITERATURE REVIEW ITA BAGUS REVISI 1.docx', 'string'),
(12615, 'originalFileName', 'LITERATURE REVIEW ITA BAGUS REVISI 1.docx', 'string'),
(12615, 'submissionId', '1364', 'int'),
(12615, 'username', 'ita24', 'string'),
(12616, 'fileId', '5124', 'string'),
(12616, 'fileRevision', '1', 'int'),
(12616, 'fileStage', '18', 'int'),
(12616, 'originalFileName', 'LITERATURE REVIEW ITA BAGUS REVISI 1.docx', 'string'),
(12616, 'revisedFileId', NULL, 'string'),
(12616, 'submissionId', '1364', 'int'),
(12616, 'username', 'ita24', 'string'),
(12617, 'fileId', '5124', 'int'),
(12617, 'fileRevision', '1', 'int'),
(12617, 'fileStage', '18', 'int'),
(12617, 'name', 'ita24, LITERATURE REVIEW ITA BAGUS REVISI 1.docx', 'string'),
(12617, 'originalFileName', 'LITERATURE REVIEW ITA BAGUS REVISI 1.docx', 'string'),
(12617, 'submissionId', '1364', 'int'),
(12617, 'username', 'ita24', 'string'),
(12618, 'reviewAssignmentId', '473', 'string'),
(12618, 'reviewerName', 'Yayuk Eliyana', 'string'),
(12618, 'round', '1', 'string'),
(12618, 'submissionId', '1365', 'string'),
(12619, 'fileId', '5125', 'string'),
(12619, 'fileRevision', '1', 'int'),
(12619, 'fileStage', '5', 'int'),
(12619, 'originalFileName', 'Dari Reviewer Jurnal Abdi Medika 2 - Copy.docx', 'string'),
(12619, 'revisedFileId', NULL, 'string'),
(12619, 'submissionId', '1365', 'int'),
(12619, 'username', 'yayuk21', 'string'),
(12620, 'fileId', '5125', 'int'),
(12620, 'fileRevision', '1', 'int'),
(12620, 'fileStage', '5', 'int'),
(12620, 'name', ', Dari Reviewer Jurnal Abdi Medika 2 - Copy.docx', 'string'),
(12620, 'originalFileName', 'Dari Reviewer Jurnal Abdi Medika 2 - Copy.docx', 'string'),
(12620, 'submissionId', '1365', 'int'),
(12620, 'username', 'yayuk21', 'string'),
(12621, 'fileId', '5126', 'string'),
(12621, 'fileRevision', '1', 'int'),
(12621, 'fileStage', '18', 'int'),
(12621, 'originalFileName', 'Dari Editor  Artikel Jurnal Abdi Medika 2.docx', 'string'),
(12621, 'revisedFileId', NULL, 'string'),
(12621, 'submissionId', '1365', 'int'),
(12621, 'username', 'any123', 'string'),
(12622, 'fileId', '5126', 'int'),
(12622, 'fileRevision', '1', 'int'),
(12622, 'fileStage', '18', 'int'),
(12622, 'name', 'Dari Editor  Artikel Jurnal Abdi Medika 2.docx', 'string'),
(12622, 'originalFileName', 'Dari Editor  Artikel Jurnal Abdi Medika 2.docx', 'string'),
(12622, 'submissionId', '1365', 'int'),
(12622, 'username', 'any123', 'string'),
(12623, 'fileId', '5127', 'string'),
(12623, 'fileRevision', '1', 'int'),
(12623, 'fileStage', '18', 'int'),
(12623, 'originalFileName', 'Dari Reviewer Jurnal Abdi Medika 2 - Copy.docx', 'string'),
(12623, 'revisedFileId', NULL, 'string'),
(12623, 'submissionId', '1365', 'int'),
(12623, 'username', 'any123', 'string'),
(12624, 'fileId', '5127', 'int'),
(12624, 'fileRevision', '1', 'int'),
(12624, 'fileStage', '18', 'int'),
(12624, 'name', 'Dari Reviewer Jurnal Abdi Medika 2', 'string'),
(12624, 'originalFileName', 'Dari Reviewer Jurnal Abdi Medika 2 - Copy.docx', 'string'),
(12624, 'submissionId', '1365', 'int'),
(12624, 'username', 'any123', 'string'),
(12625, 'fileId', '5128', 'string'),
(12625, 'fileRevision', '1', 'int'),
(12625, 'fileStage', '18', 'int'),
(12625, 'originalFileName', 'Revisi Yana Artikel Jurnal Abdi Medika 2 - Copy.docx', 'string'),
(12625, 'revisedFileId', NULL, 'string'),
(12625, 'submissionId', '1365', 'int'),
(12625, 'username', 'yanaratna', 'string'),
(12626, 'fileId', '5128', 'int'),
(12626, 'fileRevision', '1', 'int'),
(12626, 'fileStage', '18', 'int'),
(12626, 'name', 'Revisi Yana Artikel Jurnal Abdi Medika 2 - Copy.docx', 'string'),
(12626, 'originalFileName', 'Revisi Yana Artikel Jurnal Abdi Medika 2 - Copy.docx', 'string'),
(12626, 'submissionId', '1365', 'int'),
(12626, 'username', 'yanaratna', 'string'),
(12627, 'fileId', '5129', 'string'),
(12627, 'fileRevision', '1', 'int'),
(12627, 'fileStage', '15', 'int'),
(12627, 'originalFileName', 'Revisi Yana Artikel Jurnal Abdi Medika 2 - Copy.docx', 'string'),
(12627, 'revisedFileId', NULL, 'string'),
(12627, 'submissionId', '1365', 'int'),
(12627, 'username', 'any123', 'string'),
(12628, 'fileId', '5129', 'int'),
(12628, 'fileRevision', '1', 'int'),
(12628, 'fileStage', '15', 'int'),
(12628, 'name', 'Revisi Yana Artikel Jurnal Abdi Medika 2 - Copy.docx', 'string'),
(12628, 'originalFileName', 'Revisi Yana Artikel Jurnal Abdi Medika 2 - Copy.docx', 'string'),
(12628, 'submissionId', '1365', 'int'),
(12628, 'username', 'any123', 'string'),
(12629, 'decision', 'Accept and Skip Review', 'string'),
(12629, 'editorName', 'Arya any', 'string'),
(12629, 'submissionId', '1365', 'string'),
(12630, 'decision', 'Send To Production', 'string'),
(12630, 'editorName', 'Arya any', 'string'),
(12630, 'submissionId', '1365', 'string'),
(12631, 'fileId', '5133', 'string'),
(12631, 'fileRevision', '1', 'int'),
(12631, 'fileStage', '15', 'int'),
(12631, 'originalFileName', 'artikel 9.docx', 'string'),
(12631, 'revisedFileId', NULL, 'string'),
(12631, 'submissionId', '1364', 'int'),
(12631, 'username', 'fera_ziya', 'string'),
(12632, 'fileId', '5133', 'int'),
(12632, 'fileRevision', '1', 'int'),
(12632, 'fileStage', '15', 'int'),
(12632, 'name', 'artikel 9.docx', 'string'),
(12632, 'originalFileName', 'artikel 9.docx', 'string'),
(12632, 'submissionId', '1364', 'int'),
(12632, 'username', 'fera_ziya', 'string'),
(12633, 'decision', 'Accept and Skip Review', 'string'),
(12633, 'editorName', 'fera yuli setiyaningsih', 'string'),
(12633, 'submissionId', '1364', 'string'),
(12634, 'decision', 'Send To Production', 'string'),
(12634, 'editorName', 'fera yuli setiyaningsih', 'string'),
(12634, 'submissionId', '1364', 'string'),
(12635, 'fileId', '5137', 'string'),
(12635, 'fileRevision', '1', 'int'),
(12635, 'fileStage', '10', 'int'),
(12635, 'originalFileName', 'artikel 1.pdf', 'string'),
(12635, 'revisedFileId', NULL, 'string'),
(12635, 'submissionId', '1210', 'int'),
(12635, 'username', 'fera_ziya', 'string'),
(12636, 'fileId', '5137', 'int'),
(12636, 'fileRevision', '1', 'int'),
(12636, 'fileStage', '10', 'int'),
(12636, 'name', 'artikel 1.pdf', 'string'),
(12636, 'originalFileName', 'artikel 1.pdf', 'string'),
(12636, 'submissionId', '1210', 'int'),
(12636, 'username', 'fera_ziya', 'string'),
(12638, 'fileId', '5138', 'string'),
(12638, 'fileRevision', '1', 'int'),
(12638, 'fileStage', '10', 'int'),
(12638, 'originalFileName', 'artikel 2.pdf', 'string'),
(12638, 'revisedFileId', NULL, 'string'),
(12638, 'submissionId', '1216', 'int'),
(12638, 'username', 'fera_ziya', 'string'),
(12639, 'fileId', '5138', 'int'),
(12639, 'fileRevision', '1', 'int'),
(12639, 'fileStage', '10', 'int'),
(12639, 'name', 'artikel 2.pdf', 'string'),
(12639, 'originalFileName', 'artikel 2.pdf', 'string'),
(12639, 'submissionId', '1216', 'int'),
(12639, 'username', 'fera_ziya', 'string'),
(12640, 'fileId', '5139', 'string'),
(12640, 'fileRevision', '1', 'int'),
(12640, 'fileStage', '2', 'int'),
(12640, 'originalFileName', 'Scoping Review Pengaruh Konsumsi Coklat Hitam dalam Menurunkan Tekanan Darah Tinggi pada Penderita Hipertensi.docx', 'string'),
(12640, 'revisedFileId', NULL, 'string'),
(12640, 'submissionId', '1366', 'int'),
(12640, 'username', 'archangelanatasya', 'string'),
(12642, 'fileId', '5139', 'int'),
(12642, 'fileRevision', '1', 'int'),
(12642, 'fileStage', '2', 'int'),
(12642, 'name', 'archangelanatasya, Scoping Review Pengaruh Konsumsi Coklat Hitam dalam Menurunkan Tekanan Darah Tinggi pada Penderita Hipertensi.docx', 'string'),
(12642, 'originalFileName', 'Scoping Review Pengaruh Konsumsi Coklat Hitam dalam Menurunkan Tekanan Darah Tinggi pada Penderita Hipertensi.docx', 'string'),
(12642, 'submissionId', '1366', 'int'),
(12642, 'username', 'archangelanatasya', 'string'),
(12643, 'fileId', '5140', 'string'),
(12643, 'fileRevision', '1', 'int'),
(12643, 'fileStage', '10', 'int'),
(12643, 'originalFileName', 'artikel 3.pdf', 'string'),
(12643, 'revisedFileId', NULL, 'string'),
(12643, 'submissionId', '1288', 'int'),
(12643, 'username', 'fera_ziya', 'string'),
(12644, 'fileId', '5140', 'int'),
(12644, 'fileRevision', '1', 'int'),
(12644, 'fileStage', '10', 'int'),
(12644, 'name', 'artikel 3.pdf', 'string'),
(12644, 'originalFileName', 'artikel 3.pdf', 'string'),
(12644, 'submissionId', '1288', 'int'),
(12644, 'username', 'fera_ziya', 'string'),
(12646, 'fileId', '5141', 'string'),
(12646, 'fileRevision', '1', 'int'),
(12646, 'fileStage', '10', 'int'),
(12646, 'originalFileName', 'artikel 4.pdf', 'string'),
(12646, 'revisedFileId', NULL, 'string'),
(12646, 'submissionId', '1355', 'int'),
(12646, 'username', 'fera_ziya', 'string'),
(12647, 'fileId', '5141', 'int'),
(12647, 'fileRevision', '1', 'int'),
(12647, 'fileStage', '10', 'int'),
(12647, 'name', 'artikel 4.pdf', 'string'),
(12647, 'originalFileName', 'artikel 4.pdf', 'string'),
(12647, 'submissionId', '1355', 'int'),
(12647, 'username', 'fera_ziya', 'string'),
(12649, 'fileId', '5142', 'string'),
(12649, 'fileRevision', '1', 'int'),
(12649, 'fileStage', '10', 'int'),
(12649, 'originalFileName', 'artikel 5.pdf', 'string'),
(12649, 'revisedFileId', NULL, 'string'),
(12649, 'submissionId', '1354', 'int'),
(12649, 'username', 'fera_ziya', 'string'),
(12650, 'fileId', '5142', 'int'),
(12650, 'fileRevision', '1', 'int'),
(12650, 'fileStage', '10', 'int'),
(12650, 'name', 'artikel 5.pdf', 'string'),
(12650, 'originalFileName', 'artikel 5.pdf', 'string'),
(12650, 'submissionId', '1354', 'int'),
(12650, 'username', 'fera_ziya', 'string'),
(12652, 'fileId', '5143', 'string'),
(12652, 'fileRevision', '1', 'int'),
(12652, 'fileStage', '10', 'int'),
(12652, 'originalFileName', 'artikel 6.pdf', 'string'),
(12652, 'revisedFileId', NULL, 'string'),
(12652, 'submissionId', '1357', 'int'),
(12652, 'username', 'fera_ziya', 'string'),
(12653, 'fileId', '5143', 'int'),
(12653, 'fileRevision', '1', 'int'),
(12653, 'fileStage', '10', 'int'),
(12653, 'name', 'artikel 6.pdf', 'string'),
(12653, 'originalFileName', 'artikel 6.pdf', 'string'),
(12653, 'submissionId', '1357', 'int'),
(12653, 'username', 'fera_ziya', 'string'),
(12655, 'fileId', '5144', 'string'),
(12655, 'fileRevision', '1', 'int'),
(12655, 'fileStage', '10', 'int'),
(12655, 'originalFileName', 'artikel 7.pdf', 'string'),
(12655, 'revisedFileId', NULL, 'string'),
(12655, 'submissionId', '1333', 'int'),
(12655, 'username', 'fera_ziya', 'string'),
(12656, 'fileId', '5144', 'int'),
(12656, 'fileRevision', '1', 'int'),
(12656, 'fileStage', '10', 'int'),
(12656, 'name', 'artikel 7.pdf', 'string'),
(12656, 'originalFileName', 'artikel 7.pdf', 'string'),
(12656, 'submissionId', '1333', 'int'),
(12656, 'username', 'fera_ziya', 'string'),
(12658, 'fileId', '5145', 'string'),
(12658, 'fileRevision', '1', 'int'),
(12658, 'fileStage', '10', 'int'),
(12658, 'originalFileName', 'artikel 8.pdf', 'string'),
(12658, 'revisedFileId', NULL, 'string'),
(12658, 'submissionId', '1320', 'int'),
(12658, 'username', 'fera_ziya', 'string'),
(12659, 'fileId', '5145', 'int'),
(12659, 'fileRevision', '1', 'int'),
(12659, 'fileStage', '10', 'int'),
(12659, 'name', 'artikel 8.pdf', 'string'),
(12659, 'originalFileName', 'artikel 8.pdf', 'string'),
(12659, 'submissionId', '1320', 'int'),
(12659, 'username', 'fera_ziya', 'string'),
(12662, 'fileId', '5146', 'string'),
(12662, 'fileRevision', '1', 'int'),
(12662, 'fileStage', '10', 'int'),
(12662, 'originalFileName', 'artikel 9.pdf', 'string'),
(12662, 'revisedFileId', NULL, 'string'),
(12662, 'submissionId', '1364', 'int'),
(12662, 'username', 'fera_ziya', 'string'),
(12663, 'fileId', '5146', 'int'),
(12663, 'fileRevision', '1', 'int'),
(12663, 'fileStage', '10', 'int'),
(12663, 'name', 'artikel 9.pdf', 'string'),
(12663, 'originalFileName', 'artikel 9.pdf', 'string'),
(12663, 'submissionId', '1364', 'int'),
(12663, 'username', 'fera_ziya', 'string'),
(12664, 'fileId', '5147', 'string'),
(12664, 'fileRevision', '1', 'int'),
(12664, 'fileStage', '10', 'int'),
(12664, 'originalFileName', 'artikel 9.pdf', 'string'),
(12664, 'revisedFileId', NULL, 'string'),
(12664, 'submissionId', '1364', 'int'),
(12664, 'username', 'fera_ziya', 'string'),
(12665, 'fileId', '5147', 'int'),
(12665, 'fileRevision', '1', 'int'),
(12665, 'fileStage', '10', 'int'),
(12665, 'name', 'artikel 9.pdf', 'string'),
(12665, 'originalFileName', 'artikel 9.pdf', 'string'),
(12665, 'submissionId', '1364', 'int'),
(12665, 'username', 'fera_ziya', 'string'),
(12669, 'fileId', '5148', 'string'),
(12669, 'fileRevision', '1', 'int'),
(12669, 'fileStage', '10', 'int'),
(12669, 'originalFileName', '1. LUSIANA M Artikel Effleurage Massage.pdf', 'string'),
(12669, 'revisedFileId', NULL, 'string'),
(12669, 'submissionId', '1343', 'int'),
(12669, 'username', 'any123', 'string'),
(12670, 'fileId', '5148', 'int'),
(12670, 'fileRevision', '1', 'int'),
(12670, 'fileStage', '10', 'int'),
(12670, 'name', '1. LUSIANA M Artikel Effleurage Massage.pdf', 'string'),
(12670, 'originalFileName', '1. LUSIANA M Artikel Effleurage Massage.pdf', 'string'),
(12670, 'submissionId', '1343', 'int'),
(12670, 'username', 'any123', 'string'),
(12678, 'fileId', '5149', 'string'),
(12678, 'fileRevision', '1', 'int'),
(12678, 'fileStage', '10', 'int');
INSERT INTO `event_log_settings` (`log_id`, `setting_name`, `setting_value`, `setting_type`) VALUES
(12678, 'originalFileName', '2. HARNANIK MANFAAT PRENATAL MASSAGE DAN FACIAL AROMA TERAPI UNTUK MEREDAKAN STRESS PADA IBU HAMIL DI DESA MAYANGAN PUSKESM.pdf', 'string'),
(12678, 'revisedFileId', NULL, 'string'),
(12678, 'submissionId', '1358', 'int'),
(12678, 'username', 'any123', 'string'),
(12679, 'fileId', '5149', 'int'),
(12679, 'fileRevision', '1', 'int'),
(12679, 'fileStage', '10', 'int'),
(12679, 'name', '2. HARNANIK MANFAAT PRENATAL MASSAGE DAN FACIAL AROMA TERAPI UNTUK MEREDAKAN STRESS PADA IBU HAMIL DI DESA MAYANGAN PUSKESM.pdf', 'string'),
(12679, 'originalFileName', '2. HARNANIK MANFAAT PRENATAL MASSAGE DAN FACIAL AROMA TERAPI UNTUK MEREDAKAN STRESS PADA IBU HAMIL DI DESA MAYANGAN PUSKESM.pdf', 'string'),
(12679, 'submissionId', '1358', 'int'),
(12679, 'username', 'any123', 'string'),
(12683, 'fileId', '5150', 'string'),
(12683, 'fileRevision', '1', 'int'),
(12683, 'fileStage', '10', 'int'),
(12683, 'originalFileName', '3. NINING DETEKSI DINI KEHAMILAN RESIKO TINGGI MELALUI.pdf', 'string'),
(12683, 'revisedFileId', NULL, 'string'),
(12683, 'submissionId', '1360', 'int'),
(12683, 'username', 'any123', 'string'),
(12684, 'fileId', '5150', 'int'),
(12684, 'fileRevision', '1', 'int'),
(12684, 'fileStage', '10', 'int'),
(12684, 'name', '3. NINING DETEKSI DINI KEHAMILAN RESIKO TINGGI MELALUI.pdf', 'string'),
(12684, 'originalFileName', '3. NINING DETEKSI DINI KEHAMILAN RESIKO TINGGI MELALUI.pdf', 'string'),
(12684, 'submissionId', '1360', 'int'),
(12684, 'username', 'any123', 'string'),
(12687, 'fileId', '5151', 'string'),
(12687, 'fileRevision', '1', 'int'),
(12687, 'fileStage', '10', 'int'),
(12687, 'originalFileName', '4. HENNY REVISI PENINGKATAN PENGETAHUAN DAN KETERAMPILAN IBU MENYUSUI DALAM PEMBERIAN TERAPY KOMPLEMENTER BREAST SPA DAN PI.pdf', 'string'),
(12687, 'revisedFileId', NULL, 'string'),
(12687, 'submissionId', '1363', 'int'),
(12687, 'username', 'any123', 'string'),
(12688, 'fileId', '5151', 'int'),
(12688, 'fileRevision', '1', 'int'),
(12688, 'fileStage', '10', 'int'),
(12688, 'name', '4. HENNY REVISI PENINGKATAN PENGETAHUAN DAN KETERAMPILAN IBU MENYUSUI DALAM PEMBERIAN TERAPY KOMPLEMENTER BREAST SPA DAN PI.pdf', 'string'),
(12688, 'originalFileName', '4. HENNY REVISI PENINGKATAN PENGETAHUAN DAN KETERAMPILAN IBU MENYUSUI DALAM PEMBERIAN TERAPY KOMPLEMENTER BREAST SPA DAN PI.pdf', 'string'),
(12688, 'submissionId', '1363', 'int'),
(12688, 'username', 'any123', 'string'),
(12690, 'fileId', '5152', 'string'),
(12690, 'fileRevision', '1', 'int'),
(12690, 'fileStage', '10', 'int'),
(12690, 'originalFileName', '5. Yana Artikel Jurnal Abdi Medika 2 - Copy.pdf', 'string'),
(12690, 'revisedFileId', NULL, 'string'),
(12690, 'submissionId', '1365', 'int'),
(12690, 'username', 'any123', 'string'),
(12691, 'fileId', '5152', 'int'),
(12691, 'fileRevision', '1', 'int'),
(12691, 'fileStage', '10', 'int'),
(12691, 'name', '5. Yana Artikel Jurnal Abdi Medika 2 - Copy.pdf', 'string'),
(12691, 'originalFileName', '5. Yana Artikel Jurnal Abdi Medika 2 - Copy.pdf', 'string'),
(12691, 'submissionId', '1365', 'int'),
(12691, 'username', 'any123', 'string'),
(12699, 'fileId', '5153', 'string'),
(12699, 'fileRevision', '1', 'int'),
(12699, 'fileStage', '10', 'int'),
(12699, 'originalFileName', '1. LUSIANA M Artikel Effleurage Massage.pdf', 'string'),
(12699, 'revisedFileId', NULL, 'string'),
(12699, 'submissionId', '1343', 'int'),
(12699, 'username', 'admin_jam', 'string'),
(12700, 'fileId', '5153', 'int'),
(12700, 'fileRevision', '1', 'int'),
(12700, 'fileStage', '10', 'int'),
(12700, 'name', 'LUSIANA M Artikel Effleurage Massage.pdf', 'string'),
(12700, 'originalFileName', '1. LUSIANA M Artikel Effleurage Massage.pdf', 'string'),
(12700, 'submissionId', '1343', 'int'),
(12700, 'username', 'admin_jam', 'string'),
(12703, 'fileId', '5153', 'int'),
(12703, 'fileRevision', '2', 'int'),
(12703, 'fileStage', '10', 'int'),
(12703, 'originalFileName', '1. OK LUSIANA M Artikel Effleurage Massage.pdf', 'string'),
(12703, 'revisedFileId', '5153', 'int'),
(12703, 'submissionId', '1343', 'int'),
(12703, 'username', 'any123', 'string'),
(12704, 'fileId', '5153', 'int'),
(12704, 'fileRevision', '2', 'int'),
(12704, 'fileStage', '10', 'int'),
(12704, 'name', '1. OK LUSIANA M Artikel Effleurage Massage.pdf', 'string'),
(12704, 'originalFileName', '1. OK LUSIANA M Artikel Effleurage Massage.pdf', 'string'),
(12704, 'submissionId', '1343', 'int'),
(12704, 'username', 'any123', 'string'),
(12705, 'fileId', '5149', 'int'),
(12705, 'fileRevision', '2', 'int'),
(12705, 'fileStage', '10', 'int'),
(12705, 'originalFileName', '2. OK HARNANIK MANFAAT PRENATAL MASSAGE DAN FACIAL AROMA TERAPI UNTUK MEREDAKAN STRESS PADA IBU HAMIL DI DESA MAYANGAN PUSK.pdf', 'string'),
(12705, 'revisedFileId', '5149', 'int'),
(12705, 'submissionId', '1358', 'int'),
(12705, 'username', 'any123', 'string'),
(12706, 'fileId', '5149', 'int'),
(12706, 'fileRevision', '2', 'int'),
(12706, 'fileStage', '10', 'int'),
(12706, 'name', '2. OK HARNANIK MANFAAT PRENATAL MASSAGE DAN FACIAL AROMA TERAPI UNTUK MEREDAKAN STRESS PADA IBU HAMIL DI DESA MAYANGAN PUSK.pdf', 'string'),
(12706, 'originalFileName', '2. OK HARNANIK MANFAAT PRENATAL MASSAGE DAN FACIAL AROMA TERAPI UNTUK MEREDAKAN STRESS PADA IBU HAMIL DI DESA MAYANGAN PUSK.pdf', 'string'),
(12706, 'submissionId', '1358', 'int'),
(12706, 'username', 'any123', 'string'),
(12707, 'fileId', '5150', 'int'),
(12707, 'fileRevision', '2', 'int'),
(12707, 'fileStage', '10', 'int'),
(12707, 'originalFileName', '3. OK NINING DETEKSI DINI KEHAMILAN RESIKO TINGGI MELALUI.pdf', 'string'),
(12707, 'revisedFileId', '5150', 'int'),
(12707, 'submissionId', '1360', 'int'),
(12707, 'username', 'any123', 'string'),
(12708, 'fileId', '5150', 'int'),
(12708, 'fileRevision', '2', 'int'),
(12708, 'fileStage', '10', 'int'),
(12708, 'name', '3. OK NINING DETEKSI DINI KEHAMILAN RESIKO TINGGI MELALUI.pdf', 'string'),
(12708, 'originalFileName', '3. OK NINING DETEKSI DINI KEHAMILAN RESIKO TINGGI MELALUI.pdf', 'string'),
(12708, 'submissionId', '1360', 'int'),
(12708, 'username', 'any123', 'string'),
(12709, 'fileId', '5151', 'int'),
(12709, 'fileRevision', '2', 'int'),
(12709, 'fileStage', '10', 'int'),
(12709, 'originalFileName', '4. OK HENNY REVISI PENINGKATAN PENGETAHUAN DAN KETERAMPILAN IBU MENYUSUI DALAM PEMBERIAN TERAPY KOMPLEMENTER BREAST SPA DAN.pdf', 'string'),
(12709, 'revisedFileId', '5151', 'int'),
(12709, 'submissionId', '1363', 'int'),
(12709, 'username', 'any123', 'string'),
(12710, 'fileId', '5151', 'int'),
(12710, 'fileRevision', '2', 'int'),
(12710, 'fileStage', '10', 'int'),
(12710, 'name', '4. OK HENNY REVISI PENINGKATAN PENGETAHUAN DAN KETERAMPILAN IBU MENYUSUI DALAM PEMBERIAN TERAPY KOMPLEMENTER BREAST SPA DAN.pdf', 'string'),
(12710, 'originalFileName', '4. OK HENNY REVISI PENINGKATAN PENGETAHUAN DAN KETERAMPILAN IBU MENYUSUI DALAM PEMBERIAN TERAPY KOMPLEMENTER BREAST SPA DAN.pdf', 'string'),
(12710, 'submissionId', '1363', 'int'),
(12710, 'username', 'any123', 'string'),
(12711, 'fileId', '5152', 'int'),
(12711, 'fileRevision', '2', 'int'),
(12711, 'fileStage', '10', 'int'),
(12711, 'originalFileName', '5. OK Yana Artikel Jurnal Abdi Medika 2.pdf', 'string'),
(12711, 'revisedFileId', '5152', 'int'),
(12711, 'submissionId', '1365', 'int'),
(12711, 'username', 'any123', 'string'),
(12712, 'fileId', '5152', 'int'),
(12712, 'fileRevision', '2', 'int'),
(12712, 'fileStage', '10', 'int'),
(12712, 'name', '5. OK Yana Artikel Jurnal Abdi Medika 2.pdf', 'string'),
(12712, 'originalFileName', '5. OK Yana Artikel Jurnal Abdi Medika 2.pdf', 'string'),
(12712, 'submissionId', '1365', 'int'),
(12712, 'username', 'any123', 'string'),
(12715, 'fileId', '5154', 'string'),
(12715, 'fileRevision', '1', 'int'),
(12715, 'fileStage', '2', 'int'),
(12715, 'originalFileName', 'DAFTAR REKAPITULASI PEMBAYARAN JURNAL KEBIDANAN edisi maret 2024.docx', 'string'),
(12715, 'revisedFileId', NULL, 'string'),
(12715, 'submissionId', '1367', 'int'),
(12715, 'username', 'nunuknurhayati', 'string'),
(12716, 'fileId', '5154', 'int'),
(12716, 'fileRevision', '1', 'int'),
(12716, 'fileStage', '2', 'int'),
(12716, 'name', 'nunuknurhayati, DAFTAR REKAPITULASI PEMBAYARAN JURNAL KEBIDANAN edisi maret 2024.docx', 'string'),
(12716, 'originalFileName', 'DAFTAR REKAPITULASI PEMBAYARAN JURNAL KEBIDANAN edisi maret 2024.docx', 'string'),
(12716, 'submissionId', '1367', 'int'),
(12716, 'username', 'nunuknurhayati', 'string'),
(12720, 'fileId', '5155', 'string'),
(12720, 'fileRevision', '1', 'int'),
(12720, 'fileStage', '2', 'int'),
(12720, 'originalFileName', 'deni Studi Literatur.docx', 'string'),
(12720, 'revisedFileId', NULL, 'string'),
(12720, 'submissionId', '1368', 'int'),
(12720, 'username', 'deni24', 'string'),
(12721, 'fileId', '5155', 'int'),
(12721, 'fileRevision', '1', 'int'),
(12721, 'fileStage', '2', 'int'),
(12721, 'name', 'deni Studi Literatur.docx', 'string'),
(12721, 'originalFileName', 'deni Studi Literatur.docx', 'string'),
(12721, 'submissionId', '1368', 'int'),
(12721, 'username', 'deni24', 'string'),
(12723, 'fileId', '5156', 'string'),
(12723, 'fileRevision', '1', 'int'),
(12723, 'fileStage', '18', 'int'),
(12723, 'originalFileName', 'deni Studi Literatur.docx', 'string'),
(12723, 'revisedFileId', NULL, 'string'),
(12723, 'submissionId', '1368', 'int'),
(12723, 'username', 'fera_ziya', 'string'),
(12724, 'fileId', '5156', 'int'),
(12724, 'fileRevision', '1', 'int'),
(12724, 'fileStage', '18', 'int'),
(12724, 'name', 'deni Studi Literatur.docx', 'string'),
(12724, 'originalFileName', 'deni Studi Literatur.docx', 'string'),
(12724, 'submissionId', '1368', 'int'),
(12724, 'username', 'fera_ziya', 'string'),
(12726, 'name', 'Nining Mustika Ningrum', 'string'),
(12726, 'userGroupName', 'Journal editor', 'string'),
(12726, 'username', 'nining', 'string'),
(12727, 'fileId', '5157', 'string'),
(12727, 'fileRevision', '1', 'int'),
(12727, 'fileStage', '2', 'int'),
(12727, 'originalFileName', '1. Ahmad ariyanto.docx', 'string'),
(12727, 'revisedFileId', NULL, 'string'),
(12727, 'submissionId', '1359', 'int'),
(12727, 'username', 'nining', 'string'),
(12728, 'fileId', '5157', 'int'),
(12728, 'fileRevision', '1', 'int'),
(12728, 'fileStage', '2', 'int'),
(12728, 'name', 'nining, 1. Ahmad ariyanto.docx', 'string'),
(12728, 'originalFileName', '1. Ahmad ariyanto.docx', 'string'),
(12728, 'submissionId', '1359', 'int'),
(12728, 'username', 'nining', 'string'),
(12729, 'decision', 'Send to Review', 'string'),
(12729, 'editorName', 'Nining Mustika Ningrum', 'string'),
(12729, 'submissionId', '1359', 'string'),
(12730, 'fileId', '5158', 'int'),
(12730, 'fileRevision', '1', 'int'),
(12730, 'fileStage', '4', 'int'),
(12730, 'originalFileName', '1. Ahmad ariyanto.docx', 'string'),
(12730, 'sourceFileId', '5157', 'int'),
(12730, 'submissionId', '1359', 'int'),
(12730, 'username', 'nining', 'string'),
(12731, 'reviewAssignmentId', '474', 'string'),
(12731, 'reviewerName', 'farachbaru jurnal icme', 'string'),
(12731, 'round', '1', 'int'),
(12731, 'stageId', '3', 'int'),
(12731, 'submissionId', '1359', 'string'),
(12732, 'fileId', '4156', 'int'),
(12732, 'fileRevision', '1', 'int'),
(12732, 'fileStage', '2', 'int'),
(12732, 'name', 'tiyas123, Hubungan Kecerdasan Emosional dengan Perilaku Agresif pada Remaja SMP Kelas IX.docx', 'string'),
(12732, 'originalFileName', 'Hubungan Kecerdasan Emosional dengan Perilaku Agresif pada Remaja SMP Kelas IX.docx', 'string'),
(12732, 'submissionId', '1219', 'int'),
(12732, 'username', 'tiyas123', 'string'),
(12733, 'fileId', '5159', 'string'),
(12733, 'fileRevision', '1', 'int'),
(12733, 'fileStage', '18', 'int'),
(12733, 'originalFileName', 'jurnal.docx', 'string'),
(12733, 'revisedFileId', NULL, 'string'),
(12733, 'submissionId', '1219', 'int'),
(12733, 'username', 'tiyas123', 'string'),
(12734, 'fileId', '5159', 'int'),
(12734, 'fileRevision', '1', 'int'),
(12734, 'fileStage', '18', 'int'),
(12734, 'name', 'tiyas123, Hubungan Kecerdasan Emosional dengan Perilaku Agresif pada Remaja SMP Kelas IX.docx', 'string'),
(12734, 'originalFileName', 'jurnal.docx', 'string'),
(12734, 'submissionId', '1219', 'int'),
(12734, 'username', 'tiyas123', 'string'),
(12735, 'fileId', '5160', 'string'),
(12735, 'fileRevision', '1', 'int'),
(12735, 'fileStage', '18', 'int'),
(12735, 'originalFileName', 'jurnal.docx', 'string'),
(12735, 'revisedFileId', NULL, 'string'),
(12735, 'submissionId', '1219', 'int'),
(12735, 'username', 'tiyas123', 'string'),
(12736, 'fileId', '5160', 'int'),
(12736, 'fileRevision', '1', 'int'),
(12736, 'fileStage', '18', 'int'),
(12736, 'name', 'tiyas123, Hubungan Kecerdasan Emosional dengan Perilaku Agresif pada Remaja SMP Kelas IX.docx', 'string'),
(12736, 'originalFileName', 'jurnal.docx', 'string'),
(12736, 'submissionId', '1219', 'int'),
(12736, 'username', 'tiyas123', 'string'),
(12737, 'fileId', '5160', 'int'),
(12737, 'fileRevision', '2', 'int'),
(12737, 'fileStage', '18', 'int'),
(12737, 'originalFileName', 'jurnal.docx', 'string'),
(12737, 'revisedFileId', '5160', 'int'),
(12737, 'submissionId', '1219', 'int'),
(12737, 'username', 'tiyas123', 'string'),
(12738, 'fileId', '5160', 'int'),
(12738, 'fileRevision', '2', 'int'),
(12738, 'fileStage', '18', 'int'),
(12738, 'name', 'tiyas123, Hubungan Kecerdasan Emosional dengan Perilaku Agresif pada Remaja SMP Kelas IX.docx', 'string'),
(12738, 'originalFileName', 'jurnal.docx', 'string'),
(12738, 'submissionId', '1219', 'int'),
(12738, 'username', 'tiyas123', 'string'),
(12739, 'fileId', '4156', 'int'),
(12739, 'fileRevision', '1', 'int'),
(12739, 'fileStage', '2', 'int'),
(12739, 'name', 'tiyas123, Hubungan Kecerdasan Emosional dengan Perilaku Agresif pada Remaja SMP Kelas IX.docx', 'string'),
(12739, 'originalFileName', 'Hubungan Kecerdasan Emosional dengan Perilaku Agresif pada Remaja SMP Kelas IX.docx', 'string'),
(12739, 'submissionId', '1219', 'int'),
(12739, 'username', 'tiyas123', 'string'),
(12740, 'fileId', '4156', 'int'),
(12740, 'fileRevision', '1', 'int'),
(12740, 'fileStage', '2', 'int'),
(12740, 'name', 'tiyas123, Hubungan Kecerdasan Emosional dengan Perilaku Agresif pada Remaja SMP Kelas IX.docx', 'string'),
(12740, 'originalFileName', 'Hubungan Kecerdasan Emosional dengan Perilaku Agresif pada Remaja SMP Kelas IX.docx', 'string'),
(12740, 'submissionId', '1219', 'int'),
(12740, 'username', 'tiyas123', 'string'),
(12741, 'fileId', '5161', 'string'),
(12741, 'fileRevision', '1', 'int'),
(12741, 'fileStage', '18', 'int'),
(12741, 'originalFileName', 'Deni literatur review icme.docx', 'string'),
(12741, 'revisedFileId', NULL, 'string'),
(12741, 'submissionId', '1368', 'int'),
(12741, 'username', 'deni24', 'string'),
(12742, 'fileId', '5161', 'int'),
(12742, 'fileRevision', '1', 'int'),
(12742, 'fileStage', '18', 'int'),
(12742, 'name', 'deni24, Deni literatur review icme.docx', 'string'),
(12742, 'originalFileName', 'Deni literatur review icme.docx', 'string'),
(12742, 'submissionId', '1368', 'int'),
(12742, 'username', 'deni24', 'string'),
(12743, 'fileId', '5161', 'int'),
(12743, 'fileRevision', '2', 'int'),
(12743, 'fileStage', '18', 'int'),
(12743, 'originalFileName', 'Deni literatur review icme.docx', 'string'),
(12743, 'revisedFileId', '5161', 'int'),
(12743, 'submissionId', '1368', 'int'),
(12743, 'username', 'deni24', 'string'),
(12744, 'fileId', '5161', 'int'),
(12744, 'fileRevision', '2', 'int'),
(12744, 'fileStage', '18', 'int'),
(12744, 'name', 'deni24, Deni literatur review icme.docx', 'string'),
(12744, 'originalFileName', 'Deni literatur review icme.docx', 'string'),
(12744, 'submissionId', '1368', 'int'),
(12744, 'username', 'deni24', 'string'),
(12745, 'fileId', '4156', 'int'),
(12745, 'fileRevision', '1', 'int'),
(12745, 'fileStage', '2', 'int'),
(12745, 'name', 'tiyas123, Hubungan Kecerdasan Emosional dengan Perilaku Agresif pada Remaja SMP Kelas IX.docx', 'string'),
(12745, 'originalFileName', 'Hubungan Kecerdasan Emosional dengan Perilaku Agresif pada Remaja SMP Kelas IX.docx', 'string'),
(12745, 'submissionId', '1219', 'int'),
(12745, 'username', 'tiyas123', 'string'),
(12746, 'fileId', '5162', 'string'),
(12746, 'fileRevision', '1', 'int'),
(12746, 'fileStage', '2', 'int'),
(12746, 'originalFileName', 'jurnal.docx', 'string'),
(12746, 'revisedFileId', NULL, 'string'),
(12746, 'submissionId', '1369', 'int'),
(12746, 'username', 'tiyas123', 'string'),
(12747, 'fileId', '5162', 'int'),
(12747, 'fileRevision', '1', 'int'),
(12747, 'fileStage', '2', 'int'),
(12747, 'name', 'tiyas123, Hubungan Kecerdasan Emosional dengan Perilaku Agresif pada Remaja SMP Kelas IX.docx', 'string'),
(12747, 'originalFileName', 'jurnal.docx', 'string'),
(12747, 'submissionId', '1369', 'int'),
(12747, 'username', 'tiyas123', 'string'),
(12748, 'fileId', '5162', 'int'),
(12748, 'fileRevision', '2', 'int'),
(12748, 'fileStage', '2', 'int'),
(12748, 'originalFileName', 'jurnal.docx', 'string'),
(12748, 'revisedFileId', '5162', 'int'),
(12748, 'submissionId', '1369', 'int'),
(12748, 'username', 'tiyas123', 'string'),
(12749, 'fileId', '5162', 'int'),
(12749, 'fileRevision', '2', 'int'),
(12749, 'fileStage', '2', 'int'),
(12749, 'name', 'tiyas123, Hubungan Kecerdasan Emosional dengan Perilaku Agresif pada Remaja SMP Kelas IX.docx', 'string'),
(12749, 'originalFileName', 'jurnal.docx', 'string'),
(12749, 'submissionId', '1369', 'int'),
(12749, 'username', 'tiyas123', 'string');

-- --------------------------------------------------------

--
-- Table structure for table `external_feeds`
--

CREATE TABLE `external_feeds` (
  `feed_id` bigint(20) NOT NULL,
  `journal_id` bigint(20) NOT NULL,
  `url` varchar(255) NOT NULL,
  `seq` double NOT NULL DEFAULT '0',
  `display_homepage` tinyint(4) NOT NULL DEFAULT '0',
  `display_block` smallint(6) NOT NULL DEFAULT '0',
  `limit_items` tinyint(4) DEFAULT '0',
  `recent_items` smallint(6) DEFAULT NULL
) ENGINE=InnoDB DEFAULT CHARSET=latin1;

-- --------------------------------------------------------

--
-- Table structure for table `external_feed_settings`
--

CREATE TABLE `external_feed_settings` (
  `feed_id` bigint(20) NOT NULL,
  `locale` varchar(5) NOT NULL DEFAULT '',
  `setting_name` varchar(255) NOT NULL,
  `setting_value` text,
  `setting_type` varchar(6) NOT NULL
) ENGINE=InnoDB DEFAULT CHARSET=latin1;

-- --------------------------------------------------------

--
-- Table structure for table `filters`
--

CREATE TABLE `filters` (
  `filter_id` bigint(20) NOT NULL,
  `filter_group_id` bigint(20) NOT NULL DEFAULT '0',
  `context_id` bigint(20) NOT NULL DEFAULT '0',
  `display_name` varchar(255) DEFAULT NULL,
  `class_name` varchar(255) DEFAULT NULL,
  `is_template` tinyint(4) NOT NULL DEFAULT '0',
  `parent_filter_id` bigint(20) NOT NULL DEFAULT '0',
  `seq` bigint(20) NOT NULL DEFAULT '0'
) ENGINE=InnoDB DEFAULT CHARSET=latin1;

--
-- Dumping data for table `filters`
--

INSERT INTO `filters` (`filter_id`, `filter_group_id`, `context_id`, `display_name`, `class_name`, `is_template`, `parent_filter_id`, `seq`) VALUES
(1, 1, 0, 'Extract metadata from a(n) Article', 'plugins.metadata.dc11.filter.Dc11SchemaArticleAdapter', 0, 0, 0),
(2, 2, 0, 'MODS 3.4', 'lib.pkp.plugins.metadata.mods34.filter.Mods34DescriptionXmlFilter', 0, 0, 0),
(3, 3, 0, 'Extract metadata from a(n) Article', 'plugins.metadata.mods34.filter.Mods34SchemaArticleAdapter', 0, 0, 0),
(4, 4, 0, 'Inject metadata into a(n) Article', 'plugins.metadata.mods34.filter.Mods34SchemaArticleAdapter', 0, 0, 0),
(5, 5, 0, 'Extract metadata from a(n) Citation', 'lib.pkp.plugins.metadata.nlm30.filter.Nlm30CitationSchemaCitationAdapter', 0, 0, 0),
(6, 6, 0, 'Inject metadata into a(n) Citation', 'lib.pkp.plugins.metadata.nlm30.filter.Nlm30CitationSchemaCitationAdapter', 0, 0, 0),
(7, 10, 0, 'NLM 3.0 XML Citation Output', 'lib.pkp.plugins.metadata.nlm30.filter.Nlm30CitationSchemaNlm30XmlFilter', 0, 0, 0),
(8, 11, 0, 'NLM Journal Publishing V3.0 ref-list', 'lib.pkp.plugins.metadata.nlm30.filter.PKPSubmissionNlm30XmlFilter', 0, 0, 0),
(9, 12, 0, 'NLM Journal Publishing V2.3 ref-list', 'lib.pkp.classes.filter.GenericSequencerFilter', 0, 0, 0),
(10, 11, 0, 'NLM 2.3: NLM 3.0', 'lib.pkp.plugins.metadata.nlm30.filter.PKPSubmissionNlm30XmlFilter', 0, 9, 1),
(11, 13, 0, 'NLM 2.3: NLM 3.0 to 2.3', 'lib.pkp.classes.xslt.XSLTransformationFilter', 0, 9, 2),
(12, 8, 0, 'CrossRef', 'lib.pkp.plugins.citationLookup.crossref.filter.CrossrefNlm30CitationSchemaFilter', 1, 0, 0),
(13, 8, 0, 'PubMed', 'lib.pkp.plugins.citationLookup.pubmed.filter.PubmedNlm30CitationSchemaFilter', 1, 0, 0),
(14, 8, 0, 'WorldCat', 'lib.pkp.plugins.citationLookup.worldcat.filter.WorldcatNlm30CitationSchemaFilter', 1, 0, 0),
(15, 8, 0, 'ISBNdb', 'lib.pkp.classes.filter.GenericSequencerFilter', 1, 0, 0),
(16, 15, 0, 'ISBNdb (from NLM)', 'lib.pkp.plugins.citationLookup.isbndb.filter.IsbndbNlm30CitationSchemaIsbnFilter', 0, 15, 1),
(17, 16, 0, 'ISBNdb', 'lib.pkp.plugins.citationLookup.isbndb.filter.IsbndbIsbnNlm30CitationSchemaFilter', 0, 15, 2),
(18, 9, 0, 'APA Citation Output', 'lib.pkp.plugins.citationOutput.apa.filter.Nlm30CitationSchemaApaFilter', 0, 0, 0),
(19, 14, 0, 'APA Reference List', 'lib.pkp.classes.citation.PlainTextReferencesListFilter', 0, 0, 0),
(20, 9, 0, 'ABNT Citation Output', 'lib.pkp.plugins.citationOutput.abnt.filter.Nlm30CitationSchemaAbntFilter', 0, 0, 0),
(21, 14, 0, 'ABNT Reference List', 'lib.pkp.classes.citation.PlainTextReferencesListFilter', 0, 0, 0),
(22, 9, 0, 'MLA Citation Output', 'lib.pkp.plugins.citationOutput.mla.filter.Nlm30CitationSchemaMlaFilter', 0, 0, 0),
(23, 14, 0, 'MLA Reference List', 'lib.pkp.classes.citation.PlainTextReferencesListFilter', 0, 0, 0),
(24, 9, 0, 'Vancouver Citation Output', 'lib.pkp.plugins.citationOutput.vancouver.filter.Nlm30CitationSchemaVancouverFilter', 0, 0, 0),
(25, 14, 0, 'Vancouver Reference List', 'lib.pkp.classes.citation.PlainTextReferencesListFilter', 0, 0, 0),
(26, 7, 0, 'ParsCit', 'lib.pkp.plugins.citationParser.parscit.filter.ParscitRawCitationNlm30CitationSchemaFilter', 1, 0, 0),
(27, 7, 0, 'RegEx', 'lib.pkp.plugins.citationParser.regex.filter.RegexRawCitationNlm30CitationSchemaFilter', 1, 0, 0),
(28, 7, 0, 'FreeCite', 'lib.pkp.plugins.citationParser.freecite.filter.FreeciteRawCitationNlm30CitationSchemaFilter', 1, 0, 0),
(29, 7, 0, 'ParaCite', 'lib.pkp.plugins.citationParser.paracite.filter.ParaciteRawCitationNlm30CitationSchemaFilter', 1, 0, 0),
(30, 17, 0, 'Native XML submission export', 'plugins.importexport.native.filter.ArticleNativeXmlFilter', 0, 0, 0),
(31, 18, 0, 'Native XML submission import', 'plugins.importexport.native.filter.NativeXmlArticleFilter', 0, 0, 0),
(32, 19, 0, 'Native XML issue export', 'plugins.importexport.native.filter.IssueNativeXmlFilter', 0, 0, 0),
(33, 20, 0, 'Native XML issue import', 'plugins.importexport.native.filter.NativeXmlIssueFilter', 0, 0, 0),
(34, 21, 0, 'Native XML issue galley export', 'plugins.importexport.native.filter.IssueGalleyNativeXmlFilter', 0, 0, 0),
(35, 22, 0, 'Native XML issue galley import', 'plugins.importexport.native.filter.NativeXmlIssueGalleyFilter', 0, 0, 0),
(36, 23, 0, 'Native XML author export', 'plugins.importexport.native.filter.AuthorNativeXmlFilter', 0, 0, 0),
(37, 24, 0, 'Native XML author import', 'plugins.importexport.native.filter.NativeXmlAuthorFilter', 0, 0, 0),
(38, 28, 0, 'Native XML submission file import', 'plugins.importexport.native.filter.NativeXmlArticleFileFilter', 0, 0, 0),
(39, 29, 0, 'Native XML submission file import', 'plugins.importexport.native.filter.NativeXmlArtworkFileFilter', 0, 0, 0),
(40, 30, 0, 'Native XML submission file import', 'plugins.importexport.native.filter.NativeXmlSupplementaryFileFilter', 0, 0, 0),
(41, 25, 0, 'Native XML submission file export', 'lib.pkp.plugins.importexport.native.filter.SubmissionFileNativeXmlFilter', 0, 0, 0),
(42, 26, 0, 'Native XML submission file export', 'plugins.importexport.native.filter.ArtworkFileNativeXmlFilter', 0, 0, 0),
(43, 27, 0, 'Native XML submission file export', 'plugins.importexport.native.filter.SupplementaryFileNativeXmlFilter', 0, 0, 0),
(44, 31, 0, 'Native XML representation export', 'plugins.importexport.native.filter.ArticleGalleyNativeXmlFilter', 0, 0, 0),
(45, 32, 0, 'Native XML representation import', 'plugins.importexport.native.filter.NativeXmlArticleGalleyFilter', 0, 0, 0),
(46, 33, 0, 'DataCite XML export', 'plugins.importexport.datacite.filter.DataciteXmlFilter', 0, 0, 0),
(47, 34, 0, 'DataCite XML export', 'plugins.importexport.datacite.filter.DataciteXmlFilter', 0, 0, 0),
(48, 35, 0, 'DataCite XML export', 'plugins.importexport.datacite.filter.DataciteXmlFilter', 0, 0, 0),
(49, 36, 0, 'User XML user export', 'lib.pkp.plugins.importexport.users.filter.PKPUserUserXmlFilter', 0, 0, 0),
(50, 37, 0, 'User XML user import', 'lib.pkp.plugins.importexport.users.filter.UserXmlPKPUserFilter', 0, 0, 0),
(51, 38, 0, 'Native XML user group export', 'lib.pkp.plugins.importexport.users.filter.UserGroupNativeXmlFilter', 0, 0, 0),
(52, 39, 0, 'Native XML user group import', 'lib.pkp.plugins.importexport.users.filter.NativeXmlUserGroupFilter', 0, 0, 0),
(53, 40, 0, 'Crossref XML issue export', 'plugins.importexport.crossref.filter.IssueCrossrefXmlFilter', 0, 0, 0),
(54, 41, 0, 'Crossref XML issue export', 'plugins.importexport.crossref.filter.ArticleCrossrefXmlFilter', 0, 0, 0),
(55, 42, 0, 'ArticlePubMedXmlFilter', 'plugins.importexport.pubmed.filter.ArticlePubMedXmlFilter', 0, 0, 0),
(56, 43, 0, 'DOAJ XML export', 'plugins.importexport.doaj.filter.DOAJXmlFilter', 0, 0, 0),
(57, 44, 0, 'DOAJ JSON export', 'plugins.importexport.doaj.filter.DOAJJsonFilter', 0, 0, 0),
(58, 45, 0, 'mEDRA XML issue export', 'plugins.importexport.medra.filter.IssueMedraXmlFilter', 0, 0, 0),
(59, 46, 0, 'mEDRA XML article export', 'plugins.importexport.medra.filter.ArticleMedraXmlFilter', 0, 0, 0),
(60, 47, 0, 'mEDRA XML article export', 'plugins.importexport.medra.filter.GalleyMedraXmlFilter', 0, 0, 0);

-- --------------------------------------------------------

--
-- Table structure for table `filter_groups`
--

CREATE TABLE `filter_groups` (
  `filter_group_id` bigint(20) NOT NULL,
  `symbolic` varchar(255) DEFAULT NULL,
  `display_name` varchar(255) DEFAULT NULL,
  `description` varchar(255) DEFAULT NULL,
  `input_type` varchar(255) DEFAULT NULL,
  `output_type` varchar(255) DEFAULT NULL
) ENGINE=InnoDB DEFAULT CHARSET=latin1;

--
-- Dumping data for table `filter_groups`
--

INSERT INTO `filter_groups` (`filter_group_id`, `symbolic`, `display_name`, `description`, `input_type`, `output_type`) VALUES
(1, 'article=>dc11', 'plugins.metadata.dc11.articleAdapter.displayName', 'plugins.metadata.dc11.articleAdapter.description', 'class::classes.article.Article', 'metadata::plugins.metadata.dc11.schema.Dc11Schema(ARTICLE)'),
(2, 'mods34=>mods34-xml', 'plugins.metadata.mods34.mods34XmlOutput.displayName', 'plugins.metadata.mods34.mods34XmlOutput.description', 'metadata::plugins.metadata.mods34.schema.Mods34Schema(*)', 'xml::schema(lib/pkp/plugins/metadata/mods34/filter/mods34.xsd)'),
(3, 'article=>mods34', 'plugins.metadata.mods34.articleAdapter.displayName', 'plugins.metadata.mods34.articleAdapter.description', 'class::classes.article.Article', 'metadata::plugins.metadata.mods34.schema.Mods34Schema(ARTICLE)'),
(4, 'mods34=>article', 'plugins.metadata.mods34.articleAdapter.displayName', 'plugins.metadata.mods34.articleAdapter.description', 'metadata::plugins.metadata.mods34.schema.Mods34Schema(ARTICLE)', 'class::classes.article.Article'),
(17, 'article=>native-xml', 'plugins.importexport.native.displayName', 'plugins.importexport.native.description', 'class::classes.article.Article[]', 'xml::schema(plugins/importexport/native/native.xsd)'),
(18, 'native-xml=>article', 'plugins.importexport.native.displayName', 'plugins.importexport.native.description', 'xml::schema(plugins/importexport/native/native.xsd)', 'class::classes.article.Article[]'),
(19, 'issue=>native-xml', 'plugins.importexport.native.displayName', 'plugins.importexport.native.description', 'class::classes.issue.Issue[]', 'xml::schema(plugins/importexport/native/native.xsd)'),
(20, 'native-xml=>issue', 'plugins.importexport.native.displayName', 'plugins.importexport.native.description', 'xml::schema(plugins/importexport/native/native.xsd)', 'class::classes.issue.Issue[]'),
(21, 'issuegalley=>native-xml', 'plugins.importexport.native.displayName', 'plugins.importexport.native.description', 'class::classes.issue.IssueGalley[]', 'xml::schema(plugins/importexport/native/native.xsd)'),
(22, 'native-xml=>issuegalley', 'plugins.importexport.native.displayName', 'plugins.importexport.native.description', 'xml::schema(plugins/importexport/native/native.xsd)', 'class::classes.issue.IssueGalley[]'),
(23, 'author=>native-xml', 'plugins.importexport.native.displayName', 'plugins.importexport.native.description', 'class::classes.article.Author[]', 'xml::schema(plugins/importexport/native/native.xsd)'),
(24, 'native-xml=>author', 'plugins.importexport.native.displayName', 'plugins.importexport.native.description', 'xml::schema(plugins/importexport/native/native.xsd)', 'class::classes.article.Author[]'),
(25, 'SubmissionFile=>native-xml', 'plugins.importexport.native.displayName', 'plugins.importexport.native.description', 'class::lib.pkp.classes.submission.SubmissionFile', 'xml::schema(plugins/importexport/native/native.xsd)'),
(26, 'SubmissionArtworkFile=>native-xml', 'plugins.importexport.native.displayName', 'plugins.importexport.native.description', 'class::lib.pkp.classes.submission.SubmissionArtworkFile', 'xml::schema(plugins/importexport/native/native.xsd)'),
(27, 'SupplementaryFile=>native-xml', 'plugins.importexport.native.displayName', 'plugins.importexport.native.description', 'class::lib.pkp.classes.submission.SupplementaryFile', 'xml::schema(plugins/importexport/native/native.xsd)'),
(28, 'native-xml=>SubmissionFile', 'plugins.importexport.native.displayName', 'plugins.importexport.native.description', 'xml::schema(plugins/importexport/native/native.xsd)', 'class::lib.pkp.classes.submission.SubmissionFile'),
(29, 'native-xml=>SubmissionArtworkFile', 'plugins.importexport.native.displayName', 'plugins.importexport.native.description', 'xml::schema(plugins/importexport/native/native.xsd)', 'class::lib.pkp.classes.submission.SubmissionArtworkFile'),
(30, 'native-xml=>SupplementaryFile', 'plugins.importexport.native.displayName', 'plugins.importexport.native.description', 'xml::schema(plugins/importexport/native/native.xsd)', 'class::lib.pkp.classes.submission.SupplementaryFile'),
(31, 'article-galley=>native-xml', 'plugins.importexport.native.displayName', 'plugins.importexport.native.description', 'class::classes.article.ArticleGalley', 'xml::schema(plugins/importexport/native/native.xsd)'),
(32, 'native-xml=>ArticleGalley', 'plugins.importexport.native.displayName', 'plugins.importexport.native.description', 'xml::schema(plugins/importexport/native/native.xsd)', 'class::classes.article.ArticleGalley[]'),
(33, 'issue=>datacite-xml', 'plugins.importexport.datacite.displayName', 'plugins.importexport.datacite.description', 'class::classes.issue.Issue', 'xml::schema(http://schema.datacite.org/meta/kernel-4/metadata.xsd)'),
(34, 'article=>datacite-xml', 'plugins.importexport.datacite.displayName', 'plugins.importexport.datacite.description', 'class::classes.article.Article', 'xml::schema(http://schema.datacite.org/meta/kernel-4/metadata.xsd)'),
(35, 'galley=>datacite-xml', 'plugins.importexport.datacite.displayName', 'plugins.importexport.datacite.description', 'class::classes.article.ArticleGalley', 'xml::schema(http://schema.datacite.org/meta/kernel-4/metadata.xsd)'),
(36, 'user=>user-xml', 'plugins.importexport.users.displayName', 'plugins.importexport.users.description', 'class::classes.user.User[]', 'xml::schema(lib/pkp/plugins/importexport/users/pkp-users.xsd)'),
(37, 'user-xml=>user', 'plugins.importexport.users.displayName', 'plugins.importexport.users.description', 'xml::schema(lib/pkp/plugins/importexport/users/pkp-users.xsd)', 'class::classes.users.User[]'),
(38, 'usergroup=>user-xml', 'plugins.importexport.users.displayName', 'plugins.importexport.users.description', 'class::lib.pkp.classes.security.UserGroup[]', 'xml::schema(lib/pkp/plugins/importexport/users/pkp-users.xsd)'),
(39, 'user-xml=>usergroup', 'plugins.importexport.native.displayName', 'plugins.importexport.native.description', 'xml::schema(lib/pkp/plugins/importexport/users/pkp-users.xsd)', 'class::lib.pkp.classes.security.UserGroup[]'),
(40, 'issue=>crossref-xml', 'plugins.importexport.crossref.displayName', 'plugins.importexport.crossref.description', 'class::classes.issue.Issue[]', 'xml::schema(https://www.crossref.org/schemas/crossref4.3.6.xsd)'),
(41, 'article=>crossref-xml', 'plugins.importexport.crossref.displayName', 'plugins.importexport.crossref.description', 'class::classes.article.Article[]', 'xml::schema(https://www.crossref.org/schemas/crossref4.3.6.xsd)'),
(42, 'article=>pubmed-xml', 'plugins.importexport.pubmed.displayName', 'plugins.importexport.pubmed.description', 'class::classes.article.Article[]', 'xml::dtd'),
(43, 'article=>doaj-xml', 'plugins.importexport.doaj.displayName', 'plugins.importexport.doaj.description', 'class::classes.article.Article[]', 'xml::schema(plugins/importexport/doaj/doajArticles.xsd)'),
(44, 'article=>doaj-json', 'plugins.importexport.doaj.displayName', 'plugins.importexport.doaj.description', 'class::classes.article.Article', 'primitive::string'),
(45, 'issue=>medra-xml', 'plugins.importexport.medra.displayName', 'plugins.importexport.medra.description', 'class::classes.issue.Issue[]', 'xml::schema(http://www.medra.org/schema/onix/DOIMetadata/2.0/ONIX_DOIMetadata_2.0.xsd)'),
(46, 'article=>medra-xml', 'plugins.importexport.medra.displayName', 'plugins.importexport.medra.description', 'class::classes.article.Article[]', 'xml::schema(http://www.medra.org/schema/onix/DOIMetadata/2.0/ONIX_DOIMetadata_2.0.xsd)'),
(47, 'galley=>medra-xml', 'plugins.importexport.medra.displayName', 'plugins.importexport.medra.description', 'class::classes.article.ArticleGalley[]', 'xml::schema(http://www.medra.org/schema/onix/DOIMetadata/2.0/ONIX_DOIMetadata_2.0.xsd)');

-- --------------------------------------------------------

--
-- Table structure for table `filter_settings`
--

CREATE TABLE `filter_settings` (
  `filter_id` bigint(20) NOT NULL,
  `locale` varchar(14) NOT NULL DEFAULT '',
  `setting_name` varchar(255) NOT NULL,
  `setting_value` text,
  `setting_type` varchar(6) NOT NULL
) ENGINE=InnoDB DEFAULT CHARSET=latin1;

--
-- Dumping data for table `filter_settings`
--

INSERT INTO `filter_settings` (`filter_id`, `locale`, `setting_name`, `setting_value`, `setting_type`) VALUES
(8, '', 'citationOutputFilterName', 'lib.pkp.plugins.metadata.nlm30.filter.Nlm30CitationSchemaNlm30XmlFilter', 'string'),
(8, '', 'metadataSchemaName', 'lib.pkp.plugins.metadata.nlm30.schema.Nlm30CitationSchema', 'string'),
(9, '', 'settingsMapping', 'a:2:{s:6:\"apiKey\";a:2:{i:0;s:11:\"seq1_apiKey\";i:1;s:11:\"seq2_apiKey\";}s:10:\"isOptional\";a:2:{i:0;s:15:\"seq1_isOptional\";i:1;s:15:\"seq2_isOptional\";}}', 'object'),
(10, '', 'citationOutputFilterName', 'lib.pkp.plugins.metadata.nlm30.filter.Nlm30CitationSchemaNlm30XmlFilter', 'string'),
(10, '', 'metadataSchemaName', 'lib.pkp.plugins.metadata.nlm30.schema.Nlm30CitationSchema', 'string'),
(11, '', 'xsl', 'lib/pkp/plugins/metadata/nlm30/filter/nlm30-to-23-ref-list.xsl', 'string'),
(11, '', 'xslType', '2', 'int'),
(12, '', 'phpVersionMin', '5.0.0', 'string'),
(13, '', 'phpVersionMin', '5.0.0', 'string'),
(14, '', 'phpVersionMin', '5.0.0', 'string'),
(15, '', 'settingsMapping', 'a:2:{s:6:\"apiKey\";a:2:{i:0;s:11:\"seq1_apiKey\";i:1;s:11:\"seq2_apiKey\";}s:10:\"isOptional\";a:2:{i:0;s:15:\"seq1_isOptional\";i:1;s:15:\"seq2_isOptional\";}}', 'object'),
(16, '', 'phpVersionMin', '5.0.0', 'string'),
(17, '', 'phpVersionMin', '5.0.0', 'string'),
(19, '', 'citationOutputFilterName', 'lib.pkp.plugins.citationOutput.apa.filter.Nlm30CitationSchemaApaFilter', 'string'),
(19, '', 'metadataSchemaName', 'lib.pkp.plugins.metadata.nlm30.schema.Nlm30CitationSchema', 'string'),
(19, '', 'ordering', '2', 'int'),
(21, '', 'citationOutputFilterName', 'lib.pkp.plugins.citationOutput.abnt.filter.Nlm30CitationSchemaAbntFilter', 'string'),
(21, '', 'metadataSchemaName', 'lib.pkp.plugins.metadata.nlm30.schema.Nlm30CitationSchema', 'string'),
(21, '', 'ordering', '2', 'int'),
(23, '', 'citationOutputFilterName', 'lib.pkp.plugins.citationOutput.mla.filter.Nlm30CitationSchemaMlaFilter', 'string'),
(23, '', 'metadataSchemaName', 'lib.pkp.plugins.metadata.nlm30.schema.Nlm30CitationSchema', 'string'),
(23, '', 'ordering', '2', 'int'),
(25, '', 'citationOutputFilterName', 'lib.pkp.plugins.citationOutput.vancouver.filter.Nlm30CitationSchemaVancouverFilter', 'string'),
(25, '', 'metadataSchemaName', 'lib.pkp.plugins.metadata.nlm30.schema.Nlm30CitationSchema', 'string'),
(25, '', 'ordering', '1', 'int'),
(26, '', 'phpVersionMin', '5.0.0', 'string'),
(27, '', 'phpVersionMin', '5.0.0', 'string'),
(28, '', 'phpVersionMin', '5.0.0', 'string'),
(29, '', 'phpVersionMin', '5.0.0', 'string');

-- --------------------------------------------------------

--
-- Table structure for table `genres`
--

CREATE TABLE `genres` (
  `genre_id` bigint(20) NOT NULL,
  `context_id` bigint(20) NOT NULL,
  `seq` bigint(20) DEFAULT NULL,
  `enabled` tinyint(4) NOT NULL DEFAULT '1',
  `category` bigint(20) NOT NULL DEFAULT '1',
  `dependent` tinyint(4) NOT NULL DEFAULT '0',
  `supplementary` tinyint(4) DEFAULT '0',
  `entry_key` varchar(30) DEFAULT NULL
) ENGINE=MyISAM DEFAULT CHARSET=latin1;

--
-- Dumping data for table `genres`
--

INSERT INTO `genres` (`genre_id`, `context_id`, `seq`, `enabled`, `category`, `dependent`, `supplementary`, `entry_key`) VALUES
(1, 2, 0, 1, 1, 0, 0, 'SUBMISSION'),
(2, 2, 1, 1, 3, 0, 1, 'RESEARCHINSTRUMENT'),
(3, 2, 2, 1, 3, 0, 1, 'RESEARCHMATERIALS'),
(4, 2, 3, 1, 3, 0, 1, 'RESEARCHRESULTS'),
(5, 2, 4, 1, 3, 0, 1, 'TRANSCRIPTS'),
(6, 2, 5, 1, 3, 0, 1, 'DATAANALYSIS'),
(7, 2, 6, 1, 3, 0, 1, 'DATASET'),
(8, 2, 7, 1, 3, 0, 1, 'SOURCETEXTS'),
(9, 2, 8, 1, 1, 1, 1, 'MULTIMEDIA'),
(10, 2, 9, 1, 2, 1, 0, 'IMAGE'),
(11, 2, 10, 1, 1, 1, 0, 'STYLE'),
(12, 2, 11, 1, 3, 0, 1, 'OTHER'),
(13, 1, 0, 1, 1, 0, 0, 'SUBMISSION'),
(14, 1, 1, 1, 3, 0, 1, 'RESEARCHINSTRUMENT'),
(15, 1, 2, 1, 3, 0, 1, 'RESEARCHMATERIALS'),
(16, 1, 3, 1, 3, 0, 1, 'RESEARCHRESULTS'),
(17, 1, 4, 1, 3, 0, 1, 'TRANSCRIPTS'),
(18, 1, 5, 1, 3, 0, 1, 'DATAANALYSIS'),
(19, 1, 6, 1, 3, 0, 1, 'DATASET'),
(20, 1, 7, 1, 3, 0, 1, 'SOURCETEXTS'),
(21, 1, 8, 1, 1, 1, 1, 'MULTIMEDIA'),
(22, 1, 9, 1, 2, 1, 0, 'IMAGE'),
(23, 1, 10, 1, 1, 1, 0, 'STYLE'),
(24, 1, 11, 1, 3, 0, 1, 'OTHER'),
(25, 3, 0, 1, 1, 0, 0, 'SUBMISSION'),
(26, 3, 1, 1, 3, 0, 1, 'RESEARCHINSTRUMENT'),
(27, 3, 2, 1, 3, 0, 1, 'RESEARCHMATERIALS'),
(28, 3, 3, 1, 3, 0, 1, 'RESEARCHRESULTS'),
(29, 3, 4, 1, 3, 0, 1, 'TRANSCRIPTS'),
(30, 3, 5, 1, 3, 0, 1, 'DATAANALYSIS'),
(31, 3, 6, 1, 3, 0, 1, 'DATASET'),
(32, 3, 7, 1, 3, 0, 1, 'SOURCETEXTS'),
(33, 3, 8, 1, 1, 1, 1, 'MULTIMEDIA'),
(34, 3, 9, 1, 2, 1, 0, 'IMAGE'),
(35, 3, 10, 1, 1, 1, 0, 'STYLE'),
(36, 3, 11, 1, 3, 0, 1, 'OTHER'),
(71, 4, 9, 1, 2, 1, 0, 'IMAGE'),
(70, 4, 8, 1, 1, 1, 1, 'MULTIMEDIA'),
(69, 4, 7, 1, 3, 0, 1, 'SOURCETEXTS'),
(68, 4, 6, 1, 3, 0, 1, 'DATASET'),
(66, 4, 4, 1, 3, 0, 1, 'TRANSCRIPTS'),
(67, 4, 5, 1, 3, 0, 1, 'DATAANALYSIS'),
(65, 4, 3, 1, 3, 0, 1, 'RESEARCHRESULTS'),
(49, 1, 0, 1, 3, 0, 1, 'SC'),
(72, 4, 10, 1, 1, 1, 0, 'STYLE'),
(64, 4, 2, 1, 3, 0, 1, 'RESEARCHMATERIALS'),
(63, 4, 1, 1, 3, 0, 1, 'RESEARCHINSTRUMENT'),
(62, 4, 0, 1, 1, 0, 0, 'SUBMISSION'),
(73, 4, 11, 1, 3, 0, 1, 'OTHER'),
(74, 5, 0, 1, 1, 0, 0, 'SUBMISSION'),
(75, 5, 1, 1, 3, 0, 1, 'RESEARCHINSTRUMENT'),
(76, 5, 2, 1, 3, 0, 1, 'RESEARCHMATERIALS'),
(77, 5, 3, 1, 3, 0, 1, 'RESEARCHRESULTS'),
(78, 5, 4, 1, 3, 0, 1, 'TRANSCRIPTS'),
(79, 5, 5, 1, 3, 0, 1, 'DATAANALYSIS'),
(80, 5, 6, 1, 3, 0, 1, 'DATASET'),
(81, 5, 7, 1, 3, 0, 1, 'SOURCETEXTS'),
(82, 5, 8, 1, 1, 1, 1, 'MULTIMEDIA'),
(83, 5, 9, 1, 2, 1, 0, 'IMAGE'),
(84, 5, 10, 1, 1, 1, 0, 'STYLE'),
(85, 5, 11, 1, 3, 0, 1, 'OTHER'),
(86, 6, 0, 1, 1, 0, 0, 'SUBMISSION'),
(87, 6, 1, 1, 3, 0, 1, 'RESEARCHINSTRUMENT'),
(88, 6, 2, 1, 3, 0, 1, 'RESEARCHMATERIALS'),
(89, 6, 3, 1, 3, 0, 1, 'RESEARCHRESULTS'),
(90, 6, 4, 1, 3, 0, 1, 'TRANSCRIPTS'),
(91, 6, 5, 1, 3, 0, 1, 'DATAANALYSIS'),
(92, 6, 6, 1, 3, 0, 1, 'DATASET'),
(93, 6, 7, 1, 3, 0, 1, 'SOURCETEXTS'),
(94, 6, 8, 1, 1, 1, 1, 'MULTIMEDIA'),
(95, 6, 9, 1, 2, 1, 0, 'IMAGE'),
(96, 6, 10, 1, 1, 1, 0, 'STYLE'),
(97, 6, 11, 1, 3, 0, 1, 'OTHER'),
(98, 7, 0, 1, 1, 0, 0, 'SUBMISSION'),
(99, 7, 1, 1, 3, 0, 1, 'RESEARCHINSTRUMENT'),
(100, 7, 2, 1, 3, 0, 1, 'RESEARCHMATERIALS'),
(101, 7, 3, 1, 3, 0, 1, 'RESEARCHRESULTS'),
(102, 7, 4, 1, 3, 0, 1, 'TRANSCRIPTS'),
(103, 7, 5, 1, 3, 0, 1, 'DATAANALYSIS'),
(104, 7, 6, 1, 3, 0, 1, 'DATASET'),
(105, 7, 7, 1, 3, 0, 1, 'SOURCETEXTS'),
(106, 7, 8, 1, 1, 1, 1, 'MULTIMEDIA'),
(107, 7, 9, 1, 2, 1, 0, 'IMAGE'),
(108, 7, 10, 1, 1, 1, 0, 'STYLE'),
(109, 7, 11, 1, 3, 0, 1, 'OTHER');

-- --------------------------------------------------------

--
-- Table structure for table `genre_settings`
--

CREATE TABLE `genre_settings` (
  `genre_id` bigint(20) NOT NULL,
  `locale` varchar(14) NOT NULL DEFAULT '',
  `setting_name` varchar(255) NOT NULL,
  `setting_value` text,
  `setting_type` varchar(6) NOT NULL
) ENGINE=MyISAM DEFAULT CHARSET=latin1;

--
-- Dumping data for table `genre_settings`
--

INSERT INTO `genre_settings` (`genre_id`, `locale`, `setting_name`, `setting_value`, `setting_type`) VALUES
(1, 'en_US', 'name', 'Article Text', 'string'),
(2, 'en_US', 'name', 'Research Instrument', 'string'),
(3, 'en_US', 'name', 'Research Materials', 'string'),
(4, 'en_US', 'name', 'Research Results', 'string'),
(5, 'en_US', 'name', 'Transcripts', 'string'),
(6, 'en_US', 'name', 'Data Analysis', 'string'),
(7, 'en_US', 'name', 'Data Set', 'string'),
(8, 'en_US', 'name', 'Source Texts', 'string'),
(9, 'en_US', 'name', 'Multimedia', 'string'),
(10, 'en_US', 'name', 'Image', 'string'),
(11, 'en_US', 'name', 'HTML Stylesheet', 'string'),
(12, 'en_US', 'name', 'Other', 'string'),
(13, 'en_US', 'name', 'Article Text', 'string'),
(14, 'en_US', 'name', 'Research Instrument', 'string'),
(15, 'en_US', 'name', 'Research Materials', 'string'),
(16, 'en_US', 'name', 'Research Results', 'string'),
(17, 'en_US', 'name', 'Transcripts', 'string'),
(18, 'en_US', 'name', 'Data Analysis', 'string'),
(19, 'en_US', 'name', 'Data Set', 'string'),
(20, 'en_US', 'name', 'Source Texts', 'string'),
(21, 'en_US', 'name', 'Multimedia', 'string'),
(22, 'en_US', 'name', 'Image', 'string'),
(23, 'en_US', 'name', 'HTML Stylesheet', 'string'),
(24, 'en_US', 'name', 'Other', 'string'),
(25, 'en_US', 'name', 'Article Text', 'string'),
(26, 'en_US', 'name', 'Research Instrument', 'string'),
(27, 'en_US', 'name', 'Research Materials', 'string'),
(28, 'en_US', 'name', 'Research Results', 'string'),
(29, 'en_US', 'name', 'Transcripts', 'string'),
(30, 'en_US', 'name', 'Data Analysis', 'string'),
(31, 'en_US', 'name', 'Data Set', 'string'),
(32, 'en_US', 'name', 'Source Texts', 'string'),
(33, 'en_US', 'name', 'Multimedia', 'string'),
(34, 'en_US', 'name', 'Image', 'string'),
(35, 'en_US', 'name', 'HTML Stylesheet', 'string'),
(36, 'en_US', 'name', 'Other', 'string'),
(64, 'en_US', 'name', 'Research Materials', 'string'),
(64, 'id_ID', 'name', 'Bahan Penelitian', 'string'),
(65, 'en_US', 'name', 'Research Results', 'string'),
(65, 'id_ID', 'name', 'Hasil Penelitian', 'string'),
(66, 'en_US', 'name', 'Transcripts', 'string'),
(66, 'id_ID', 'name', 'Transkrip', 'string'),
(67, 'en_US', 'name', 'Data Analysis', 'string'),
(67, 'id_ID', 'name', 'Analisis Data', 'string'),
(68, 'en_US', 'name', 'Data Set', 'string'),
(68, 'id_ID', 'name', 'Data Set', 'string'),
(69, 'en_US', 'name', 'Source Texts', 'string'),
(69, 'id_ID', 'name', 'Teks Sumber', 'string'),
(70, 'en_US', 'name', 'Multimedia', 'string'),
(70, 'id_ID', 'name', '##default.genres.multimedia##', 'string'),
(71, 'en_US', 'name', 'Image', 'string'),
(71, 'id_ID', 'name', '##default.genres.image##', 'string'),
(72, 'en_US', 'name', 'HTML Stylesheet', 'string'),
(72, 'id_ID', 'name', '##default.genres.styleSheet##', 'string'),
(49, 'en_US', 'name', 'Similarity  cek', 'string'),
(63, 'id_ID', 'name', 'Instrumen Penelitian', 'string'),
(63, 'en_US', 'name', 'Research Instrument', 'string'),
(62, 'id_ID', 'name', 'File Utama Naskah', 'string'),
(62, 'en_US', 'name', 'Article Text', 'string'),
(73, 'en_US', 'name', 'Other', 'string'),
(73, 'id_ID', 'name', '##default.genres.other##', 'string'),
(74, 'en_US', 'name', 'Article Text', 'string'),
(74, 'id_ID', 'name', 'File Utama Naskah', 'string'),
(75, 'en_US', 'name', 'Research Instrument', 'string'),
(75, 'id_ID', 'name', 'Instrumen Penelitian', 'string'),
(76, 'en_US', 'name', 'Research Materials', 'string'),
(76, 'id_ID', 'name', 'Bahan Penelitian', 'string'),
(77, 'en_US', 'name', 'Research Results', 'string'),
(77, 'id_ID', 'name', 'Hasil Penelitian', 'string'),
(78, 'en_US', 'name', 'Transcripts', 'string'),
(78, 'id_ID', 'name', 'Transkrip', 'string'),
(79, 'en_US', 'name', 'Data Analysis', 'string'),
(79, 'id_ID', 'name', 'Analisis Data', 'string'),
(80, 'en_US', 'name', 'Data Set', 'string'),
(80, 'id_ID', 'name', 'Data Set', 'string'),
(81, 'en_US', 'name', 'Source Texts', 'string'),
(81, 'id_ID', 'name', 'Teks Sumber', 'string'),
(82, 'en_US', 'name', 'Multimedia', 'string'),
(82, 'id_ID', 'name', '##default.genres.multimedia##', 'string'),
(83, 'en_US', 'name', 'Image', 'string'),
(83, 'id_ID', 'name', '##default.genres.image##', 'string'),
(84, 'en_US', 'name', 'HTML Stylesheet', 'string'),
(84, 'id_ID', 'name', '##default.genres.styleSheet##', 'string'),
(85, 'en_US', 'name', 'Other', 'string'),
(85, 'id_ID', 'name', '##default.genres.other##', 'string'),
(86, 'en_US', 'name', 'Article Text', 'string'),
(86, 'id_ID', 'name', 'File Utama Naskah', 'string'),
(87, 'en_US', 'name', 'Research Instrument', 'string'),
(87, 'id_ID', 'name', 'Instrumen Penelitian', 'string'),
(88, 'en_US', 'name', 'Research Materials', 'string'),
(88, 'id_ID', 'name', 'Bahan Penelitian', 'string'),
(89, 'en_US', 'name', 'Research Results', 'string'),
(89, 'id_ID', 'name', 'Hasil Penelitian', 'string'),
(90, 'en_US', 'name', 'Transcripts', 'string'),
(90, 'id_ID', 'name', 'Transkrip', 'string'),
(91, 'en_US', 'name', 'Data Analysis', 'string'),
(91, 'id_ID', 'name', 'Analisis Data', 'string'),
(92, 'en_US', 'name', 'Data Set', 'string'),
(92, 'id_ID', 'name', 'Data Set', 'string'),
(93, 'en_US', 'name', 'Source Texts', 'string'),
(93, 'id_ID', 'name', 'Teks Sumber', 'string'),
(94, 'en_US', 'name', 'Multimedia', 'string'),
(94, 'id_ID', 'name', '##default.genres.multimedia##', 'string'),
(95, 'en_US', 'name', 'Image', 'string'),
(95, 'id_ID', 'name', '##default.genres.image##', 'string'),
(96, 'en_US', 'name', 'HTML Stylesheet', 'string'),
(96, 'id_ID', 'name', '##default.genres.styleSheet##', 'string'),
(97, 'en_US', 'name', 'Other', 'string'),
(97, 'id_ID', 'name', '##default.genres.other##', 'string'),
(98, 'en_US', 'name', 'Article Text', 'string'),
(98, 'id_ID', 'name', 'File Utama Naskah', 'string'),
(99, 'en_US', 'name', 'Research Instrument', 'string'),
(99, 'id_ID', 'name', 'Instrumen Penelitian', 'string'),
(100, 'en_US', 'name', 'Research Materials', 'string'),
(100, 'id_ID', 'name', 'Bahan Penelitian', 'string'),
(101, 'en_US', 'name', 'Research Results', 'string'),
(101, 'id_ID', 'name', 'Hasil Penelitian', 'string'),
(102, 'en_US', 'name', 'Transcripts', 'string'),
(102, 'id_ID', 'name', 'Transkrip', 'string'),
(103, 'en_US', 'name', 'Data Analysis', 'string'),
(103, 'id_ID', 'name', 'Analisis Data', 'string'),
(104, 'en_US', 'name', 'Data Set', 'string'),
(104, 'id_ID', 'name', 'Data Set', 'string'),
(105, 'en_US', 'name', 'Source Texts', 'string'),
(105, 'id_ID', 'name', 'Teks Sumber', 'string'),
(106, 'en_US', 'name', 'Multimedia', 'string'),
(106, 'id_ID', 'name', '##default.genres.multimedia##', 'string'),
(107, 'en_US', 'name', 'Image', 'string'),
(107, 'id_ID', 'name', '##default.genres.image##', 'string'),
(108, 'en_US', 'name', 'HTML Stylesheet', 'string'),
(108, 'id_ID', 'name', '##default.genres.styleSheet##', 'string'),
(109, 'en_US', 'name', 'Other', 'string'),
(109, 'id_ID', 'name', '##default.genres.other##', 'string');

-- --------------------------------------------------------

--
-- Table structure for table `groups`
--

CREATE TABLE `groups` (
  `group_id` bigint(20) NOT NULL,
  `assoc_type` smallint(6) DEFAULT NULL,
  `publish_email` smallint(6) DEFAULT NULL,
  `assoc_id` bigint(20) DEFAULT NULL,
  `context` bigint(20) DEFAULT NULL,
  `about_displayed` tinyint(4) NOT NULL DEFAULT '0',
  `seq` double NOT NULL DEFAULT '0'
) ENGINE=InnoDB DEFAULT CHARSET=latin1;

--
-- Dumping data for table `groups`
--

INSERT INTO `groups` (`group_id`, `assoc_type`, `publish_email`, `assoc_id`, `context`, `about_displayed`, `seq`) VALUES
(4, 256, 1, 3, 2, 1, 1),
(5, 256, 0, 2, 1, 1, 1),
(6, 256, 1, 2, 1, 1, 2);

-- --------------------------------------------------------

--
-- Table structure for table `group_memberships`
--

CREATE TABLE `group_memberships` (
  `user_id` bigint(20) NOT NULL,
  `group_id` bigint(20) NOT NULL,
  `about_displayed` tinyint(4) NOT NULL DEFAULT '1',
  `seq` double NOT NULL DEFAULT '0'
) ENGINE=InnoDB DEFAULT CHARSET=latin1;

--
-- Dumping data for table `group_memberships`
--

INSERT INTO `group_memberships` (`user_id`, `group_id`, `about_displayed`, `seq`) VALUES
(62, 5, 1, 0);

-- --------------------------------------------------------

--
-- Table structure for table `group_settings`
--

CREATE TABLE `group_settings` (
  `group_id` bigint(20) NOT NULL,
  `locale` varchar(5) NOT NULL DEFAULT '',
  `setting_name` varchar(255) NOT NULL,
  `setting_value` text,
  `setting_type` varchar(6) NOT NULL
) ENGINE=InnoDB DEFAULT CHARSET=latin1;

--
-- Dumping data for table `group_settings`
--

INSERT INTO `group_settings` (`group_id`, `locale`, `setting_name`, `setting_value`, `setting_type`) VALUES
(4, 'en_US', 'title', 'Penasehat', 'string'),
(5, 'en_US', 'title', 'Editor in Chief', 'string'),
(6, 'en_US', 'title', 'Editor in Chief', 'string');

-- --------------------------------------------------------

--
-- Table structure for table `institutional_subscriptions`
--

CREATE TABLE `institutional_subscriptions` (
  `institutional_subscription_id` bigint(20) NOT NULL,
  `subscription_id` bigint(20) NOT NULL,
  `institution_name` varchar(255) NOT NULL,
  `mailing_address` varchar(255) DEFAULT NULL,
  `domain` varchar(255) DEFAULT NULL
) ENGINE=InnoDB DEFAULT CHARSET=latin1;

-- --------------------------------------------------------

--
-- Table structure for table `institutional_subscription_ip`
--

CREATE TABLE `institutional_subscription_ip` (
  `institutional_subscription_ip_id` bigint(20) NOT NULL,
  `subscription_id` bigint(20) NOT NULL,
  `ip_string` varchar(40) NOT NULL,
  `ip_start` bigint(20) NOT NULL,
  `ip_end` bigint(20) DEFAULT NULL
) ENGINE=InnoDB DEFAULT CHARSET=latin1;

-- --------------------------------------------------------

--
-- Table structure for table `issues`
--

CREATE TABLE `issues` (
  `issue_id` bigint(20) NOT NULL,
  `journal_id` bigint(20) NOT NULL,
  `volume` smallint(6) DEFAULT NULL,
  `number` varchar(10) DEFAULT NULL,
  `year` smallint(6) DEFAULT NULL,
  `published` tinyint(4) NOT NULL DEFAULT '0',
  `current` tinyint(4) NOT NULL DEFAULT '0',
  `date_published` datetime DEFAULT NULL,
  `date_notified` datetime DEFAULT NULL,
  `last_modified` datetime DEFAULT NULL,
  `access_status` tinyint(4) NOT NULL DEFAULT '1',
  `open_access_date` datetime DEFAULT NULL,
  `show_volume` tinyint(4) NOT NULL DEFAULT '0',
  `show_number` tinyint(4) NOT NULL DEFAULT '0',
  `show_year` tinyint(4) NOT NULL DEFAULT '0',
  `show_title` tinyint(4) NOT NULL DEFAULT '0',
  `style_file_name` varchar(90) DEFAULT NULL,
  `original_style_file_name` varchar(255) DEFAULT NULL
) ENGINE=InnoDB DEFAULT CHARSET=latin1;

--
-- Dumping data for table `issues`
--

INSERT INTO `issues` (`issue_id`, `journal_id`, `volume`, `number`, `year`, `published`, `current`, `date_published`, `date_notified`, `last_modified`, `access_status`, `open_access_date`, `show_volume`, `show_number`, `show_year`, `show_title`, `style_file_name`, `original_style_file_name`) VALUES
(6, 1, 1, '1', 2014, 0, 0, NULL, NULL, '2021-12-24 03:58:26', 1, NULL, 1, 1, 1, 1, NULL, NULL),
(9, 2, 1, '1', 2011, 1, 0, '2015-06-17 00:00:00', NULL, '2018-01-31 05:46:26', 1, NULL, 1, 1, 1, 1, NULL, NULL),
(11, 1, 2, '1', 2015, 1, 0, '2015-12-30 00:00:00', NULL, '2018-01-31 05:56:34', 1, NULL, 1, 1, 1, 1, NULL, NULL),
(12, 3, 2, '2', 2011, 1, 0, '2016-01-18 00:00:00', NULL, '2018-01-31 05:51:45', 1, NULL, 1, 1, 1, 1, NULL, NULL),
(13, 3, 3, '1', 2012, 1, 0, '2016-01-18 00:00:00', NULL, '2018-01-31 05:51:30', 1, NULL, 1, 1, 1, 1, NULL, NULL),
(14, 3, 4, '2', 2012, 1, 0, '2016-01-18 00:00:00', NULL, '2018-01-31 05:51:15', 1, NULL, 1, 1, 1, 1, NULL, NULL),
(15, 3, 5, '1', 2013, 1, 0, '2016-01-18 00:00:00', NULL, '2018-01-31 05:50:56', 1, NULL, 1, 1, 1, 1, NULL, NULL),
(16, 3, 6, '2', 2013, 1, 0, '2016-01-18 00:00:00', NULL, '2018-01-31 05:50:41', 1, NULL, 1, 1, 1, 1, NULL, NULL),
(17, 3, 7, '1', 2014, 1, 0, '2016-01-18 00:00:00', NULL, '2018-01-31 05:50:23', 1, NULL, 1, 1, 1, 1, NULL, NULL),
(18, 3, 8, '2', 2014, 1, 0, '2016-01-19 00:00:00', NULL, '2018-01-31 05:49:57', 1, NULL, 1, 1, 1, 1, NULL, NULL),
(19, 3, 10, '2', 2015, 1, 0, '2016-01-19 00:00:00', NULL, '2018-01-31 05:49:39', 1, NULL, 1, 1, 1, 1, NULL, NULL),
(20, 1, 3, '1', 2016, 1, 0, '2016-03-24 00:00:00', NULL, '2020-01-02 09:44:01', 1, NULL, 1, 1, 1, 1, NULL, NULL),
(21, 2, 5, '1', 2015, 1, 0, '2016-03-31 00:00:00', NULL, '2020-01-12 07:08:08', 1, NULL, 1, 1, 1, 1, NULL, NULL),
(23, 2, 5, '2', 2015, 1, 0, '2015-09-01 00:00:00', NULL, '2020-01-12 07:10:12', 1, NULL, 1, 1, 1, 1, NULL, NULL),
(24, 3, 11, '1', 2016, 1, 0, '2016-03-01 00:00:00', NULL, '2018-01-31 05:49:04', 1, NULL, 1, 1, 1, 1, NULL, NULL),
(25, 2, 6, '2', 2016, 1, 0, '2016-10-07 00:00:00', NULL, '2020-01-12 07:11:52', 1, NULL, 1, 1, 1, 1, NULL, NULL),
(26, 2, 6, '1', 2016, 1, 0, '2016-10-07 00:00:00', NULL, '2020-01-12 07:10:57', 1, NULL, 1, 1, 1, 1, NULL, NULL),
(27, 2, 2, '2', 2012, 1, 0, '2016-10-07 00:00:00', NULL, '2020-01-12 07:06:53', 1, NULL, 1, 1, 1, 1, NULL, NULL),
(28, 2, 4, '1', 2014, 1, 0, '2016-10-07 00:00:00', NULL, '2020-01-12 07:07:18', 1, NULL, 1, 1, 1, 1, NULL, NULL),
(30, 1, 3, '2', 2016, 1, 0, '2017-04-05 00:00:00', NULL, '2020-01-02 09:44:24', 1, NULL, 1, 1, 1, 1, NULL, NULL),
(31, 2, 7, '1', 2017, 1, 0, '2017-10-20 00:00:00', NULL, '2020-01-12 07:15:31', 1, NULL, 1, 1, 1, 1, NULL, NULL),
(32, 3, 13, '1', 2017, 1, 0, '2018-03-08 05:11:12', NULL, '2018-03-08 05:11:12', 1, NULL, 1, 1, 1, 1, NULL, NULL),
(33, 3, 14, '1', 2017, 1, 0, '2018-02-19 00:00:00', NULL, '2018-03-29 09:43:09', 1, NULL, 1, 1, 1, 1, NULL, NULL),
(34, 1, 4, '1', 2017, 1, 0, '2017-03-29 00:00:00', NULL, '2020-07-14 05:44:00', 1, NULL, 1, 1, 1, 1, NULL, NULL),
(35, 2, 7, '2', 2017, 1, 0, '2018-03-29 00:00:00', NULL, '2020-01-12 07:16:02', 1, NULL, 1, 1, 1, 1, NULL, NULL),
(36, 1, 4, '2', 2017, 1, 0, '2017-09-28 00:00:00', NULL, '2020-07-14 05:43:18', 1, NULL, 1, 1, 1, 1, NULL, NULL),
(37, 3, 12, '1', 2016, 1, 0, '2018-06-28 00:00:00', NULL, '2018-07-18 04:36:48', 1, NULL, 1, 1, 1, 1, NULL, NULL),
(39, 2, 8, '1', 2018, 1, 0, '2018-12-09 00:00:00', NULL, '2020-01-12 07:17:02', 1, NULL, 1, 1, 1, 1, NULL, NULL),
(40, 3, 16, '1', 2018, 1, 0, '2018-12-10 00:00:00', NULL, '2019-01-14 06:18:10', 1, NULL, 1, 1, 1, 1, NULL, NULL),
(42, 1, 5, '2, Septemb', 2018, 1, 0, '2018-12-09 00:00:00', NULL, '2020-10-16 03:46:55', 1, NULL, 1, 1, 1, 1, NULL, NULL),
(43, 1, 5, '1, Maret', 2018, 1, 0, '2018-07-07 00:00:00', NULL, '2020-10-16 03:46:12', 1, NULL, 1, 1, 1, 1, NULL, NULL),
(45, 3, 15, '1', 2018, 1, 0, '2019-01-30 04:34:00', NULL, '2019-03-19 21:30:55', 1, NULL, 1, 1, 1, 1, NULL, NULL),
(46, 2, 8, '2', 2018, 1, 0, '2018-10-31 00:00:00', NULL, '2020-01-12 07:17:56', 1, NULL, 1, 1, 1, 1, NULL, NULL),
(48, 3, 17, '1', 2019, 1, 0, '2019-03-28 05:01:33', NULL, '2019-03-28 05:01:33', 1, NULL, 1, 1, 1, 1, NULL, NULL),
(51, 2, 9, '1', 2019, 1, 0, '2019-04-11 00:00:00', NULL, '2020-01-12 07:18:20', 1, NULL, 1, 1, 1, 1, NULL, NULL),
(52, 1, 6, '1,  Maret', 2019, 1, 0, '2019-03-07 00:00:00', NULL, '2020-10-16 03:47:30', 1, NULL, 1, 1, 1, 1, NULL, NULL),
(53, 1, 6, '2, Septemb', 2019, 1, 0, '2019-09-09 00:00:00', NULL, '2020-10-16 03:53:08', 1, NULL, 1, 1, 1, 1, NULL, NULL),
(54, 1, 7, '1, Maret', 2020, 1, 0, '2020-03-14 00:00:00', NULL, '2020-10-16 03:49:11', 1, NULL, 1, 1, 1, 1, NULL, NULL),
(55, 2, 10, '1', 2020, 1, 0, '2020-11-05 05:29:29', NULL, '2020-11-05 05:29:30', 1, NULL, 1, 1, 1, 1, NULL, NULL),
(56, 2, 9, '2', 2019, 1, 0, '2020-09-18 04:07:57', NULL, '2020-09-18 04:07:57', 1, NULL, 1, 1, 1, 1, NULL, NULL),
(59, 1, 7, '2, Septemb', 2020, 1, 0, '2021-02-11 00:00:00', NULL, '2021-03-10 04:06:39', 1, NULL, 1, 1, 1, 1, NULL, NULL),
(61, 2, 10, '2', 2020, 1, 0, '2021-03-20 17:55:07', NULL, '2021-03-20 17:55:07', 1, NULL, 1, 1, 1, 1, NULL, NULL),
(62, 3, 17, '2', 2019, 1, 0, '2021-03-21 14:37:50', NULL, '2021-03-21 14:37:50', 1, NULL, 1, 1, 1, 1, NULL, NULL),
(63, 3, 18, '1', 2020, 1, 0, '2021-03-25 18:29:27', NULL, '2021-03-25 18:29:27', 1, NULL, 1, 1, 1, 1, NULL, NULL),
(64, 1, 8, '1', 2021, 1, 0, '2021-04-01 00:00:00', NULL, '2022-04-16 03:12:53', 1, NULL, 1, 1, 1, 1, NULL, NULL),
(66, 3, 18, '2', 2020, 1, 0, '2021-04-18 23:05:02', NULL, '2021-04-18 23:05:02', 1, NULL, 1, 1, 1, 1, NULL, NULL),
(67, 3, 19, '1', 2021, 1, 0, '2021-06-05 09:51:03', NULL, '2021-06-05 09:51:03', 1, NULL, 1, 1, 1, 1, NULL, NULL),
(68, 2, 11, '1', 2021, 1, 0, '2021-06-11 00:00:00', NULL, '2021-06-25 03:31:53', 1, NULL, 1, 1, 1, 1, NULL, NULL),
(71, 2, 11, '2', 2021, 1, 0, '2021-09-17 13:58:02', NULL, '2021-09-17 13:58:02', 1, NULL, 1, 1, 1, 1, NULL, NULL),
(73, 3, 19, '2', 2021, 1, 0, '2021-09-30 08:39:41', NULL, '2021-09-30 08:39:41', 1, NULL, 1, 1, 1, 1, NULL, NULL),
(74, 1, 8, '2', 2021, 1, 0, '2021-12-24 00:00:00', NULL, '2022-04-16 03:13:24', 1, NULL, 1, 1, 1, 1, NULL, NULL),
(75, 4, 1, '1', 2021, 1, 0, '2021-12-27 00:00:00', NULL, '2021-12-29 05:28:57', 1, NULL, 1, 1, 1, 1, NULL, NULL),
(76, 4, 1, '2', 2021, 1, 0, '2021-12-29 00:00:00', NULL, '2021-12-29 05:29:38', 1, NULL, 1, 1, 1, 1, NULL, NULL),
(77, 3, 20, '1', 2022, 1, 0, '2022-03-10 15:05:59', NULL, '2022-03-10 15:05:59', 1, NULL, 1, 1, 1, 1, NULL, NULL),
(78, 1, 9, '1', 2022, 1, 0, '2022-03-30 00:00:00', NULL, '2022-04-16 03:03:47', 1, NULL, 1, 1, 1, 1, NULL, NULL),
(79, 2, 12, '1', 2022, 1, 0, '2022-04-12 00:00:00', NULL, '2022-04-16 02:47:00', 1, NULL, 1, 1, 1, 1, NULL, NULL),
(80, 3, 20, '2', 2022, 1, 0, '2022-06-01 00:00:00', NULL, '2022-11-29 04:48:26', 1, NULL, 1, 1, 1, 1, NULL, NULL),
(81, 4, 2, '01', 2022, 1, 0, '2022-06-10 03:16:38', NULL, '2022-06-10 03:16:38', 1, NULL, 1, 1, 1, 1, NULL, NULL),
(82, 3, 20, '3', 2022, 1, 0, '2022-09-10 07:43:16', NULL, '2022-09-10 07:43:16', 1, NULL, 1, 1, 1, 1, NULL, NULL),
(84, 2, 12, '2', 2022, 1, 0, '2022-10-11 07:30:25', NULL, '2022-10-11 07:30:25', 1, NULL, 1, 1, 1, 1, NULL, NULL),
(86, 1, 9, '2', 2022, 1, 0, '2022-11-22 00:00:00', NULL, '2023-01-27 00:07:26', 1, NULL, 1, 1, 1, 1, NULL, NULL),
(90, 5, 1, '1', 2021, 1, 0, '2022-11-23 06:19:22', NULL, '2022-11-23 06:19:22', 1, NULL, 1, 1, 1, 1, NULL, NULL),
(91, 5, 1, '2', 2021, 1, 0, '2022-11-23 06:19:28', NULL, '2022-11-23 06:19:28', 1, NULL, 1, 1, 1, 1, NULL, NULL),
(93, 5, 1, '2', 2020, 1, 0, '2022-12-16 05:26:21', NULL, '2022-12-16 05:26:21', 1, NULL, 1, 1, 1, 1, NULL, NULL),
(95, 5, 1, '1', 2022, 1, 0, '2022-12-20 03:23:43', NULL, '2022-12-20 03:23:43', 1, NULL, 1, 1, 1, 1, NULL, NULL),
(96, 5, 1, '2', 2022, 1, 0, '2022-12-20 03:24:39', NULL, '2022-12-20 03:24:39', 1, NULL, 1, 1, 1, 1, NULL, NULL),
(98, 5, 1, '2', 2022, 1, 0, '2022-12-20 06:04:29', NULL, '2022-12-20 06:04:29', 1, NULL, 1, 1, 1, 1, NULL, NULL),
(99, 4, 2, '2', 2022, 1, 0, '2022-12-27 00:00:00', NULL, '2023-12-13 02:51:16', 1, NULL, 1, 1, 1, 1, NULL, NULL),
(100, 5, 0, '0', 0, 1, 1, '2022-12-22 00:00:00', NULL, '2023-01-05 03:26:35', 1, NULL, 0, 0, 0, 1, NULL, NULL),
(103, 3, 20, '4', 2022, 1, 0, '2022-12-31 05:59:21', NULL, '2022-12-31 05:59:21', 1, NULL, 1, 1, 1, 1, NULL, NULL),
(108, 1, 10, '1', 2023, 1, 0, '2023-01-27 03:27:08', NULL, '2023-01-27 03:27:08', 1, NULL, 1, 1, 1, 1, NULL, NULL),
(109, 2, 13, '1', 2023, 1, 0, '2023-03-31 00:00:00', NULL, '2023-10-03 07:52:53', 1, NULL, 1, 1, 1, 1, NULL, NULL),
(110, 3, 21, '1', 2023, 1, 0, '2023-04-01 00:00:00', NULL, '2023-06-12 03:11:21', 1, NULL, 1, 1, 1, 1, NULL, NULL),
(111, 4, 3, '1', 2023, 1, 0, '2023-05-24 00:00:00', NULL, '2023-12-13 02:51:40', 1, NULL, 1, 1, 1, 1, NULL, NULL),
(112, 1, 10, '2', 2023, 1, 0, '2023-07-12 04:28:25', NULL, '2023-07-12 04:28:25', 1, NULL, 1, 1, 1, 1, NULL, NULL),
(114, 1, 10, '3', 2023, 1, 0, '2023-09-27 06:04:44', NULL, '2023-09-27 06:04:44', 1, NULL, 1, 1, 1, 1, NULL, NULL),
(115, 3, 21, '2', 2023, 1, 0, '2023-09-30 12:13:09', NULL, '2023-09-30 12:13:09', 1, NULL, 1, 1, 1, 1, NULL, NULL),
(116, 2, 13, '2', 2023, 1, 0, '2023-09-30 00:00:00', NULL, '2023-10-03 07:14:58', 1, NULL, 1, 1, 1, 1, NULL, NULL),
(117, 4, 3, '2', 2023, 1, 0, '2023-12-13 02:44:51', NULL, '2023-12-13 02:44:51', 1, NULL, 1, 1, 1, 1, NULL, NULL),
(119, 1, 11, '1', 2024, 1, 1, '2024-05-15 03:14:30', NULL, '2024-05-15 03:14:30', 1, NULL, 1, 1, 1, 1, NULL, NULL),
(120, 2, 14, '1', 2024, 1, 1, '2024-04-08 16:52:12', NULL, '2024-04-08 16:52:12', 1, NULL, 1, 1, 1, 1, NULL, NULL),
(122, 3, 22, '1', 2024, 1, 1, '2024-05-28 00:00:00', NULL, '2024-05-28 13:47:41', 1, NULL, 1, 1, 1, 1, NULL, NULL),
(123, 4, 4, '1', 2024, 1, 1, '2024-05-28 06:46:14', NULL, '2024-05-28 06:46:14', 1, NULL, 1, 1, 1, 1, NULL, NULL);

-- --------------------------------------------------------

--
-- Table structure for table `issue_files`
--

CREATE TABLE `issue_files` (
  `file_id` bigint(20) NOT NULL,
  `issue_id` bigint(20) NOT NULL,
  `file_name` varchar(90) NOT NULL,
  `file_type` varchar(255) NOT NULL,
  `file_size` bigint(20) NOT NULL,
  `content_type` bigint(20) NOT NULL,
  `original_file_name` varchar(127) DEFAULT NULL,
  `date_uploaded` datetime NOT NULL,
  `date_modified` datetime NOT NULL
) ENGINE=InnoDB DEFAULT CHARSET=latin1;

--
-- Dumping data for table `issue_files`
--

INSERT INTO `issue_files` (`file_id`, `issue_id`, `file_name`, `file_type`, `file_size`, `content_type`, `original_file_name`, `date_uploaded`, `date_modified`) VALUES
(1, 23, '23-1-PB.pdf', 'application/pdf', 7131, 1, 'DAFTAR ISI.pdf', '2016-06-15 06:51:19', '2016-06-15 06:51:19'),
(2, 24, '24-2-PB.pdf', 'application/pdf', 59996, 1, 'daftar isi.pdf', '2016-06-16 02:01:58', '2016-06-16 02:01:58'),
(4, 32, '32-4-PB.pdf', 'application/pdf', 87073, 1, 'DAFTAR ISI.pdf', '2018-03-08 05:11:29', '2018-03-08 05:11:29'),
(5, 35, '35-5-PB.pdf', 'application/pdf', 78900, 1, 'DAFTAR ISI.pdf', '2018-03-28 03:58:45', '2018-03-28 03:58:45'),
(6, 36, '36-6-PB.pdf', 'application/pdf', 14193, 1, 'DAFTAR ISI.pdf', '2018-03-28 07:44:59', '2018-03-28 07:44:59');

-- --------------------------------------------------------

--
-- Table structure for table `issue_galleys`
--

CREATE TABLE `issue_galleys` (
  `galley_id` bigint(20) NOT NULL,
  `locale` varchar(14) DEFAULT NULL,
  `issue_id` bigint(20) NOT NULL,
  `file_id` bigint(20) NOT NULL,
  `label` varchar(32) DEFAULT NULL,
  `seq` double NOT NULL DEFAULT '0'
) ENGINE=InnoDB DEFAULT CHARSET=latin1;

--
-- Dumping data for table `issue_galleys`
--

INSERT INTO `issue_galleys` (`galley_id`, `locale`, `issue_id`, `file_id`, `label`, `seq`) VALUES
(1, NULL, 23, 1, 'PDF', 0),
(2, 'en_US', 24, 2, 'PDF', 0),
(4, 'en_US', 32, 4, 'PDF', 0),
(5, 'en_US', 35, 5, 'PDF', 0),
(6, 'en_US', 36, 6, 'PDF', 0);

-- --------------------------------------------------------

--
-- Table structure for table `issue_galley_settings`
--

CREATE TABLE `issue_galley_settings` (
  `galley_id` bigint(20) NOT NULL,
  `locale` varchar(14) NOT NULL DEFAULT '',
  `setting_name` varchar(255) NOT NULL,
  `setting_value` text,
  `setting_type` varchar(6) NOT NULL
) ENGINE=InnoDB DEFAULT CHARSET=latin1;

-- --------------------------------------------------------

--
-- Table structure for table `issue_settings`
--

CREATE TABLE `issue_settings` (
  `issue_id` bigint(20) NOT NULL,
  `locale` varchar(14) NOT NULL DEFAULT '',
  `setting_name` varchar(255) NOT NULL,
  `setting_value` text,
  `setting_type` varchar(6) NOT NULL
) ENGINE=InnoDB DEFAULT CHARSET=latin1;

--
-- Dumping data for table `issue_settings`
--

INSERT INTO `issue_settings` (`issue_id`, `locale`, `setting_name`, `setting_value`, `setting_type`) VALUES
(6, 'en_US', 'coverImage', 'cover_issue_6_en_US.jpg', 'string'),
(6, 'en_US', 'coverImageAltText', '', 'string'),
(6, 'en_US', 'coverPageDescription', '', 'string'),
(6, 'en_US', 'description', 'Jurnal Kesehatan Stikes Insan Cendikia Medika', 'string'),
(6, 'en_US', 'height', '551', 'int'),
(6, 'en_US', 'hideCoverPageArchives', '0', 'int'),
(6, 'en_US', 'hideCoverPageCover', '1', 'int'),
(6, 'en_US', 'originalFileName', 'cover_issue_6_en_US.jpg', 'string'),
(6, 'en_US', 'showCoverPage', '1', 'int'),
(6, 'en_US', 'title', 'JIC: Jurnal Insan Cendekia', 'string'),
(6, 'en_US', 'width', '399', 'int'),
(9, '', 'pub-id::doi', '10.35874/jib.v1i1', 'string'),
(9, 'en_US', 'coverImage', 'cover_issue_9_en_US.jpg', 'string'),
(9, 'en_US', 'coverImageAltText', '', 'string'),
(9, 'en_US', 'coverPageDescription', '', 'string'),
(9, 'en_US', 'description', '', 'string'),
(9, 'en_US', 'height', '551', 'int'),
(9, 'en_US', 'hideCoverPageArchives', '0', 'int'),
(9, 'en_US', 'hideCoverPageCover', '1', 'int'),
(9, 'en_US', 'originalFileName', 'cover_Kebidanan.399x551.jpg', 'string'),
(9, 'en_US', 'showCoverPage', '1', 'int'),
(9, 'en_US', 'title', 'Jurnal Kebidanan', 'string'),
(9, 'en_US', 'width', '399', 'int'),
(11, 'en_US', 'coverImage', 'cover_issue_11_en_US.jpg', 'string'),
(11, 'en_US', 'coverImageAltText', '', 'string'),
(11, 'en_US', 'coverPageDescription', '', 'string'),
(11, 'en_US', 'description', '', 'string'),
(11, 'en_US', 'height', '300', 'int'),
(11, 'en_US', 'hideCoverPageArchives', '0', 'int'),
(11, 'en_US', 'hideCoverPageCover', '1', 'int'),
(11, 'en_US', 'originalFileName', 'jic vol 2 no 1 2015x.jpg', 'string'),
(11, 'en_US', 'showCoverPage', '1', 'int'),
(11, 'en_US', 'title', 'JIC: Jurnal Insan Cendekia', 'string'),
(11, 'en_US', 'width', '217', 'int'),
(12, 'en_US', 'coverImageAltText', '', 'string'),
(12, 'en_US', 'coverPageDescription', '', 'string'),
(12, 'en_US', 'description', '', 'string'),
(12, 'en_US', 'hideCoverPageArchives', '0', 'int'),
(12, 'en_US', 'hideCoverPageCover', '1', 'int'),
(12, 'en_US', 'showCoverPage', '0', 'int'),
(12, 'en_US', 'title', 'Jurnal Keperawatan', 'string'),
(13, 'en_US', 'coverImageAltText', '', 'string'),
(13, 'en_US', 'coverPageDescription', '', 'string'),
(13, 'en_US', 'description', '', 'string'),
(13, 'en_US', 'hideCoverPageArchives', '0', 'int'),
(13, 'en_US', 'hideCoverPageCover', '1', 'int'),
(13, 'en_US', 'showCoverPage', '0', 'int'),
(13, 'en_US', 'title', 'Jurnal Keperawatan', 'string'),
(14, 'en_US', 'coverImageAltText', '', 'string'),
(14, 'en_US', 'coverPageDescription', '', 'string'),
(14, 'en_US', 'description', '', 'string'),
(14, 'en_US', 'hideCoverPageArchives', '0', 'int'),
(14, 'en_US', 'hideCoverPageCover', '1', 'int'),
(14, 'en_US', 'showCoverPage', '0', 'int'),
(14, 'en_US', 'title', 'Jurnal Keperawatan', 'string'),
(15, 'en_US', 'coverImageAltText', '', 'string'),
(15, 'en_US', 'coverPageDescription', '', 'string'),
(15, 'en_US', 'description', '', 'string'),
(15, 'en_US', 'hideCoverPageArchives', '0', 'int'),
(15, 'en_US', 'hideCoverPageCover', '1', 'int'),
(15, 'en_US', 'showCoverPage', '0', 'int'),
(15, 'en_US', 'title', 'Jurnal Keperawatan', 'string'),
(16, 'en_US', 'coverImageAltText', '', 'string'),
(16, 'en_US', 'coverPageDescription', '', 'string'),
(16, 'en_US', 'description', '', 'string'),
(16, 'en_US', 'hideCoverPageArchives', '0', 'int'),
(16, 'en_US', 'hideCoverPageCover', '1', 'int'),
(16, 'en_US', 'showCoverPage', '0', 'int'),
(16, 'en_US', 'title', 'Jurnal Keperawatan', 'string'),
(17, 'en_US', 'coverImageAltText', '', 'string'),
(17, 'en_US', 'coverPageDescription', '', 'string'),
(17, 'en_US', 'description', '', 'string'),
(17, 'en_US', 'hideCoverPageArchives', '0', 'int'),
(17, 'en_US', 'hideCoverPageCover', '1', 'int'),
(17, 'en_US', 'showCoverPage', '0', 'int'),
(17, 'en_US', 'title', 'Jurnal Keperawatan', 'string'),
(18, 'en_US', 'coverImageAltText', '', 'string'),
(18, 'en_US', 'coverPageDescription', '', 'string'),
(18, 'en_US', 'description', '', 'string'),
(18, 'en_US', 'hideCoverPageArchives', '0', 'int'),
(18, 'en_US', 'hideCoverPageCover', '1', 'int'),
(18, 'en_US', 'showCoverPage', '0', 'int'),
(18, 'en_US', 'title', 'Jurnal Keperawatan', 'string'),
(19, 'en_US', 'coverImageAltText', '', 'string'),
(19, 'en_US', 'coverPageDescription', '', 'string'),
(19, 'en_US', 'description', '', 'string'),
(19, 'en_US', 'hideCoverPageArchives', '0', 'int'),
(19, 'en_US', 'hideCoverPageCover', '1', 'int'),
(19, 'en_US', 'showCoverPage', '0', 'int'),
(19, 'en_US', 'title', 'Jurnal Keperawatan', 'string'),
(20, 'en_US', 'coverImage', 'cover_issue_20_en_US.jpg', 'string'),
(20, 'en_US', 'coverImageAltText', '', 'string'),
(20, 'en_US', 'coverPageDescription', '', 'string'),
(20, 'en_US', 'description', '', 'string'),
(20, 'en_US', 'height', '300', 'int'),
(20, 'en_US', 'hideCoverPageArchives', '0', 'int'),
(20, 'en_US', 'hideCoverPageCover', '1', 'int'),
(20, 'en_US', 'originalFileName', 'jic vol 3 no 1 2016x.jpg', 'string'),
(20, 'en_US', 'showCoverPage', '1', 'int'),
(20, 'en_US', 'title', 'Jurnal Insan Cendekia Vol 3 No 1', 'string'),
(20, 'en_US', 'width', '217', 'int'),
(21, '', 'pub-id::doi', '10.35874/jib.v9i1', 'string'),
(21, 'en_US', 'coverPageDescription', '', 'string'),
(21, 'en_US', 'description', '', 'string'),
(21, 'en_US', 'hideCoverPageArchives', '0', 'int'),
(21, 'en_US', 'hideCoverPageCover', '1', 'int'),
(21, 'en_US', 'showCoverPage', '1', 'int'),
(21, 'en_US', 'title', 'Jurnal Kebidanan', 'string'),
(23, '', 'pub-id::doi', '10.35874/jib.v10i1', 'string'),
(23, 'en_US', 'coverImage', 'cover_issue_23_en_US.jpg', 'string'),
(23, 'en_US', 'coverImageAltText', '', 'string'),
(23, 'en_US', 'coverPageDescription', '', 'string'),
(23, 'en_US', 'description', '<p>Volume 10 Nomor 1 September 2015</p>', 'string'),
(23, 'en_US', 'height', '3505', 'int'),
(23, 'en_US', 'hideCoverPageArchives', '0', 'int'),
(23, 'en_US', 'hideCoverPageCover', '1', 'int'),
(23, 'en_US', 'originalFileName', 'cover Jurnal Kebidanan.jpg', 'string'),
(23, 'en_US', 'showCoverPage', '1', 'int'),
(23, 'en_US', 'title', 'Jurnal Kebidanan', 'string'),
(23, 'en_US', 'width', '2479', 'int'),
(24, 'en_US', 'coverImage', 'cover_issue_24_en_US.png', 'string'),
(24, 'en_US', 'coverImageAltText', '', 'string'),
(24, 'en_US', 'coverPageDescription', '', 'string'),
(24, 'en_US', 'description', 'Vol. 11 No. 1 Maret 2016 : Jurnal Keperawatan', 'string'),
(24, 'en_US', 'height', '643', 'int'),
(24, 'en_US', 'hideCoverPageArchives', '0', 'int'),
(24, 'en_US', 'hideCoverPageCover', '1', 'int'),
(24, 'en_US', 'originalFileName', 'cover keperawatan.png', 'string'),
(24, 'en_US', 'showCoverPage', '1', 'int'),
(24, 'en_US', 'title', 'Jurnal Keperawatan', 'string'),
(24, 'en_US', 'width', '920', 'int'),
(25, '', 'pub-id::doi', '10.35874/jib.v12i1', 'string'),
(25, 'en_US', 'coverImage', 'cover_issue_25_en_US.jpg', 'string'),
(25, 'en_US', 'coverImageAltText', '', 'string'),
(25, 'en_US', 'coverPageDescription', '', 'string'),
(25, 'en_US', 'description', '', 'string'),
(25, 'en_US', 'height', '672', 'int'),
(25, 'en_US', 'hideCoverPageArchives', '0', 'int'),
(25, 'en_US', 'hideCoverPageCover', '1', 'int'),
(25, 'en_US', 'originalFileName', 'jurnal icme.jpg', 'string'),
(25, 'en_US', 'showCoverPage', '1', 'int'),
(25, 'en_US', 'title', 'Jurnal Kebidanan', 'string'),
(25, 'en_US', 'width', '949', 'int'),
(26, '', 'pub-id::doi', '10.35874/jib.v11i1', 'string'),
(26, 'en_US', 'coverImage', 'cover_issue_26_en_US.jpg', 'string'),
(26, 'en_US', 'coverImageAltText', '', 'string'),
(26, 'en_US', 'coverPageDescription', '', 'string'),
(26, 'en_US', 'description', '', 'string'),
(26, 'en_US', 'height', '672', 'int'),
(26, 'en_US', 'hideCoverPageArchives', '0', 'int'),
(26, 'en_US', 'hideCoverPageCover', '1', 'int'),
(26, 'en_US', 'originalFileName', 'vol 11.jpg', 'string'),
(26, 'en_US', 'showCoverPage', '1', 'int'),
(26, 'en_US', 'title', 'Jurnal Kebidanan', 'string'),
(26, 'en_US', 'width', '949', 'int'),
(27, '', 'pub-id::doi', '10.35874/jib.v4i1', 'string'),
(27, 'en_US', 'coverImage', 'cover_issue_27_en_US.jpg', 'string'),
(27, 'en_US', 'coverImageAltText', '', 'string'),
(27, 'en_US', 'coverPageDescription', '', 'string'),
(27, 'en_US', 'description', '', 'string'),
(27, 'en_US', 'height', '623', 'int'),
(27, 'en_US', 'hideCoverPageArchives', '0', 'int'),
(27, 'en_US', 'hideCoverPageCover', '1', 'int'),
(27, 'en_US', 'originalFileName', 'vol 4.jpg', 'string'),
(27, 'en_US', 'showCoverPage', '1', 'int'),
(27, 'en_US', 'title', 'Jurnal Kebidanan', 'string'),
(27, 'en_US', 'width', '880', 'int'),
(28, '', 'pub-id::doi', '10.35874/jib.v8i1', 'string'),
(28, 'en_US', 'coverImage', 'cover_issue_28_en_US.jpg', 'string'),
(28, 'en_US', 'coverImageAltText', '', 'string'),
(28, 'en_US', 'coverPageDescription', '', 'string'),
(28, 'en_US', 'description', '', 'string'),
(28, 'en_US', 'height', '672', 'int'),
(28, 'en_US', 'hideCoverPageArchives', '0', 'int'),
(28, 'en_US', 'hideCoverPageCover', '1', 'int'),
(28, 'en_US', 'originalFileName', 'vol 8.jpg', 'string'),
(28, 'en_US', 'showCoverPage', '1', 'int'),
(28, 'en_US', 'title', 'Jurnal Kebidanan', 'string'),
(28, 'en_US', 'width', '949', 'int'),
(30, 'en_US', 'coverImage', 'cover_issue_30_en_US.png', 'string'),
(30, 'en_US', 'coverImageAltText', '', 'string'),
(30, 'en_US', 'coverPageDescription', '', 'string'),
(30, 'en_US', 'description', '', 'string'),
(30, 'en_US', 'height', '551', 'int'),
(30, 'en_US', 'hideCoverPageArchives', '0', 'int'),
(30, 'en_US', 'hideCoverPageCover', '1', 'int'),
(30, 'en_US', 'originalFileName', 'cover_issue_29_en_US.png', 'string'),
(30, 'en_US', 'showCoverPage', '1', 'int'),
(30, 'en_US', 'title', 'Jurnal Insan Cendekia Vol 3 No 2', 'string'),
(30, 'en_US', 'width', '399', 'int'),
(31, '', 'pub-id::doi', '10.35874/jib.v13i1', 'string'),
(31, 'en_US', 'coverImage', 'cover_issue_31_en_US.png', 'string'),
(31, 'en_US', 'coverImageAltText', '', 'string'),
(31, 'en_US', 'coverPageDescription', '', 'string'),
(31, 'en_US', 'description', '', 'string'),
(31, 'en_US', 'height', '3505', 'int'),
(31, 'en_US', 'hideCoverPageArchives', '0', 'int'),
(31, 'en_US', 'hideCoverPageCover', '1', 'int'),
(31, 'en_US', 'originalFileName', 'cover Jurnal Kebidanan depan vol 13 2017.png', 'string'),
(31, 'en_US', 'showCoverPage', '1', 'int'),
(31, 'en_US', 'title', 'Jurnal Kebidanan', 'string'),
(31, 'en_US', 'width', '2479', 'int'),
(32, 'en_US', 'coverImage', 'cover_issue_32_en_US.png', 'string'),
(32, 'en_US', 'coverImageAltText', '', 'string'),
(32, 'en_US', 'coverPageDescription', '', 'string'),
(32, 'en_US', 'description', '', 'string'),
(32, 'en_US', 'height', '219', 'int'),
(32, 'en_US', 'hideCoverPageArchives', '0', 'int'),
(32, 'en_US', 'hideCoverPageCover', '1', 'int'),
(32, 'en_US', 'originalFileName', 'cover keperawatan vol 13 2017_2.png', 'string'),
(32, 'en_US', 'showCoverPage', '1', 'int'),
(32, 'en_US', 'title', 'Jurnal Keperawatan', 'string'),
(32, 'en_US', 'width', '153', 'int'),
(33, 'en_US', 'coverImage', 'cover_issue_33_en_US.jpg', 'string'),
(33, 'en_US', 'coverImageAltText', '', 'string'),
(33, 'en_US', 'coverPageDescription', '', 'string'),
(33, 'en_US', 'description', '', 'string'),
(33, 'en_US', 'height', '158', 'int'),
(33, 'en_US', 'hideCoverPageArchives', '0', 'int'),
(33, 'en_US', 'hideCoverPageCover', '1', 'int'),
(33, 'en_US', 'originalFileName', 'cover keperawatan vol 14 2017 rz.jpg', 'string'),
(33, 'en_US', 'showCoverPage', '1', 'int'),
(33, 'en_US', 'title', 'Jurnal Keperawatan', 'string'),
(33, 'en_US', 'width', '112', 'int'),
(34, 'en_US', 'coverImage', 'cover_issue_34_en_US.jpg', 'string'),
(34, 'en_US', 'coverImageAltText', '', 'string'),
(34, 'en_US', 'coverPageDescription', '', 'string'),
(34, 'en_US', 'description', '', 'string'),
(34, 'en_US', 'height', '138', 'int'),
(34, 'en_US', 'hideCoverPageArchives', '0', 'int'),
(34, 'en_US', 'hideCoverPageCover', '1', 'int'),
(34, 'en_US', 'originalFileName', 'vol 5 2017 up.jpg', 'string'),
(34, 'en_US', 'showCoverPage', '1', 'int'),
(34, 'en_US', 'title', 'Jurnal Insan Cendekia Vol 4 No 1', 'string'),
(34, 'en_US', 'width', '100', 'int'),
(35, '', 'pub-id::doi', '10.35874/jib.v14i1', 'string'),
(35, 'en_US', 'coverImage', 'cover_issue_35_en_US.png', 'string'),
(35, 'en_US', 'coverImageAltText', '', 'string'),
(35, 'en_US', 'coverPageDescription', '', 'string'),
(35, 'en_US', 'description', '', 'string'),
(35, 'en_US', 'height', '168', 'int'),
(35, 'en_US', 'hideCoverPageArchives', '0', 'int'),
(35, 'en_US', 'hideCoverPageCover', '1', 'int'),
(35, 'en_US', 'originalFileName', 'resize.png', 'string'),
(35, 'en_US', 'showCoverPage', '1', 'int'),
(35, 'en_US', 'title', 'Jurnal Kebidanan', 'string'),
(35, 'en_US', 'width', '119', 'int'),
(36, 'en_US', 'coverImage', 'cover_issue_36_en_US.jpg', 'string'),
(36, 'en_US', 'coverImageAltText', '', 'string'),
(36, 'en_US', 'coverPageDescription', '', 'string'),
(36, 'en_US', 'description', '', 'string'),
(36, 'en_US', 'height', '168', 'int'),
(36, 'en_US', 'hideCoverPageArchives', '0', 'int'),
(36, 'en_US', 'hideCoverPageCover', '1', 'int'),
(36, 'en_US', 'originalFileName', 'vol 6 2017.jpg', 'string'),
(36, 'en_US', 'showCoverPage', '1', 'int'),
(36, 'en_US', 'title', 'Jurnal Insan Cendekia Vol 4 No 2', 'string'),
(36, 'en_US', 'width', '122', 'int'),
(37, 'en_US', 'coverImageAltText', '', 'string'),
(37, 'en_US', 'coverPageDescription', '', 'string'),
(37, 'en_US', 'description', '', 'string'),
(37, 'en_US', 'hideCoverPageArchives', '0', 'int'),
(37, 'en_US', 'hideCoverPageCover', '0', 'int'),
(37, 'en_US', 'showCoverPage', '0', 'int'),
(37, 'en_US', 'title', 'Jurnal Keperawatan', 'string'),
(39, '', 'pub-id::doi', '10.35874/jib.v16i1', 'string'),
(39, 'en_US', 'coverImage', 'cover_issue_39_en_US.jpg', 'string'),
(39, 'en_US', 'coverImageAltText', '', 'string'),
(39, 'en_US', 'coverPageDescription', '', 'string'),
(39, 'en_US', 'description', '', 'string'),
(39, 'en_US', 'height', '300', 'int'),
(39, 'en_US', 'hideCoverPageArchives', '0', 'int'),
(39, 'en_US', 'hideCoverPageCover', '0', 'int'),
(39, 'en_US', 'originalFileName', 'vol_11x.jpg', 'string'),
(39, 'en_US', 'showCoverPage', '0', 'int'),
(39, 'en_US', 'title', 'Jurnal Kebidanan', 'string'),
(39, 'en_US', 'width', '213', 'int'),
(40, 'en_US', 'coverImage', 'cover_issue_40_en_US.jpg', 'string'),
(40, 'en_US', 'coverImageAltText', '', 'string'),
(40, 'en_US', 'coverPageDescription', '', 'string'),
(40, 'en_US', 'description', '', 'string'),
(40, 'en_US', 'height', '300', 'int'),
(40, 'en_US', 'hideCoverPageArchives', '0', 'int'),
(40, 'en_US', 'hideCoverPageCover', '0', 'int'),
(40, 'en_US', 'originalFileName', 'Cover-Keperawatan-page-001.jpg', 'string'),
(40, 'en_US', 'showCoverPage', '1', 'int'),
(40, 'en_US', 'title', 'Jurnal Keperawatan Vol 16 No 1', 'string'),
(40, 'en_US', 'width', '211', 'int'),
(42, '', 'pub-id::publisher-id', '', 'string'),
(42, 'en_US', 'coverImage', 'cover_issue_42_en_US.jpg', 'string'),
(42, 'en_US', 'coverImageAltText', '', 'string'),
(42, 'en_US', 'coverPageDescription', '', 'string'),
(42, 'en_US', 'description', '', 'string'),
(42, 'en_US', 'hideCoverPageArchives', '0', 'int'),
(42, 'en_US', 'hideCoverPageCover', '0', 'int'),
(42, 'en_US', 'showCoverPage', '0', 'int'),
(42, 'en_US', 'title', 'Jurnal Insan Cendekia', 'string'),
(43, '', 'pub-id::publisher-id', '', 'string'),
(43, 'en_US', 'coverImage', 'cover_issue_43_en_US.jpg', 'string'),
(43, 'en_US', 'coverImageAltText', '', 'string'),
(43, 'en_US', 'coverPageDescription', '', 'string'),
(43, 'en_US', 'description', '', 'string'),
(43, 'en_US', 'hideCoverPageArchives', '0', 'int'),
(43, 'en_US', 'hideCoverPageCover', '0', 'int'),
(43, 'en_US', 'showCoverPage', '0', 'int'),
(43, 'en_US', 'title', 'Jurnal Insan Cendekia', 'string'),
(45, 'en_US', 'coverImage', 'cover_issue_45_en_US.jpg', 'string'),
(45, 'en_US', 'coverPageDescription', '', 'string'),
(45, 'en_US', 'description', '', 'string'),
(45, 'en_US', 'height', '347', 'int'),
(45, 'en_US', 'hideCoverPageArchives', '0', 'int'),
(45, 'en_US', 'hideCoverPageCover', '0', 'int'),
(45, 'en_US', 'originalFileName', 'Cover-Keperawatan-1.jpg', 'string'),
(45, 'en_US', 'showCoverPage', '0', 'int'),
(45, 'en_US', 'title', 'Jurnal Keperawatan No. 15 No.1', 'string'),
(45, 'en_US', 'width', '211', 'int'),
(46, '', 'pub-id::doi', '10.35874/jib.v15i1', 'string'),
(46, 'en_US', 'coverImage', 'cover_issue_46_en_US.jpg', 'string'),
(46, 'en_US', 'coverImageAltText', '', 'string'),
(46, 'en_US', 'coverPageDescription', '', 'string'),
(46, 'en_US', 'description', '', 'string'),
(46, 'en_US', 'height', '347', 'int'),
(46, 'en_US', 'hideCoverPageArchives', '0', 'int'),
(46, 'en_US', 'hideCoverPageCover', '0', 'int'),
(46, 'en_US', 'originalFileName', 'Cover-Kebidanan-1.jpg', 'string'),
(46, 'en_US', 'showCoverPage', '0', 'int'),
(46, 'en_US', 'title', 'Jurnal Kebidanan', 'string'),
(46, 'en_US', 'width', '211', 'int'),
(48, 'en_US', 'coverImage', 'cover_issue_48_en_US.jpg', 'string'),
(48, 'en_US', 'coverPageDescription', '', 'string'),
(48, 'en_US', 'description', '', 'string'),
(48, 'en_US', 'height', '2339', 'int'),
(48, 'en_US', 'hideCoverPageArchives', '0', 'int'),
(48, 'en_US', 'hideCoverPageCover', '0', 'int'),
(48, 'en_US', 'originalFileName', 'Cover-Keperawatan Maret 2019-1.jpg', 'string'),
(48, 'en_US', 'showCoverPage', '0', 'int'),
(48, 'en_US', 'title', 'Jurnal Keperawatan Volume 17 No 1', 'string'),
(48, 'en_US', 'width', '1653', 'int'),
(51, '', 'pub-id::doi', '10.35874/jib.v17i1', 'string'),
(51, 'en_US', 'coverImage', 'cover_issue_51_en_US.jpg', 'string'),
(51, 'en_US', 'coverImageAltText', '', 'string'),
(51, 'en_US', 'coverPageDescription', '', 'string'),
(51, 'en_US', 'description', '', 'string'),
(51, 'en_US', 'height', '2800', 'int'),
(51, 'en_US', 'hideCoverPageArchives', '0', 'int'),
(51, 'en_US', 'hideCoverPageCover', '0', 'int'),
(51, 'en_US', 'originalFileName', 'Cover-Kebidanan Maret 2019.jpg', 'string'),
(51, 'en_US', 'showCoverPage', '0', 'int'),
(51, 'en_US', 'title', 'Jurnal Kebidanan', 'string'),
(51, 'en_US', 'width', '1700', 'int'),
(52, '', 'pub-id::publisher-id', '', 'string'),
(52, 'en_US', 'coverImage', 'cover_issue_52_en_US.jpg', 'string'),
(52, 'en_US', 'coverImageAltText', '', 'string'),
(52, 'en_US', 'description', '', 'string'),
(52, 'en_US', 'title', 'Jurnal Insan Cendekia', 'string'),
(53, 'en_US', 'coverImage', 'cover_issue_53_en_US.jpg', 'string'),
(53, 'en_US', 'coverImageAltText', '', 'string'),
(53, 'en_US', 'description', '', 'string'),
(53, 'en_US', 'title', 'Jurnal Insan Cendekia', 'string'),
(54, '', 'pub-id::publisher-id', '', 'string'),
(54, 'en_US', 'coverImage', 'cover_issue_54_en_US.jpg', 'string'),
(54, 'en_US', 'coverImageAltText', '', 'string'),
(54, 'en_US', 'description', '', 'string'),
(54, 'en_US', 'title', 'Jurnal Insan Cendekia', 'string'),
(55, 'en_US', 'description', '', 'string'),
(55, 'en_US', 'title', 'Jurnal Kebidanan', 'string'),
(56, 'en_US', 'coverImage', 'cover_issue_56_en_US.jpg', 'string'),
(56, 'en_US', 'coverImageAltText', '', 'string'),
(56, 'en_US', 'description', '', 'string'),
(56, 'en_US', 'title', 'Jurnal Kebidanan', 'string'),
(59, 'en_US', 'coverImage', 'cover_issue_59_en_US.png', 'string'),
(59, 'en_US', 'description', '', 'string'),
(59, 'en_US', 'title', 'Jurnal Insan Cendekia', 'string'),
(61, 'en_US', 'coverImage', 'cover_issue_61_en_US.jpg', 'string'),
(61, 'en_US', 'description', '', 'string'),
(61, 'en_US', 'title', 'Jurnal Kebidanan', 'string'),
(62, 'en_US', 'coverImage', 'cover_issue_62_en_US.jpg', 'string'),
(62, 'en_US', 'description', '', 'string'),
(62, 'en_US', 'title', 'Jurnal Keperawatan', 'string'),
(63, 'en_US', 'coverImage', 'cover_issue_63_en_US.jpg', 'string'),
(63, 'en_US', 'description', '', 'string'),
(63, 'en_US', 'title', 'Jurnal Keperawatan', 'string'),
(64, '', 'pub-id::doi', '10.35874/jic.v8i1', 'string'),
(64, '', 'pub-id::publisher-id', '', 'string'),
(64, 'en_US', 'coverImage', 'cover_issue_64_en_US.jpg', 'string'),
(64, 'en_US', 'description', '', 'string'),
(64, 'en_US', 'title', 'Jurnal Insan Cendekia', 'string'),
(66, 'en_US', 'coverImage', 'cover_issue_66_en_US.jpg', 'string'),
(66, 'en_US', 'description', '', 'string'),
(66, 'en_US', 'title', 'Jurnal Keperawatan', 'string'),
(67, 'en_US', 'coverImage', 'cover_issue_67_en_US.jpg', 'string'),
(67, 'en_US', 'description', '', 'string'),
(67, 'en_US', 'title', 'Jurnal Keperawatan', 'string'),
(68, 'en_US', 'coverImage', 'cover_issue_68_en_US.jpg', 'string'),
(68, 'en_US', 'coverImageAltText', '', 'string'),
(68, 'en_US', 'description', '', 'string'),
(68, 'en_US', 'title', 'Jurnal Kebidanan', 'string'),
(71, 'en_US', 'coverImage', 'cover_issue_71_en_US.jpg', 'string'),
(71, 'en_US', 'description', '<p>Pada volume ini terdiri dari 5 manuskrip yang terdiri dari beberapa Perguruan Tinggi dengan 5 author&nbsp;</p>', 'string'),
(71, 'en_US', 'title', 'Jurnal Kebidanan September 2021', 'string'),
(73, 'en_US', 'coverImage', 'cover_issue_73_en_US.jpg', 'string'),
(73, 'en_US', 'description', '', 'string'),
(73, 'en_US', 'title', 'Jurnal Keperawatan', 'string'),
(74, '', 'pub-id::doi', '10.35874/jic.v8i2', 'string'),
(74, 'en_US', 'coverImage', 'cover_issue_74_en_US.jpg', 'string'),
(74, 'en_US', 'description', '', 'string'),
(74, 'en_US', 'title', 'Jurnal Insan Cendekia', 'string'),
(75, 'en_US', 'coverImage', 'cover_issue_75_en_US.png', 'string'),
(75, 'en_US', 'coverImageAltText', '', 'string'),
(75, 'en_US', 'description', '', 'string'),
(75, 'en_US', 'title', 'Jurnal Abdi Medika Mei 2021', 'string'),
(76, 'en_US', 'coverImage', 'cover_issue_76_en_US.png', 'string'),
(76, 'en_US', 'coverImageAltText', '', 'string'),
(76, 'en_US', 'description', '', 'string'),
(76, 'en_US', 'title', 'Jurnal Abdi Medika Desember 2021', 'string'),
(77, 'en_US', 'coverImage', 'cover_issue_77_en_US.jpg', 'string'),
(77, 'en_US', 'coverImageAltText', '', 'string'),
(77, 'en_US', 'description', '', 'string'),
(77, 'en_US', 'title', 'Jurnal Keperawatan', 'string'),
(78, '', 'pub-id::doi', '10.35874/jic.v9i1', 'string'),
(78, 'en_US', 'coverImage', 'cover_issue_78_en_US.jpg', 'string'),
(78, 'en_US', 'description', '', 'string'),
(78, 'en_US', 'title', 'Jurnal Insan Cendekia', 'string'),
(79, 'en_US', 'coverImage', 'cover_issue_79_en_US.jpg', 'string'),
(79, 'en_US', 'description', '', 'string'),
(79, 'en_US', 'title', 'Jurnal Kebidanan Edisi Maret 2022', 'string'),
(80, 'en_US', 'coverImage', 'cover_issue_80_en_US.jpg', 'string'),
(80, 'en_US', 'coverImageAltText', '', 'string'),
(80, 'en_US', 'description', '', 'string'),
(80, 'en_US', 'title', 'Edisi Khusus Jurnal Keperawatan', 'string'),
(81, 'en_US', 'coverImage', 'cover_issue_81_en_US.png', 'string'),
(81, 'en_US', 'coverImageAltText', '', 'string'),
(81, 'en_US', 'description', '', 'string'),
(81, 'en_US', 'title', 'Jurnal Abdi Medika Mei 2022', 'string'),
(82, 'en_US', 'coverImage', 'cover_issue_82_en_US.jpg', 'string'),
(82, 'en_US', 'description', '', 'string'),
(82, 'en_US', 'title', 'Jurnal Keperawatan', 'string'),
(84, 'en_US', 'coverImage', 'cover_issue_84_en_US.jpg', 'string'),
(84, 'en_US', 'description', '', 'string'),
(84, 'en_US', 'title', 'Jurnal Kebidanan September 2022', 'string'),
(86, '', 'pub-id::doi', '10.35874/jic.v9i2', 'string'),
(86, 'en_US', 'coverImage', 'cover_issue_86_en_US.jpg', 'string'),
(86, 'en_US', 'description', '', 'string'),
(86, 'en_US', 'title', 'Jurnal Insan Cendekia September 2022', 'string'),
(90, 'en_US', 'description', '', 'string'),
(90, 'en_US', 'title', 'Januari - Juni 2021', 'string'),
(91, 'en_US', 'description', '', 'string'),
(91, 'en_US', 'title', 'Juli - Desember 2021', 'string'),
(93, 'en_US', 'description', '', 'string'),
(93, 'en_US', 'title', 'Juli - Desember 2020', 'string'),
(95, 'en_US', 'description', '', 'string'),
(95, 'en_US', 'title', 'Januari - Juni 2022', 'string'),
(96, 'en_US', 'description', '', 'string'),
(96, 'en_US', 'title', 'Juli - Desember 2022', 'string'),
(98, 'en_US', 'description', '', 'string'),
(98, 'en_US', 'title', 'INPRESS 2022', 'string'),
(99, '', 'pub-id::doi', '10.35874/jam.v2i2', 'string'),
(99, 'en_US', 'coverImage', 'cover_issue_99_en_US.jpg', 'string'),
(99, 'en_US', 'coverImageAltText', '', 'string'),
(99, 'en_US', 'description', '', 'string'),
(99, 'en_US', 'title', 'Jurnal Abdi Medika Desember 2022', 'string'),
(100, 'en_US', 'coverImage', 'cover_issue_100_en_US.jpg', 'string'),
(100, 'en_US', 'coverImageAltText', '', 'string'),
(100, 'en_US', 'description', '<div class=\"tab-panels\">&nbsp;</div>\r\n<h3>Deskripsi Buku</h3>\r\n<p>&nbsp;</p>\r\n<div id=\"section-desc\" class=\"product-desc\">\r\n<div>Buku saku ini berisi tentang, identifikasi pasien secara benar (patient Safety) dan perhitungan praktis, penilaian dengan score, elektrokardiografi, pertolongan penderita gawat darurat (PPGD), keadaan normal dan beberapa informasi lainnya. Dengan adanya buku saku ini diharapkan dapat menambah wawasan bagi mahasiswa keperawatan maupun kebidanan.</div>\r\n<div>&nbsp;</div>\r\n<div>&nbsp;</div>\r\n<div>\r\n<h3>Detail</h3>\r\n<table style=\"height: 104px;\" width=\"295\">\r\n<tbody>\r\n<tr>\r\n<td style=\"width: 139.5px;\">\r\n<p>Jumlah Halaman</p>\r\n<p>148</p>\r\n</td>\r\n<td style=\"width: 139.5px;\">\r\n<p><span class=\"ng-star-inserted\">ISBN</span></p>\r\n<p>9786026099242</p>\r\n</td>\r\n</tr>\r\n<tr>\r\n<td style=\"width: 139.5px;\">\r\n<p><span class=\"ng-star-inserted\">Penerbit</span></p>\r\n<p><a href=\"https://www.gramedia.com/vendor/celebes-media-perkasa\">Celebes Media Perkasa</a></p>\r\n</td>\r\n<td style=\"width: 139.5px;\">\r\n<p><span class=\"ng-star-inserted\">Lebar</span></p>\r\n<p>0.0 cm</p>\r\n</td>\r\n</tr>\r\n<tr>\r\n<td style=\"width: 139.5px;\">\r\n<p><span class=\"ng-star-inserted\">Tanggal Terbit</span></p>\r\n<p>17 Sep 2017</p>\r\n</td>\r\n<td style=\"width: 139.5px;\">\r\n<p><span class=\"ng-star-inserted\">Bahasa</span></p>\r\n<p>ind</p>\r\n</td>\r\n</tr>\r\n<tr>\r\n<td style=\"width: 139.5px;\">\r\n<p><span class=\"ng-star-inserted\">Berat</span></p>\r\n<p>0.0 kg</p>\r\n</td>\r\n<td style=\"width: 139.5px;\">\r\n<p><span class=\"ng-star-inserted\">Panjang</span></p>\r\n<p>0.0cm</p>\r\n</td>\r\n</tr>\r\n</tbody>\r\n</table>\r\n<p>&nbsp;</p>\r\n<p>&nbsp;</p>\r\n</div>\r\n</div>', 'string'),
(100, 'en_US', 'title', 'MODUL 2 ASUHAN KEBIDANAN KEHAMILAN', 'string'),
(103, 'en_US', 'coverImage', 'cover_issue_103_en_US.jpg', 'string'),
(103, 'en_US', 'description', '', 'string'),
(103, 'en_US', 'title', 'Edisi Khusus Jurnal Keperawatan', 'string'),
(108, '', 'pub-id::doi', '10.35874/jic.v10i1', 'string'),
(108, 'en_US', 'description', '', 'string'),
(108, 'en_US', 'title', 'Jurnal Insan Cendekia', 'string'),
(109, '', 'pub-id::doi', '10.35874/jib.v13i1', 'string'),
(109, 'en_US', 'coverImage', 'cover_issue_109_en_US.jpg', 'string'),
(109, 'en_US', 'description', '', 'string'),
(109, 'en_US', 'title', 'Jurnal Kebidanan Maret 2023', 'string'),
(110, 'en_US', 'coverImage', 'cover_issue_110_en_US.jpg', 'string'),
(110, 'en_US', 'coverImageAltText', '', 'string'),
(110, 'en_US', 'description', '', 'string'),
(110, 'en_US', 'title', 'Jurnal Keperawatan Maret 2023', 'string'),
(111, '', 'pub-id::doi', '10.35874/jam.v3i1', 'string'),
(111, 'en_US', 'coverImage', 'cover_issue_111_en_US.jpg', 'string'),
(111, 'en_US', 'coverImageAltText', '', 'string'),
(111, 'en_US', 'description', '', 'string'),
(111, 'en_US', 'title', 'Jurnal Abdi Medika Mei 2023', 'string'),
(112, '', 'pub-id::doi', '10.35874/jic.v10i2', 'string'),
(112, 'en_US', 'coverImage', 'cover_issue_112_en_US.jpg', 'string'),
(112, 'en_US', 'description', '', 'string'),
(112, 'en_US', 'title', 'Jurnal Insan Cendekia', 'string'),
(114, '', 'pub-id::doi', '10.35874/jic.v10i3', 'string'),
(114, 'en_US', 'coverImage', 'cover_issue_114_en_US.jpg', 'string'),
(114, 'en_US', 'description', '', 'string'),
(114, 'en_US', 'title', 'Jurnal Insan Cendekia', 'string'),
(115, 'en_US', 'coverImage', 'cover_issue_115_en_US.jpg', 'string'),
(115, 'en_US', 'description', '', 'string'),
(115, 'en_US', 'title', 'Jurnal Keperawatan September 2023', 'string'),
(116, '', 'pub-id::doi', '10.35874/jib.v13i2', 'string'),
(116, 'en_US', 'coverImage', 'cover_issue_116_en_US.jpg', 'string'),
(116, 'en_US', 'description', '', 'string'),
(116, 'en_US', 'title', 'Jurnal Kebidanan Edisi September 2023', 'string'),
(117, '', 'pub-id::doi', '10.35874/jam.v3i2', 'string'),
(117, 'en_US', 'coverImage', 'cover_issue_117_en_US.jpg', 'string'),
(117, 'en_US', 'coverImageAltText', '', 'string'),
(117, 'en_US', 'description', '', 'string'),
(117, 'en_US', 'title', 'Jurnal Abdi Medika Desember 2023', 'string'),
(119, '', 'pub-id::doi', '10.35874/jic.v11i1', 'string'),
(119, 'en_US', 'coverImage', 'cover_issue_119_en_US.jpg', 'string'),
(119, 'en_US', 'description', '', 'string'),
(119, 'en_US', 'title', 'Jurnal Insan Cendekia', 'string'),
(120, '', 'pub-id::doi', '10.35874/jib.v14i1', 'string'),
(120, 'en_US', 'description', '', 'string'),
(120, 'en_US', 'title', 'Jurnal Kebidanan Maret 2024', 'string'),
(122, 'en_US', 'coverImage', 'cover_issue_122_en_US.jpg', 'string'),
(122, 'en_US', 'description', '', 'string'),
(122, 'en_US', 'title', 'Jurnal Keperawatan Maret 2024', 'string'),
(123, '', 'pub-id::doi', '10.35874/jam.v4i1', 'string'),
(123, 'en_US', 'coverImage', 'cover_issue_123_en_US.jpg', 'string'),
(123, 'en_US', 'description', '', 'string'),
(123, 'en_US', 'title', 'Jurnal Abdi Medika Mei 2024', 'string');

-- --------------------------------------------------------

--
-- Table structure for table `item_views`
--

CREATE TABLE `item_views` (
  `assoc_type` bigint(20) NOT NULL,
  `assoc_id` varchar(32) NOT NULL,
  `user_id` bigint(20) DEFAULT NULL,
  `date_last_viewed` datetime DEFAULT NULL
) ENGINE=MyISAM DEFAULT CHARSET=latin1;

--
-- Dumping data for table `item_views`
--

INSERT INTO `item_views` (`assoc_type`, `assoc_id`, `user_id`, `date_last_viewed`) VALUES
(516, '329', 403, '2022-12-16 01:06:11'),
(516, '327', 403, '2022-12-16 01:50:13'),
(515, '745-1', 1, '2019-09-07 03:11:56'),
(515, '445-1', 160, '2019-10-14 19:34:07'),
(515, '765-4', 1, '2019-11-25 15:03:24'),
(515, '1053-1', 1, '2019-11-27 21:44:46'),
(515, '1450-1', 1, '2020-10-16 06:51:24'),
(515, '1073-1', 1, '2020-07-07 23:20:26'),
(515, '769-4', 1, '2019-12-23 04:37:32'),
(515, '937-1', 190, '2020-02-05 07:30:37'),
(515, '254-1', 192, '2020-06-07 03:05:40'),
(515, '1247-1', 1, '2020-09-18 11:14:22'),
(515, '1772-1', 1, '2021-03-23 02:57:53'),
(515, '1251-2', 1, '2020-06-29 07:20:08'),
(515, '1256-1', 1, '2020-06-30 06:50:13'),
(515, '1257-3', 225, '2020-07-02 04:41:47'),
(515, '1255-1', 1, '2020-07-03 04:49:21'),
(515, '1376-1', 1, '2021-02-21 23:31:38'),
(515, '1253-2', 1, '2020-09-28 03:33:00'),
(515, '1250-1', 162, '2020-07-08 14:17:38'),
(515, '1219-1', 1, '2021-03-31 04:30:54'),
(515, '1201-1', 1, '2021-03-31 04:36:33'),
(515, '1265-1', 1, '2020-07-07 06:19:35'),
(515, '1073-2', 1, '2020-10-16 04:08:44'),
(515, '1075-2', 1, '2020-07-07 23:35:43'),
(515, '1077-2', 1, '2020-07-07 23:36:46'),
(515, '1289-2', 230, '2020-07-08 05:07:54'),
(515, '1181-1', 162, '2020-07-09 07:57:54'),
(515, '1179-1', 162, '2020-07-09 07:59:24'),
(515, '1185-1', 162, '2020-07-09 07:59:59'),
(515, '1250-1', 1, '2020-09-18 11:50:15'),
(515, '1271-1', 1, '2020-10-16 06:49:35'),
(515, '1310-1', 1, '2020-07-14 05:16:04'),
(515, '1330-1', 1, '2020-07-14 05:17:59'),
(515, '1283-1', 1, '2020-07-14 09:51:49'),
(515, '787-1', 231, '2020-07-17 05:23:31'),
(515, '1289-2', 224, '2020-07-17 07:39:32'),
(515, '1337-1', 206, '2020-09-26 07:10:48'),
(516, '67', 224, '2020-07-17 08:54:25'),
(515, '1262-1', 197, '2020-07-21 05:12:36'),
(515, '1257-3', 197, '2020-07-21 05:23:30'),
(515, '1343-1', 206, '2020-09-27 04:22:55'),
(515, '1250-1', 226, '2020-07-24 14:19:44'),
(515, '4811-2', 700, '2024-03-15 07:15:32'),
(515, '1345-1', 238, '2020-08-27 04:21:24'),
(515, '3612-1', 403, '2022-12-15 02:32:36'),
(515, '1201-1', 161, '2020-09-03 10:41:57'),
(515, '1205-1', 161, '2020-09-03 10:42:25'),
(515, '1209-1', 161, '2020-09-03 10:42:45'),
(515, '1217-1', 161, '2020-09-03 10:43:30'),
(515, '1041-1', 1, '2020-09-17 13:50:03'),
(515, '1348-1', 1, '2020-09-18 06:00:35'),
(515, '1382-1', 1, '2020-09-18 08:00:50'),
(515, '1262-1', 224, '2020-09-18 09:32:57'),
(515, '1380-1', 1, '2020-09-28 03:23:53'),
(515, '1316-1', 1, '2020-09-18 11:56:59'),
(515, '1258-1', 224, '2020-09-18 12:01:33'),
(515, '1385-1', 224, '2020-09-18 12:18:19'),
(515, '1383-1', 205, '2020-11-27 07:15:36'),
(515, '1372-1', 205, '2020-09-24 08:12:37'),
(515, '1338-1', 206, '2020-09-27 04:18:51'),
(515, '1380-1', 224, '2020-09-28 03:32:14'),
(515, '1380-1', 197, '2020-09-28 03:40:00'),
(515, '1380-2', 197, '2020-09-28 04:02:45'),
(515, '1427-1', 205, '2020-09-28 04:18:13'),
(516, '81', 224, '2020-09-28 04:27:06'),
(515, '1427-1', 224, '2020-09-28 04:29:45'),
(515, '1428-1', 224, '2020-09-28 04:30:36'),
(515, '1257-5', 225, '2020-10-09 04:31:02'),
(515, '436-1', 266, '2020-10-03 05:31:16'),
(515, '1262-1', 161, '2020-10-05 07:21:32'),
(515, '1312-1', 162, '2020-11-19 14:05:17'),
(515, '692-1', 1, '2020-10-16 03:42:13'),
(515, '1290-1', 1, '2020-10-16 03:51:36'),
(515, '1269-1', 1, '2020-10-16 06:49:07'),
(515, '1449-1', 1, '2020-10-16 06:51:34'),
(515, '436-1', 271, '2020-10-18 13:06:28'),
(515, '617-1', 271, '2020-10-18 13:06:53'),
(515, '1452-1', 1, '2020-10-19 10:48:25'),
(515, '1446-1', 1, '2020-10-19 10:48:37'),
(515, '1227-2', 1, '2020-10-19 10:48:56'),
(515, '1229-2', 1, '2020-10-19 10:49:13'),
(515, '1233-2', 1, '2020-10-19 10:49:41'),
(515, '1235-2', 1, '2020-10-19 10:49:51'),
(515, '1241-2', 1, '2020-10-19 10:50:01'),
(515, '1430-1', 224, '2020-10-19 14:24:56'),
(515, '1341-1', 1, '2020-10-19 22:56:09'),
(515, '1459-1', 193, '2020-10-20 02:24:57'),
(515, '1456-1', 193, '2020-10-20 13:55:48'),
(515, '1390-1', 193, '2020-10-20 14:12:41'),
(515, '1089-2', 228, '2020-10-21 03:41:25'),
(515, '1283-1', 228, '2020-10-21 03:41:26'),
(515, '1306-1', 228, '2020-10-21 03:41:28'),
(515, '1319-1', 228, '2020-10-21 03:41:36'),
(515, '1469-1', 1, '2020-10-21 07:24:15'),
(515, '1471-1', 193, '2020-10-22 02:10:22'),
(515, '1388-1', 193, '2020-10-22 02:21:20'),
(515, '1386-1', 193, '2020-10-22 06:09:46'),
(515, '1179-1', 278, '2020-10-30 21:36:47'),
(516, '75', 1, '2020-11-05 03:38:52'),
(515, '1386-1', 1, '2020-11-05 03:39:34'),
(515, '1012-1', 1, '2020-11-05 08:27:46'),
(515, '1017-1', 1, '2020-11-05 08:40:03'),
(515, '1432-1', 259, '2020-11-10 03:04:08'),
(515, '1483-1', 226, '2020-11-17 08:09:55'),
(515, '1460-1', 1, '2020-11-16 11:58:24'),
(515, '1486-1', 193, '2020-11-17 05:10:45'),
(515, '1487-1', 224, '2020-11-17 04:22:12'),
(515, '1489-1', 193, '2020-11-17 04:58:01'),
(516, '93', 224, '2020-11-17 05:16:52'),
(515, '1483-1', 224, '2020-11-17 05:53:59'),
(515, '1490-1', 226, '2020-11-17 08:06:56'),
(515, '1390-1', 224, '2020-11-18 01:57:10'),
(515, '1492-1', 226, '2020-11-17 14:09:58'),
(515, '1492-2', 226, '2020-11-17 14:57:43'),
(515, '1493-1', 226, '2020-11-18 01:53:15'),
(515, '2824-1', 321, '2022-08-19 07:10:06'),
(515, '1492-5', 226, '2020-11-18 01:46:03'),
(515, '1500-1', 226, '2020-11-18 01:53:30'),
(515, '1501-1', 226, '2020-11-18 01:54:14'),
(515, '1391-1', 224, '2020-11-18 01:56:34'),
(515, '1401-1', 249, '2020-11-18 02:43:09'),
(515, '1490-1', 219, '2020-11-18 02:47:09'),
(515, '3052-1', 432, '2022-08-19 08:12:52'),
(516, '247', 392, '2022-08-18 07:15:23'),
(515, '1497-1', 162, '2020-11-19 15:21:48'),
(515, '1251-2', 291, '2020-11-18 05:26:40'),
(515, '1513-2', 291, '2020-11-18 05:26:45'),
(515, '739-1', 291, '2020-11-18 05:28:23'),
(515, '740-2', 291, '2020-11-18 05:28:23'),
(515, '1310-1', 162, '2020-11-19 13:40:47'),
(515, '1492-5', 175, '2020-11-19 14:01:38'),
(515, '1500-1', 175, '2020-11-19 15:09:49'),
(515, '1542-1', 226, '2020-11-20 13:48:56'),
(515, '1544-1', 226, '2020-11-20 13:54:44'),
(515, '1545-1', 226, '2020-11-20 13:55:34'),
(515, '1477-2', 226, '2020-11-22 12:33:31'),
(515, '1529-1', 226, '2020-11-20 14:04:09'),
(515, '1546-1', 226, '2020-11-20 14:13:23'),
(515, '1526-1', 226, '2020-11-20 14:15:43'),
(515, '1548-1', 226, '2020-11-20 14:27:51'),
(515, '1549-1', 226, '2020-11-20 14:28:19'),
(515, '1527-1', 226, '2020-11-20 14:45:16'),
(515, '1540-2', 300, '2021-09-23 03:24:55'),
(515, '1551-1', 226, '2020-11-20 15:01:18'),
(515, '1549-1', 195, '2020-11-23 03:26:59'),
(515, '3043-1', 401, '2022-08-18 06:26:03'),
(515, '1563-1', 175, '2020-11-24 10:47:51'),
(515, '1518-1', 206, '2020-12-12 01:54:22'),
(515, '1519-1', 206, '2020-11-25 06:49:21'),
(515, '2823-1', 437, '2022-08-17 04:37:30'),
(515, '1518-1', 205, '2020-11-26 06:44:30'),
(515, '1519-1', 205, '2020-11-26 06:44:45'),
(515, '1465-1', 206, '2020-11-26 16:10:17'),
(515, '3042-1', 432, '2022-08-19 08:13:50'),
(515, '1489-1', 205, '2020-11-27 05:10:36'),
(515, '1501-1', 205, '2020-11-27 06:47:17'),
(515, '1423-1', 206, '2020-11-27 07:02:40'),
(515, '1426-1', 205, '2020-11-27 07:03:17'),
(515, '1423-1', 205, '2020-11-27 07:07:42'),
(515, '1426-1', 206, '2020-11-27 07:49:58'),
(515, '1384-1', 206, '2020-12-12 01:55:18'),
(515, '1385-1', 206, '2020-11-27 13:16:17'),
(515, '3633-1', 519, '2023-06-27 02:38:03'),
(515, '3047-1', 392, '2022-08-18 07:08:34'),
(515, '2806-1', 437, '2022-08-17 04:30:56'),
(515, '1563-1', 1, '2021-01-15 16:31:35'),
(516, '86', 224, '2021-01-15 16:36:20'),
(515, '1469-1', 224, '2021-01-15 16:44:30'),
(515, '1581-1', 224, '2021-01-26 05:51:14'),
(515, '1582-1', 161, '2021-01-27 07:25:23'),
(515, '1580-1', 161, '2021-01-29 05:50:01'),
(515, '1589-1', 210, '2021-01-29 04:17:36'),
(515, '1581-1', 161, '2021-01-29 04:24:41'),
(515, '1583-1', 161, '2021-01-29 04:19:01'),
(515, '1588-1', 210, '2021-01-29 04:19:36'),
(515, '1587-1', 210, '2021-01-29 04:19:56'),
(515, '1586-1', 210, '2021-01-29 04:20:34'),
(515, '1584-1', 161, '2021-01-29 04:20:26'),
(515, '1585-1', 210, '2021-01-29 04:26:25'),
(515, '1581-1', 210, '2021-02-01 02:50:11'),
(515, '1601-1', 226, '2021-02-05 05:55:14'),
(515, '1601-1', 1, '2021-02-05 12:52:08'),
(515, '1602-1', 1, '2021-02-08 03:53:38'),
(515, '1622-1', 1, '2021-02-08 05:06:23'),
(515, '1636-1', 1, '2021-02-09 08:51:14'),
(515, '1624-1', 1, '2021-02-08 05:23:45'),
(515, '1625-1', 1, '2021-02-08 05:26:51'),
(515, '1626-1', 1, '2021-02-08 05:29:25'),
(515, '1627-2', 1, '2021-02-08 07:48:02'),
(515, '1633-1', 193, '2021-02-08 13:26:40'),
(515, '1545-1', 193, '2021-02-08 13:35:11'),
(516, '107', 1, '2021-02-09 07:19:10'),
(515, '1510-1', 193, '2021-02-11 02:25:39'),
(515, '1651-1', 1, '2021-02-11 03:35:15'),
(515, '1179-1', 318, '2021-02-16 04:38:23'),
(515, '1687-1', 1, '2021-02-18 02:40:07'),
(515, '1688-1', 1, '2021-02-18 02:46:59'),
(515, '1689-1', 1, '2021-02-18 02:50:45'),
(515, '1690-1', 1, '2021-02-18 02:53:42'),
(515, '782-1', 1, '2021-02-18 02:55:44'),
(515, '1691-1', 1, '2021-02-18 03:04:58'),
(515, '1692-1', 1, '2021-02-18 03:11:10'),
(515, '1366-1', 1, '2021-03-31 03:41:47'),
(515, '1374-1', 1, '2021-02-21 23:31:33'),
(515, '1637-1', 1, '2021-02-21 23:31:40'),
(515, '1639-1', 1, '2021-11-29 03:49:26'),
(515, '1641-1', 1, '2021-02-21 23:31:47'),
(515, '1643-1', 1, '2021-02-21 23:31:52'),
(515, '1645-1', 1, '2021-02-21 23:31:55'),
(515, '1647-1', 1, '2021-02-21 23:31:59'),
(515, '1649-1', 1, '2021-02-21 23:32:01'),
(515, '1366-1', 198, '2021-02-23 05:56:55'),
(515, '1376-1', 198, '2021-02-23 05:58:49'),
(515, '3034-1', 321, '2022-09-10 10:08:37'),
(515, '1197-1', 321, '2021-03-07 15:19:41'),
(515, '1179-1', 321, '2021-03-08 03:34:48'),
(515, '1181-1', 321, '2021-03-08 03:35:28'),
(515, '1183-1', 321, '2021-03-08 03:35:30'),
(515, '1146-1', 321, '2021-03-12 17:15:12'),
(516, '253', 321, '2022-09-07 03:11:33'),
(515, '524-2', 1, '2021-03-23 07:15:59'),
(515, '1732-1', 1, '2021-03-20 10:30:41'),
(515, '1731-1', 1, '2021-03-20 10:32:36'),
(515, '1730-1', 1, '2021-03-20 10:32:52'),
(515, '1729-1', 1, '2021-03-20 10:33:04'),
(515, '1728-1', 1, '2021-03-20 10:33:25'),
(515, '1770-1', 226, '2021-03-24 08:06:30'),
(515, '1732-1', 210, '2021-03-25 05:40:10'),
(515, '3055-1', 87, '2022-08-19 12:06:47'),
(515, '1770-1', 1, '2021-03-29 02:50:11'),
(515, '3033-1', 321, '2022-09-07 15:01:03'),
(515, '1773-1', 1, '2021-04-01 03:25:21'),
(515, '1785-1', 1, '2021-03-30 04:19:11'),
(515, '811-1', 321, '2021-03-30 23:46:08'),
(515, '1750-1', 321, '2021-03-30 23:46:54'),
(515, '1676-1', 1, '2021-03-31 03:10:11'),
(515, '1203-1', 1, '2021-03-31 03:53:43'),
(515, '1205-1', 1, '2021-03-31 04:00:11'),
(515, '1207-1', 1, '2021-03-31 04:04:00'),
(515, '1209-1', 1, '2021-03-31 04:06:02'),
(515, '1211-1', 1, '2021-03-31 04:09:14'),
(515, '1213-1', 1, '2021-03-31 04:12:33'),
(515, '1215-1', 1, '2021-03-31 04:24:07'),
(515, '1217-1', 1, '2021-03-31 04:27:54'),
(515, '1750-1', 1, '2021-03-31 04:36:30'),
(516, '207', 339, '2022-03-20 09:46:50'),
(515, '1798-1', 338, '2021-04-09 01:11:09'),
(515, '1699-1', 1, '2021-04-14 02:45:42'),
(515, '1810-1', 1, '2021-04-14 02:50:25'),
(515, '3568-1', 557, '2022-12-15 02:37:03'),
(515, '1428-1', 1, '2021-04-15 03:32:57'),
(515, '1427-1', 1, '2021-04-15 03:35:25'),
(515, '2856-1', 321, '2022-09-02 10:52:30'),
(515, '1201-1', 345, '2021-04-15 05:00:22'),
(515, '1203-1', 345, '2021-04-15 05:00:23'),
(515, '1205-1', 345, '2021-10-21 01:16:42'),
(515, '1207-1', 345, '2021-04-15 05:00:26'),
(515, '1209-1', 345, '2021-04-15 05:00:28'),
(515, '1211-1', 345, '2021-04-15 05:00:30'),
(515, '1213-1', 345, '2021-04-15 05:00:31'),
(515, '1215-1', 345, '2021-04-15 05:00:33'),
(515, '1217-1', 345, '2021-04-15 05:00:35'),
(515, '1219-1', 345, '2021-04-15 05:00:36'),
(515, '1201-1', 339, '2021-04-15 05:02:03'),
(515, '1203-1', 339, '2021-04-15 05:02:38'),
(515, '1205-1', 339, '2021-04-15 06:05:55'),
(515, '1207-1', 339, '2021-04-15 06:06:01'),
(515, '1209-1', 339, '2021-04-15 06:06:13'),
(515, '1211-1', 339, '2021-04-15 06:06:29'),
(515, '1213-1', 339, '2021-04-15 06:07:13'),
(515, '1215-1', 339, '2021-04-15 06:07:18'),
(515, '1217-1', 339, '2021-04-15 06:07:21'),
(515, '1219-1', 339, '2021-04-15 06:07:30'),
(515, '379-1', 1, '2021-04-15 06:59:32'),
(515, '1427-1', 339, '2021-04-16 04:03:46'),
(515, '1647-1', 339, '2021-04-16 04:46:29'),
(516, '210', 339, '2022-03-20 09:44:43'),
(515, '2649-1', 339, '2022-03-18 02:57:08'),
(515, '1830-1', 321, '2021-04-19 13:18:32'),
(515, '379-1', 346, '2021-04-20 05:52:10'),
(515, '376-2', 346, '2021-04-20 05:51:27'),
(515, '3036-1', 321, '2022-09-03 03:59:06'),
(515, '1803-1', 314, '2021-04-23 01:25:36'),
(515, '1601-1', 314, '2021-04-26 05:36:43'),
(515, '1841-1', 346, '2021-04-26 05:37:56'),
(515, '1845-1', 346, '2021-04-26 05:43:41'),
(515, '1845-1', 314, '2021-04-26 06:42:22'),
(515, '1840-1', 339, '2021-04-30 05:36:24'),
(515, '1826-1', 339, '2021-04-30 04:43:56'),
(515, '2060-1', 337, '2022-03-16 12:07:03'),
(515, '2631-1', 337, '2022-03-16 11:56:51'),
(515, '2631-1', 356, '2022-03-14 03:24:28'),
(515, '1803-1', 346, '2021-05-03 04:33:07'),
(515, '2629-1', 356, '2022-03-14 02:50:16'),
(516, '209', 339, '2022-03-14 02:39:45'),
(515, '2106-1', 373, '2021-09-23 05:38:57'),
(515, '3070-1', 500, '2022-08-26 15:01:52'),
(515, '3053-1', 432, '2022-08-19 08:11:54'),
(515, '3049-1', 321, '2022-09-02 10:51:39'),
(515, '1792-1', 346, '2021-05-31 08:36:18'),
(515, '3017-1', 321, '2022-09-03 03:59:11'),
(515, '1870-1', 321, '2021-06-05 08:03:48'),
(515, '1882-1', 339, '2021-06-10 08:10:56'),
(515, '1889-1', 339, '2021-06-10 08:12:08'),
(515, '2006-1', 195, '2021-09-26 10:42:42'),
(515, '1887-1', 330, '2021-06-11 01:39:12'),
(515, '1865-1', 330, '2021-06-11 01:39:16'),
(515, '1819-1', 330, '2021-06-11 01:39:10'),
(515, '1887-1', 346, '2021-06-17 03:06:42'),
(515, '1902-1', 346, '2021-06-17 04:31:44'),
(515, '1904-1', 346, '2022-02-05 06:26:41'),
(515, '2093-1', 392, '2021-09-27 05:35:25'),
(515, '2037-1', 346, '2021-09-18 13:48:52'),
(515, '1914-1', 377, '2021-09-19 15:22:43'),
(515, '1909-1', 339, '2021-08-18 03:34:29'),
(515, '1923-3', 346, '2021-08-20 13:13:53'),
(515, '2171-1', 323, '2021-11-19 02:35:52'),
(515, '1926-1', 339, '2021-08-18 04:42:58'),
(515, '1928-1', 339, '2021-08-23 04:11:25'),
(515, '2072-1', 395, '2021-10-05 07:56:57'),
(515, '1932-2', 346, '2021-08-20 08:29:11'),
(515, '1914-1', 346, '2021-09-18 12:33:06'),
(515, '1923-6', 346, '2021-09-01 08:48:57'),
(515, '1940-1', 346, '2021-08-31 01:10:40'),
(515, '1923-6', 384, '2021-09-01 08:45:49'),
(515, '1798-1', 384, '2021-08-21 06:15:58'),
(515, '1942-1', 346, '2021-09-18 12:12:26'),
(515, '1943-1', 339, '2021-08-23 05:10:23'),
(515, '1944-1', 390, '2021-08-23 07:17:54'),
(515, '1952-1', 339, '2021-09-06 04:58:24'),
(515, '1941-1', 384, '2021-09-01 08:45:40'),
(515, '1952-1', 336, '2021-08-30 03:28:00'),
(515, '1949-1', 346, '2021-09-09 04:30:40'),
(515, '1290-1', 395, '2021-09-19 02:38:58'),
(516, '123', 346, '2021-09-20 06:17:03'),
(515, '2007-1', 346, '2021-10-02 09:25:30'),
(515, '1949-1', 90, '2021-09-02 15:25:47'),
(515, '2006-1', 346, '2021-09-10 21:10:51'),
(515, '1975-1', 339, '2021-09-08 05:08:54'),
(515, '1976-1', 355, '2021-09-06 05:12:39'),
(515, '1959-1', 339, '2021-09-06 05:21:21'),
(515, '1978-1', 339, '2021-09-06 05:32:05'),
(515, '1958-1', 339, '2021-09-06 05:37:42'),
(515, '1974-1', 339, '2021-09-06 05:45:24'),
(515, '1983-1', 394, '2021-09-06 05:54:23'),
(515, '1985-1', 339, '2021-09-07 02:44:04'),
(515, '1984-1', 339, '2021-09-08 05:08:27'),
(515, '1989-1', 395, '2021-09-18 14:18:20'),
(515, '1976-1', 339, '2021-09-08 05:08:01'),
(515, '1987-1', 360, '2021-09-09 03:43:25'),
(515, '1972-1', 346, '2021-09-09 04:18:31'),
(515, '1973-1', 346, '2021-09-09 04:32:44'),
(515, '1989-1', 346, '2021-09-26 02:00:25'),
(515, '1992-1', 390, '2021-09-09 05:18:22'),
(515, '1792-1', 390, '2021-09-09 05:23:28'),
(515, '1993-1', 339, '2021-09-09 05:49:40'),
(516, '130', 339, '2021-09-14 06:52:20'),
(515, '1994-1', 346, '2021-09-09 05:50:12'),
(515, '1956-1', 377, '2021-09-19 15:19:15'),
(515, '1997-1', 394, '2021-09-09 06:06:01'),
(516, '124', 339, '2021-09-09 07:03:35'),
(515, '2074-1', 346, '2021-09-19 14:23:32'),
(515, '1978-1', 337, '2021-09-13 02:02:01'),
(515, '1990-1', 392, '2022-03-29 04:29:02'),
(515, '1968-1', 346, '2021-09-13 03:39:55'),
(515, '2067-1', 346, '2021-09-18 13:37:08'),
(515, '2012-1', 336, '2021-09-14 05:13:51'),
(516, '133', 339, '2021-09-14 05:29:43'),
(515, '2011-1', 339, '2021-09-14 05:52:15'),
(515, '2020-1', 339, '2021-09-15 14:11:04'),
(515, '2022-1', 339, '2021-09-14 07:03:29'),
(516, '135', 339, '2021-09-14 07:03:53'),
(515, '2009-1', 339, '2021-09-15 06:18:52'),
(516, '128', 339, '2021-09-14 07:05:51'),
(515, '2023-1', 339, '2021-09-15 06:28:39'),
(516, '136', 339, '2021-09-14 07:46:51'),
(515, '2025-1', 339, '2021-09-14 07:48:03'),
(515, '2026-1', 355, '2021-09-14 07:48:46'),
(515, '2027-1', 339, '2021-09-15 14:41:11'),
(515, '1982-1', 354, '2021-09-15 00:43:10'),
(515, '2019-1', 356, '2021-09-15 01:38:50'),
(515, '2029-1', 339, '2021-09-15 05:23:27'),
(516, '134', 339, '2021-09-15 05:26:53'),
(515, '2028-1', 339, '2021-09-15 05:31:23'),
(516, '129', 339, '2021-09-15 05:54:42'),
(515, '1547-1', 195, '2021-09-16 01:20:29'),
(515, '2038-1', 339, '2021-09-16 03:57:35'),
(515, '2039-1', 339, '2021-09-16 04:01:30'),
(515, '2042-1', 339, '2021-09-16 04:13:16'),
(515, '2042-1', 371, '2021-09-16 04:14:00'),
(515, '2045-1', 354, '2021-09-16 04:23:11'),
(515, '2046-1', 339, '2021-09-16 04:30:48'),
(516, '137', 339, '2021-09-16 04:31:09'),
(516, '138', 339, '2021-09-16 04:43:34'),
(515, '2051-1', 339, '2021-09-16 04:46:28'),
(515, '2029-1', 398, '2021-09-16 07:43:07'),
(515, '2055-1', 339, '2021-09-16 08:01:44'),
(515, '1942-1', 389, '2021-09-16 11:11:28'),
(515, '2003-1', 346, '2021-09-20 04:56:42'),
(515, '1969-1', 346, '2021-09-18 12:01:39'),
(515, '1928-1', 371, '2021-09-20 04:43:39'),
(515, '1991-1', 346, '2021-09-18 12:22:39'),
(515, '2066-1', 384, '2021-09-18 12:32:11'),
(515, '1798-1', 395, '2021-09-19 03:41:36'),
(515, '2037-1', 400, '2021-09-20 05:35:32'),
(515, '2069-1', 400, '2021-09-19 08:25:26'),
(515, '2078-1', 395, '2021-09-19 04:28:35'),
(515, '2007-1', 401, '2021-09-19 13:13:32'),
(515, '2005-1', 346, '2021-09-19 14:24:33'),
(515, '1996-1', 392, '2021-09-23 08:32:05'),
(515, '2083-1', 346, '2021-09-19 15:22:18'),
(515, '2091-1', 401, '2021-09-20 03:58:31'),
(515, '2086-1', 346, '2021-09-27 07:03:00'),
(516, '141', 346, '2021-09-28 07:30:13'),
(515, '2096-1', 346, '2021-09-20 06:24:31'),
(515, '2069-1', 346, '2021-09-20 07:25:45'),
(515, '2097-1', 346, '2021-09-20 07:26:26'),
(515, '2071-1', 346, '2021-09-20 07:38:10'),
(515, '2070-1', 346, '2021-09-20 07:41:34'),
(515, '2635-1', 336, '2022-03-14 02:13:42'),
(515, '2079-1', 395, '2021-10-05 07:57:20'),
(515, '1868-1', 404, '2021-09-23 06:06:02'),
(515, '3079-1', 392, '2022-09-05 07:04:42'),
(515, '2635-1', 361, '2022-03-20 05:32:16'),
(515, '2134-1', 405, '2021-09-26 13:20:22'),
(515, '1317-1', 406, '2021-09-24 04:15:54'),
(515, '2103-1', 90, '2021-09-25 01:04:06'),
(515, '2129-1', 400, '2021-10-02 09:07:45'),
(515, '2128-1', 346, '2021-09-26 01:37:02'),
(515, '2104-1', 346, '2021-10-02 08:23:33'),
(515, '2103-1', 346, '2021-10-18 12:26:02'),
(515, '2122-1', 346, '2021-10-02 08:54:51'),
(515, '2079-1', 346, '2021-09-26 02:03:30'),
(515, '2121-1', 346, '2021-09-26 02:23:24'),
(515, '2097-1', 400, '2021-09-26 06:41:20'),
(515, '2110-1', 346, '2021-09-26 08:19:41'),
(515, '2167-1', 399, '2021-09-30 09:27:06'),
(515, '2139-1', 346, '2021-09-27 04:58:55'),
(515, '2140-1', 346, '2021-09-27 05:09:23'),
(515, '2146-1', 346, '2021-09-27 07:14:04'),
(515, '2149-1', 346, '2021-09-27 07:36:13'),
(515, '2141-1', 90, '2021-09-27 12:46:59'),
(515, '2150-1', 346, '2021-09-27 13:18:22'),
(515, '2143-1', 346, '2021-09-27 13:19:40'),
(515, '2144-1', 346, '2021-09-27 13:43:29'),
(515, '2151-1', 405, '2021-09-27 16:19:28'),
(515, '2128-1', 405, '2021-09-27 17:11:11'),
(515, '2149-1', 405, '2021-09-27 17:12:47'),
(516, '139', 346, '2021-09-28 07:32:34'),
(515, '2163-1', 399, '2021-09-30 09:27:46'),
(515, '2152-1', 346, '2021-10-02 08:01:16'),
(515, '1896-1', 345, '2021-10-21 00:59:01'),
(515, '2157-1', 346, '2021-10-02 09:21:17'),
(515, '2181-1', 346, '2021-10-02 09:55:33'),
(515, '2183-1', 346, '2021-10-04 08:49:55'),
(515, '2182-1', 346, '2021-10-18 12:24:35'),
(515, '2187-1', 405, '2021-10-04 21:14:21'),
(515, '2152-1', 405, '2021-10-04 21:22:27'),
(515, '2188-1', 346, '2021-10-05 00:37:15'),
(515, '2193-1', 346, '2021-10-05 01:15:45'),
(515, '2159-1', 395, '2021-10-05 07:43:10'),
(515, '2194-1', 395, '2021-10-11 13:55:08'),
(515, '1828-1', 358, '2021-12-08 15:29:03'),
(515, '1781-1', 358, '2021-10-15 17:02:37'),
(515, '1357-1', 345, '2021-10-21 00:58:21'),
(515, '1376-1', 345, '2021-10-21 01:16:08'),
(515, '1752-1', 345, '2021-10-21 01:15:59'),
(515, '1754-1', 345, '2021-10-21 00:54:57'),
(515, '2135-1', 346, '2021-10-18 12:02:01'),
(515, '2205-1', 346, '2021-10-18 14:18:42'),
(515, '2205-1', 400, '2021-10-18 21:22:38'),
(515, '2209-1', 346, '2021-10-19 04:34:23'),
(515, '2211-1', 346, '2021-10-19 05:09:41'),
(515, '1355-1', 345, '2021-10-21 01:16:23'),
(515, '2214-1', 407, '2021-10-24 07:46:51'),
(515, '2215-1', 346, '2021-10-24 07:57:53'),
(515, '2223-1', 346, '2021-10-24 08:41:02'),
(515, '2229-1', 346, '2021-10-24 10:17:45'),
(515, '2230-1', 346, '2021-12-19 04:37:40'),
(515, '1988-1', 323, '2021-11-15 04:04:35'),
(515, '1698-2', 323, '2021-11-15 04:17:54'),
(515, '2252-1', 210, '2021-11-15 04:24:41'),
(515, '2294-1', 409, '2021-12-02 07:40:55'),
(515, '1963-2', 323, '2021-11-15 05:11:11'),
(515, '2251-1', 323, '2021-11-18 01:49:45'),
(515, '2265-1', 323, '2021-11-16 03:46:47'),
(515, '1988-1', 169, '2021-11-16 06:38:13'),
(515, '4819-1', 700, '2024-04-04 01:23:54'),
(515, '2266-1', 323, '2021-11-18 01:44:51'),
(515, '2271-1', 323, '2021-11-24 05:59:43'),
(515, '2259-1', 409, '2021-11-19 04:54:54'),
(515, '2272-1', 323, '2021-11-19 04:57:54'),
(515, '2241-1', 346, '2021-11-22 02:09:46'),
(515, '2247-1', 346, '2021-11-22 02:13:32'),
(515, '1308-1', 346, '2021-11-22 02:26:32'),
(515, '2275-1', 323, '2021-11-24 05:28:57'),
(515, '2277-1', 323, '2021-11-25 01:51:39'),
(515, '2276-1', 210, '2021-11-29 05:12:21'),
(515, '2270-1', 169, '2021-11-25 03:31:43'),
(515, '2277-1', 409, '2021-11-26 05:38:26'),
(515, '2295-1', 409, '2021-12-03 03:20:29'),
(515, '2272-1', 419, '2021-11-30 13:07:37'),
(515, '2273-1', 419, '2021-11-26 23:51:58'),
(515, '2280-1', 323, '2021-11-29 07:14:29'),
(515, '2276-1', 323, '2021-11-29 04:51:45'),
(515, '2241-4', 1, '2021-11-29 04:54:56'),
(515, '1792-1', 1, '2021-12-24 02:50:06'),
(515, '2282-1', 323, '2021-11-29 06:58:26'),
(515, '2283-1', 323, '2021-11-30 02:26:51'),
(515, '2279-1', 323, '2021-11-30 03:39:02'),
(515, '2285-4', 323, '2021-11-30 04:18:52'),
(515, '2298-1', 409, '2021-12-08 23:27:40'),
(515, '2258-1', 370, '2022-05-11 15:34:54'),
(515, '2289-1', 420, '2021-12-01 02:29:14'),
(515, '2286-1', 420, '2021-12-01 02:29:30'),
(515, '2290-1', 323, '2021-12-01 02:30:57'),
(515, '2284-1', 226, '2021-12-01 02:32:10'),
(515, '2290-1', 420, '2021-12-01 02:42:45'),
(515, '2287-1', 323, '2021-12-01 02:54:30'),
(515, '2291-1', 323, '2021-12-01 03:12:30'),
(515, '2292-1', 323, '2021-12-01 03:49:37'),
(515, '2300-1', 323, '2021-12-06 04:12:10'),
(515, '2301-1', 323, '2021-12-13 05:49:57'),
(515, '2300-1', 420, '2021-12-06 04:20:07'),
(515, '2301-1', 226, '2021-12-06 04:42:14'),
(515, '2302-2', 420, '2021-12-06 06:07:39'),
(515, '2303-1', 420, '2021-12-06 06:08:02'),
(515, '2303-1', 323, '2021-12-07 02:34:39'),
(515, '2296-1', 421, '2021-12-07 02:38:02'),
(515, '2297-1', 421, '2021-12-07 02:42:23'),
(515, '2299-1', 421, '2021-12-07 02:43:09'),
(515, '2305-1', 323, '2021-12-07 04:16:34'),
(515, '2304-1', 323, '2021-12-10 05:47:08'),
(515, '2306-1', 423, '2021-12-08 06:51:14'),
(515, '1830-1', 358, '2021-12-08 15:29:06'),
(515, '1834-1', 358, '2021-12-08 15:29:10'),
(515, '2160-1', 358, '2021-12-08 15:31:54'),
(515, '2307-1', 323, '2021-12-09 02:20:37'),
(515, '2310-1', 323, '2021-12-09 05:38:12'),
(515, '2311-1', 422, '2021-12-09 05:39:11'),
(515, '2309-1', 323, '2021-12-09 05:48:19'),
(515, '2312-1', 424, '2021-12-09 10:18:47'),
(515, '2314-1', 323, '2021-12-10 02:43:10'),
(515, '2315-1', 323, '2021-12-10 03:13:48'),
(515, '2313-1', 323, '2021-12-10 03:25:27'),
(515, '2321-1', 323, '2021-12-15 07:25:52'),
(515, '2322-1', 425, '2021-12-10 05:06:03'),
(515, '2171-2', 210, '2021-12-10 05:38:08'),
(516, '154', 323, '2021-12-10 05:42:53'),
(515, '2319-1', 422, '2021-12-10 06:11:02'),
(515, '2310-1', 210, '2021-12-10 06:30:51'),
(515, '2309-2', 424, '2021-12-12 12:40:21'),
(515, '2307-2', 422, '2021-12-13 03:57:14'),
(515, '2302-2', 323, '2021-12-13 04:02:22'),
(516, '158', 323, '2021-12-13 06:35:02'),
(515, '2323-1', 323, '2021-12-13 06:38:43'),
(515, '2324-1', 323, '2021-12-13 06:42:03'),
(515, '2325-1', 323, '2021-12-13 06:47:21'),
(515, '2326-1', 323, '2021-12-13 06:52:39'),
(515, '2324-1', 169, '2021-12-13 06:58:16'),
(516, '221', 321, '2022-05-16 13:09:58'),
(516, '222', 321, '2022-05-16 13:04:56'),
(515, '2334-1', 323, '2021-12-15 03:09:32'),
(515, '2331-1', 323, '2021-12-15 03:19:12'),
(515, '2321-1', 425, '2021-12-15 04:24:48'),
(515, '2317-1', 421, '2021-12-15 04:29:56'),
(515, '2341-1', 323, '2021-12-15 07:19:49'),
(515, '2336-1', 323, '2021-12-17 02:29:07'),
(515, '2338-1', 323, '2021-12-16 02:24:58'),
(515, '2345-1', 421, '2021-12-16 02:47:20'),
(515, '2339-1', 323, '2021-12-16 03:29:39'),
(515, '2342-1', 323, '2021-12-17 02:01:11'),
(515, '2337-1', 323, '2021-12-17 02:12:33'),
(515, '2330-1', 323, '2021-12-17 02:40:05'),
(515, '2327-1', 323, '2021-12-17 02:47:49'),
(515, '2350-1', 323, '2021-12-17 02:59:07'),
(515, '2348-1', 323, '2021-12-17 04:00:53'),
(515, '2325-1', 409, '2021-12-17 05:34:40'),
(515, '2340-1', 424, '2021-12-17 07:20:34'),
(515, '2351-1', 346, '2022-03-30 05:41:13'),
(515, '2250-1', 346, '2021-12-19 04:37:56'),
(515, '2376-1', 427, '2021-12-19 14:19:46'),
(515, '2374-1', 323, '2021-12-20 02:33:42'),
(515, '2372-1', 323, '2021-12-20 03:18:09'),
(515, '1637-1', 210, '2021-12-20 06:29:59'),
(515, '2377-1', 410, '2021-12-20 06:59:54'),
(515, '1319-1', 323, '2021-12-21 07:12:29'),
(515, '2384-1', 346, '2021-12-23 04:59:18'),
(515, '2383-1', 346, '2021-12-23 05:14:45'),
(515, '2386-3', 427, '2021-12-23 06:19:23'),
(515, '2247-1', 1, '2021-12-24 02:55:34'),
(515, '2235-1', 346, '2021-12-24 03:36:43'),
(515, '2241-4', 346, '2021-12-24 04:10:30'),
(515, '2239-1', 346, '2021-12-24 04:18:45'),
(515, '1639-1', 225, '2021-12-24 04:29:45'),
(515, '2393-1', 321, '2021-12-25 02:31:50'),
(515, '2395-1', 321, '2021-12-25 02:39:04'),
(515, '2160-1', 321, '2021-12-25 02:34:03'),
(515, '2247-1', 437, '2021-12-27 11:37:59'),
(515, '2389-1', 435, '2022-01-13 07:20:22'),
(515, '2389-1', 346, '2022-01-14 14:41:20'),
(515, '4820-1', 360, '2024-03-15 05:59:45'),
(515, '3051-1', 455, '2022-09-24 16:19:40'),
(515, '2247-1', 430, '2021-12-28 08:30:27'),
(515, '3355-1', 392, '2022-10-26 05:05:50'),
(515, '2400-1', 423, '2022-01-03 07:19:35'),
(515, '2305-2', 423, '2022-01-03 07:20:16'),
(515, '2411-1', 423, '2022-01-03 07:33:47'),
(515, '2063-1', 423, '2022-01-03 07:52:44'),
(515, '2385-1', 410, '2022-01-05 03:30:51'),
(515, '2409-1', 419, '2022-01-05 05:06:17'),
(515, '2402-1', 346, '2022-02-17 01:20:12'),
(515, '2390-1', 346, '2022-01-12 13:32:43'),
(515, '2403-2', 346, '2022-03-28 08:35:26'),
(515, '2413-1', 346, '2022-01-12 14:16:17'),
(515, '3029-1', 321, '2022-09-03 08:29:06'),
(515, '3019-1', 321, '2022-09-03 07:14:40'),
(515, '3353-1', 536, '2022-10-12 22:53:44'),
(515, '3564-1', 557, '2022-12-05 01:29:05'),
(515, '2415-1', 90, '2022-01-07 02:49:53'),
(515, '2421-1', 413, '2022-01-07 03:07:26'),
(515, '3072-1', 321, '2022-11-29 04:07:29'),
(515, '2419-1', 438, '2022-01-07 04:17:04'),
(515, '2247-1', 438, '2022-01-07 04:26:18'),
(515, '2420-1', 434, '2022-01-07 04:35:13'),
(515, '3071-1', 321, '2022-09-10 11:01:54'),
(515, '3026-1', 321, '2022-09-03 07:49:06'),
(515, '2426-1', 438, '2022-01-08 08:29:47'),
(515, '2413-1', 413, '2022-02-17 17:27:59'),
(515, '2415-1', 443, '2022-01-11 04:47:07'),
(515, '85-1', 339, '2022-01-11 06:54:58'),
(515, '2428-1', 443, '2022-01-11 08:54:17'),
(515, '2431-1', 346, '2022-01-12 13:49:53'),
(515, '2458-1', 427, '2022-03-30 16:47:23'),
(515, '2421-1', 346, '2022-01-12 14:19:45'),
(515, '2450-2', 436, '2022-01-17 00:36:09'),
(515, '2455-1', 346, '2022-01-24 17:46:27'),
(515, '2469-1', 321, '2022-01-29 10:26:03'),
(515, '2426-1', 346, '2022-01-12 14:52:23'),
(515, '2434-1', 393, '2022-01-14 04:59:34'),
(515, '2430-1', 346, '2022-03-29 01:21:04'),
(515, '2435-1', 413, '2022-02-17 17:28:38'),
(515, '2436-1', 442, '2022-01-14 14:04:51'),
(515, '2430-1', 440, '2022-01-17 07:59:09'),
(515, '2441-1', 440, '2022-01-15 02:00:22'),
(515, '2449-1', 346, '2022-01-14 14:10:21'),
(515, '2450-2', 346, '2022-01-13 05:14:35'),
(515, '3074-1', 321, '2022-09-03 07:14:28'),
(515, '2446-1', 346, '2022-01-13 03:24:01'),
(515, '2351-1', 427, '2022-03-30 16:49:26'),
(515, '2438-1', 443, '2022-01-13 03:52:08'),
(515, '2433-1', 427, '2022-01-13 03:52:27'),
(515, '3354-1', 536, '2022-10-12 22:52:46'),
(515, '2458-1', 346, '2022-02-17 06:39:37'),
(515, '2434-1', 442, '2022-01-14 17:21:50'),
(515, '3032-1', 321, '2022-09-03 08:28:57'),
(515, '2453-1', 392, '2022-01-16 01:31:01'),
(515, '2452-1', 436, '2022-01-17 00:36:09'),
(515, '2473-1', 1, '2022-01-20 06:22:26'),
(515, '3070-1', 321, '2022-09-03 07:49:00'),
(515, '3026-1', 500, '2022-08-26 15:03:01'),
(515, '2468-1', 339, '2022-02-11 04:38:27'),
(515, '2476-1', 447, '2022-01-21 06:46:18'),
(515, '2474-1', 1, '2022-01-24 03:38:15'),
(515, '2403-2', 1, '2022-01-24 03:40:13'),
(515, '2450-2', 1, '2022-01-24 03:42:26'),
(515, '2472-1', 346, '2022-01-24 17:06:19'),
(515, '2470-1', 346, '2022-02-17 06:36:39'),
(515, '2474-1', 346, '2022-01-24 17:27:35'),
(515, '2475-1', 346, '2022-02-17 05:34:59'),
(515, '2461-1', 346, '2022-02-17 00:32:26'),
(516, '168', 346, '2022-01-24 17:46:12'),
(515, '2471-1', 346, '2022-01-24 17:47:48'),
(516, '164', 346, '2022-01-24 17:47:54'),
(515, '2473-1', 346, '2022-03-27 01:16:10'),
(515, '2488-1', 435, '2022-01-25 01:01:24'),
(515, '2460-1', 442, '2022-01-25 01:04:50'),
(515, '2440-1', 443, '2022-01-25 02:53:37'),
(515, '2495-1', 87, '2022-01-25 02:53:58'),
(515, '2490-1', 434, '2022-01-25 03:33:04'),
(515, '2453-1', 90, '2022-01-25 03:54:16'),
(515, '2453-1', 87, '2022-01-25 04:00:06'),
(515, '2160-1', 430, '2022-01-25 04:12:41'),
(515, '2169-1', 430, '2022-01-25 04:14:24'),
(515, '2493-1', 401, '2022-01-28 07:12:49'),
(515, '2559-1', 321, '2022-02-17 05:32:48'),
(515, '2590-1', 339, '2022-03-02 05:24:57'),
(515, '2521-1', 450, '2022-01-29 17:44:50'),
(515, '2169-1', 450, '2022-01-29 18:05:00'),
(515, '2549-1', 217, '2022-02-14 05:01:24'),
(515, '2524-2', 321, '2022-03-08 03:19:47'),
(515, '2247-1', 428, '2022-02-01 07:08:38'),
(515, '2059-1', 428, '2022-02-01 07:58:15'),
(515, '2501-1', 346, '2022-02-02 04:49:45'),
(515, '2502-1', 346, '2022-02-17 05:28:18'),
(515, '2557-1', 354, '2022-02-15 00:05:39'),
(515, '2527-1', 321, '2022-02-14 12:46:53'),
(515, '1654-1', 346, '2022-02-05 05:15:05'),
(515, '1819-1', 346, '2022-02-05 06:26:21'),
(515, '2850-1', 321, '2022-05-14 13:55:43'),
(515, '2525-1', 430, '2022-02-06 23:55:16'),
(515, '3050-1', 392, '2022-09-27 07:19:33'),
(515, '2529-1', 436, '2022-02-07 15:19:41'),
(515, '2525-1', 321, '2022-02-24 15:45:59'),
(515, '2521-1', 321, '2022-02-08 02:32:36'),
(515, '2167-1', 458, '2022-02-08 02:44:27'),
(515, '2536-1', 321, '2022-03-07 02:26:38'),
(515, '2538-1', 454, '2022-02-09 05:37:27'),
(515, '2535-1', 321, '2022-02-09 11:17:50'),
(515, '2538-1', 321, '2022-02-28 14:48:23'),
(515, '2540-1', 452, '2022-02-28 09:23:04'),
(515, '2541-1', 321, '2022-02-17 05:35:50'),
(515, '2557-1', 337, '2022-03-02 04:52:17'),
(515, '2544-1', 339, '2022-02-11 05:51:45'),
(515, '2478-1', 448, '2022-09-27 13:28:48'),
(515, '2247-1', 459, '2022-02-13 07:39:27'),
(515, '2160-1', 459, '2022-02-13 08:11:10'),
(515, '2547-1', 321, '2022-03-08 02:54:08'),
(515, '2549-1', 87, '2022-02-21 02:29:22'),
(515, '2160-1', 460, '2022-02-14 05:32:54'),
(515, '2165-1', 460, '2022-02-14 05:39:38'),
(515, '2552-1', 321, '2022-02-14 12:59:54'),
(516, '190', 321, '2022-02-14 13:01:19'),
(515, '2526-1', 452, '2022-02-15 04:26:31'),
(515, '2524-2', 452, '2022-02-15 04:26:16'),
(515, '2558-1', 459, '2022-02-22 15:22:11'),
(515, '2498-1', 346, '2022-02-16 23:29:43'),
(516, '180', 346, '2022-02-16 23:32:16'),
(515, '2528-1', 346, '2022-02-16 23:34:24'),
(516, '178', 346, '2022-02-16 23:37:27'),
(515, '2491-1', 346, '2022-02-16 23:45:10'),
(515, '2440-1', 346, '2022-02-17 00:52:08'),
(515, '2518-1', 346, '2022-02-17 05:22:57'),
(516, '171', 346, '2022-02-17 05:27:06'),
(515, '2561-1', 321, '2022-02-17 05:28:17'),
(516, '172', 346, '2022-02-17 05:29:27'),
(516, '176', 346, '2022-02-17 05:30:50'),
(515, '2496-1', 346, '2022-02-17 06:28:40'),
(516, '175', 346, '2022-02-17 06:34:04'),
(516, '163', 346, '2022-02-17 06:37:29'),
(516, '173', 346, '2022-02-17 06:40:17'),
(516, '162', 346, '2022-02-17 06:43:09'),
(515, '2457-1', 346, '2022-02-17 06:43:37'),
(515, '2569-1', 436, '2022-02-17 13:55:19'),
(515, '2538-1', 450, '2022-02-18 07:42:13'),
(516, '193', 339, '2022-02-19 13:22:25'),
(515, '2557-1', 339, '2022-02-19 13:24:34'),
(515, '2579-1', 339, '2022-04-03 06:14:16'),
(515, '2583-1', 321, '2022-02-21 02:19:33'),
(516, '188', 321, '2022-02-21 02:19:50'),
(515, '2578-1', 321, '2022-02-21 02:20:23'),
(516, '189', 321, '2022-02-21 02:20:27'),
(515, '2581-1', 447, '2022-02-21 02:54:05'),
(515, '2571-1', 87, '2022-02-21 03:15:15'),
(515, '2584-1', 458, '2022-02-21 03:25:09'),
(515, '2587-1', 321, '2022-02-21 07:03:40'),
(516, '192', 321, '2022-02-21 07:03:43'),
(515, '2588-1', 321, '2022-02-21 07:38:16'),
(516, '195', 321, '2022-02-21 07:38:21'),
(515, '2571-1', 217, '2022-02-22 03:30:02'),
(515, '2591-1', 321, '2022-02-22 03:36:58'),
(516, '196', 321, '2022-02-22 03:37:02'),
(515, '2592-1', 460, '2022-02-22 03:52:51'),
(515, '2593-1', 460, '2022-02-22 03:53:58'),
(515, '2586-1', 458, '2022-02-22 03:56:18'),
(515, '2589-1', 459, '2022-02-22 15:21:56'),
(515, '2547-1', 459, '2022-02-22 15:26:17'),
(515, '2548-1', 459, '2022-02-22 15:26:17'),
(515, '2563-1', 440, '2022-02-23 02:03:17'),
(515, '2060-1', 409, '2022-02-23 04:38:17'),
(515, '2539-1', 321, '2022-02-24 15:45:21'),
(515, '2597-1', 464, '2022-03-21 01:38:51'),
(515, '2598-1', 409, '2022-02-26 10:49:23'),
(515, '2163-1', 466, '2022-02-27 23:51:31'),
(515, '1366-1', 457, '2022-02-28 14:23:54'),
(515, '2601-1', 321, '2022-03-02 05:43:38'),
(515, '2602-1', 457, '2022-02-28 20:07:52'),
(515, '2597-1', 339, '2022-03-22 02:08:59'),
(515, '2606-1', 321, '2022-03-02 05:45:24'),
(515, '2604-1', 321, '2022-03-02 05:47:40'),
(515, '2610-1', 356, '2022-03-02 06:00:38'),
(515, '2604-1', 460, '2022-03-03 01:56:43'),
(516, '194', 339, '2022-03-03 15:17:35'),
(515, '2614-1', 339, '2022-03-03 15:27:10'),
(515, '2608-1', 355, '2022-03-04 12:10:50'),
(515, '2613-1', 336, '2022-03-04 12:55:17'),
(515, '2804-1', 469, '2022-05-28 01:37:59'),
(515, '2613-1', 361, '2022-03-06 01:29:05'),
(515, '2611-1', 464, '2022-03-21 01:38:17'),
(515, '2622-1', 339, '2022-03-07 06:31:49'),
(516, '201', 339, '2022-03-07 06:38:13'),
(516, '202', 339, '2022-03-07 06:38:32'),
(516, '199', 339, '2022-03-07 06:44:56'),
(516, '197', 339, '2022-03-07 06:52:33'),
(515, '2625-1', 339, '2022-03-22 02:34:38'),
(515, '2617-1', 339, '2022-03-20 11:13:48'),
(515, '2598-1', 339, '2022-03-07 07:20:28'),
(515, '2599-1', 339, '2022-03-29 16:33:44'),
(515, '2615-1', 447, '2022-03-08 02:28:37'),
(515, '2608-1', 360, '2022-03-08 04:47:27'),
(515, '2603-1', 339, '2022-03-29 13:13:42'),
(515, '2623-1', 339, '2022-03-30 07:34:35'),
(515, '2629-1', 360, '2022-03-08 04:47:14'),
(515, '2638-1', 321, '2022-03-10 13:12:03'),
(516, '208', 339, '2022-03-20 09:47:03'),
(516, '205', 339, '2022-03-20 09:48:25'),
(516, '206', 339, '2022-03-20 09:48:37'),
(515, '2610-1', 339, '2022-03-20 10:16:44'),
(516, '198', 339, '2022-03-20 10:17:43'),
(515, '2645-1', 339, '2022-03-20 10:19:22'),
(515, '2627-1', 354, '2022-03-20 10:33:58'),
(516, '203', 339, '2022-03-20 11:11:04'),
(515, '2627-1', 339, '2022-03-20 11:11:31'),
(515, '2617-1', 463, '2022-03-20 11:15:57'),
(516, '204', 339, '2022-03-20 14:00:30'),
(515, '2590-1', 463, '2022-03-20 14:38:59'),
(515, '2577-1', 321, '2022-04-14 02:34:26'),
(515, '2619-1', 464, '2022-03-21 01:39:00'),
(515, '2653-1', 409, '2022-03-21 03:39:14'),
(515, '2408-1', 409, '2022-03-21 03:47:37'),
(515, '2059-1', 409, '2022-03-21 04:41:32'),
(515, '2660-1', 339, '2022-03-21 05:19:55'),
(515, '2662-1', 354, '2022-03-21 06:47:26'),
(515, '2662-1', 356, '2022-03-21 20:25:01'),
(516, '211', 339, '2022-03-22 01:57:02'),
(516, '212', 339, '2022-03-22 01:57:14'),
(515, '2658-1', 339, '2022-03-22 02:02:08'),
(515, '2613-1', 339, '2022-03-22 02:08:46'),
(515, '2652-1', 339, '2022-03-29 13:07:06'),
(515, '2665-1', 464, '2022-03-23 03:26:33'),
(515, '2645-1', 468, '2022-03-24 03:08:23'),
(515, '2650-1', 468, '2022-03-24 03:12:26'),
(515, '2545-1', 425, '2022-03-25 03:38:31'),
(515, '3076-2', 321, '2022-09-16 14:46:17'),
(515, '2567-1', 346, '2022-03-28 00:30:24'),
(515, '2669-1', 339, '2022-03-28 07:04:52'),
(515, '2608-1', 1, '2022-03-28 07:06:00'),
(515, '2673-1', 356, '2022-03-28 07:15:24'),
(516, '167', 346, '2022-03-28 08:21:36'),
(515, '2493-1', 346, '2022-03-29 01:14:42'),
(515, '2677-1', 392, '2022-03-29 03:55:50'),
(516, '213', 339, '2022-03-29 04:07:31'),
(516, '214', 339, '2022-03-29 04:07:40'),
(515, '2674-1', 425, '2022-03-29 04:24:12'),
(515, '2675-1', 425, '2022-03-29 04:11:48'),
(515, '2497-1', 323, '2022-03-29 04:45:57'),
(515, '2059-1', 425, '2022-03-29 06:18:07'),
(515, '2667-1', 339, '2022-03-29 13:08:16'),
(515, '2670-1', 339, '2022-03-29 13:09:00'),
(515, '2666-1', 339, '2022-03-29 13:09:31'),
(515, '2063-1', 468, '2022-03-30 02:51:30'),
(515, '2671-1', 323, '2022-03-30 03:49:45'),
(515, '2663-1', 339, '2022-03-30 04:38:48'),
(515, '2664-1', 339, '2022-03-30 04:39:26'),
(515, '2686-1', 346, '2022-03-30 05:14:18'),
(515, '2647-1', 457, '2022-03-30 06:01:16'),
(515, '2703-1', 339, '2022-03-30 07:23:57'),
(515, '2479-2', 427, '2022-03-30 16:48:06'),
(515, '2523-1', 427, '2022-03-30 16:51:15'),
(515, '2721-1', 339, '2022-04-03 05:15:02'),
(515, '2705-1', 339, '2022-04-03 05:26:41'),
(515, '2720-1', 339, '2022-04-03 05:47:17'),
(515, '3088-1', 321, '2022-09-07 14:59:03'),
(515, '2931-1', 500, '2022-08-04 06:33:52'),
(515, '2666-1', 464, '2022-04-07 05:14:59'),
(515, '2170-1', 321, '2022-04-07 05:47:54'),
(515, '2600-1', 321, '2022-05-21 00:38:27'),
(515, '2756-1', 464, '2022-06-23 07:55:05'),
(515, '2643-1', 321, '2022-04-14 02:22:55'),
(515, '3084-1', 321, '2022-09-07 03:11:51'),
(515, '2787-1', 321, '2022-05-31 16:27:35'),
(515, '2786-1', 87, '2022-04-16 09:32:44'),
(516, '219', 321, '2022-04-19 15:38:42'),
(515, '2731-1', 323, '2022-04-20 12:56:31'),
(515, '2793-1', 174, '2022-04-21 03:45:40'),
(516, '217', 321, '2022-04-23 00:03:47'),
(515, '2799-1', 321, '2022-04-23 00:03:39'),
(516, '218', 321, '2022-04-23 00:23:36'),
(516, '220', 321, '2022-04-23 00:28:36'),
(515, '2802-1', 211, '2022-05-13 13:05:17'),
(515, '2807-1', 321, '2022-04-25 01:26:29'),
(515, '2731-1', 473, '2022-05-11 15:51:21'),
(515, '2797-2', 323, '2022-04-25 02:56:20'),
(515, '2795-4', 323, '2022-04-25 02:57:23'),
(515, '2810-1', 321, '2022-04-30 06:09:52'),
(515, '2812-1', 480, '2022-05-28 03:12:46'),
(515, '2806-1', 321, '2022-09-23 04:23:18'),
(515, '2811-1', 321, '2022-05-12 05:36:24'),
(515, '2812-1', 321, '2022-05-12 05:36:38'),
(515, '2640-1', 87, '2022-05-09 14:36:55'),
(515, '2706-1', 169, '2022-05-10 07:31:27'),
(515, '2149-1', 370, '2022-05-11 15:35:24'),
(515, '2813-1', 321, '2022-05-12 05:36:49'),
(515, '2835-1', 321, '2022-05-12 06:00:10'),
(515, '2825-1', 473, '2022-05-13 02:18:54'),
(515, '2807-1', 473, '2022-05-13 02:18:29'),
(515, '3446-1', 519, '2022-12-15 09:00:18'),
(515, '2824-1', 453, '2022-05-12 18:33:26'),
(515, '2826-1', 453, '2022-05-12 18:34:33'),
(515, '2828-1', 453, '2022-05-12 18:34:56'),
(515, '2837-1', 453, '2022-05-12 18:35:20'),
(515, '2843-1', 321, '2022-05-13 01:50:16'),
(515, '2842-1', 321, '2022-05-13 01:46:24'),
(515, '2822-1', 473, '2022-05-15 15:59:25'),
(515, '2815-1', 323, '2022-05-13 04:09:19'),
(515, '2853-1', 321, '2022-05-16 13:13:17'),
(516, '223', 321, '2022-05-16 13:13:32'),
(515, '2854-1', 321, '2022-05-16 13:21:07'),
(516, '227', 321, '2022-05-16 13:21:13'),
(515, '2856-1', 437, '2022-06-27 04:52:14'),
(515, '2852-1', 323, '2022-05-17 01:43:23'),
(515, '2851-1', 323, '2022-05-17 02:00:40'),
(515, '2832-1', 454, '2022-05-17 23:12:22'),
(515, '2830-1', 454, '2022-05-17 23:13:01'),
(515, '2834-1', 454, '2022-05-17 23:13:45'),
(515, '2859-1', 483, '2022-05-18 02:34:59'),
(515, '2861-1', 323, '2022-05-18 02:51:54'),
(515, '2684-1', 425, '2022-05-18 03:05:45'),
(515, '2855-1', 473, '2022-05-31 23:46:14'),
(516, '229', 323, '2022-05-18 04:53:39'),
(515, '2863-1', 323, '2022-05-18 05:07:05'),
(515, '2866-1', 217, '2022-05-18 06:37:28'),
(515, '3090-1', 321, '2022-09-09 13:47:01'),
(515, '2857-1', 479, '2022-05-19 02:19:34'),
(515, '2860-1', 473, '2022-05-22 17:56:11'),
(515, '2865-1', 323, '2022-05-19 03:35:00'),
(515, '2846-1', 422, '2022-05-19 04:15:38'),
(515, '2831-1', 480, '2022-05-21 23:02:36'),
(515, '2870-1', 321, '2022-05-22 02:02:22'),
(516, '224', 321, '2022-05-22 02:02:26'),
(515, '2871-1', 321, '2022-05-22 02:07:15'),
(516, '225', 321, '2022-05-22 02:07:22'),
(515, '2872-1', 321, '2022-05-22 02:10:07'),
(516, '226', 321, '2022-05-22 02:10:11'),
(515, '2873-1', 321, '2022-05-22 02:15:16'),
(515, '2875-1', 480, '2022-05-25 14:26:51'),
(515, '2876-1', 87, '2022-05-27 11:30:33'),
(515, '2800-1', 466, '2022-05-23 02:31:31'),
(515, '3091-1', 470, '2022-09-09 15:48:23'),
(515, '3089-1', 470, '2022-09-07 21:36:15'),
(515, '3089-1', 321, '2022-09-07 15:03:54'),
(515, '2478-1', 392, '2022-05-26 05:54:21'),
(515, '3368-1', 392, '2022-10-26 05:16:14'),
(515, '3046-1', 87, '2022-08-16 08:11:47'),
(515, '2686-1', 392, '2022-05-24 04:56:17'),
(515, '2877-1', 321, '2022-05-31 23:35:35'),
(515, '2874-1', 478, '2022-05-24 13:37:29'),
(515, '2880-4', 321, '2022-05-25 07:25:22'),
(515, '2887-1', 321, '2022-05-26 01:38:14'),
(515, '3083-1', 321, '2022-09-09 13:45:41'),
(515, '2886-1', 217, '2022-05-26 06:59:24'),
(515, '2888-1', 321, '2022-05-26 10:15:35'),
(516, '235', 321, '2022-05-26 10:15:51'),
(515, '2889-1', 392, '2022-05-27 01:37:11'),
(515, '2892-1', 321, '2022-05-27 23:07:42'),
(515, '2686-1', 473, '2022-05-29 09:45:10'),
(515, '2887-1', 480, '2022-05-30 05:45:23'),
(516, '232', 323, '2022-05-31 00:25:34'),
(515, '2879-1', 323, '2022-05-31 05:37:40'),
(515, '2878-1', 323, '2022-06-04 13:13:40'),
(516, '230', 323, '2022-05-31 00:43:30'),
(516, '228', 323, '2022-05-31 05:29:59'),
(515, '2901-1', 169, '2022-05-31 05:37:29'),
(515, '2902-1', 169, '2022-05-31 06:39:15'),
(515, '2897-1', 321, '2022-05-31 12:22:32'),
(515, '2905-1', 321, '2022-05-31 12:22:58'),
(515, '2910-1', 321, '2022-05-31 15:16:13'),
(515, '2877-1', 473, '2022-05-31 23:23:10'),
(515, '2916-1', 321, '2022-05-31 23:46:31'),
(515, '2917-1', 321, '2022-05-31 23:59:54'),
(515, '2918-1', 321, '2022-06-01 07:08:58'),
(515, '2945-1', 321, '2022-06-03 10:51:47'),
(515, '2868-1', 483, '2022-06-01 14:57:28'),
(515, '2928-1', 321, '2022-06-01 15:07:47'),
(515, '2906-1', 323, '2022-06-04 11:39:49'),
(515, '2946-1', 321, '2022-06-03 11:34:06'),
(515, '2743-1', 339, '2022-10-04 07:15:57'),
(515, '2869-1', 339, '2022-10-05 04:12:44'),
(515, '2955-1', 323, '2022-06-04 14:10:25'),
(516, '236', 323, '2022-06-05 08:42:14'),
(515, '2959-1', 323, '2022-06-05 08:43:08'),
(515, '2958-1', 323, '2022-06-08 13:20:20'),
(515, '2960-1', 323, '2022-06-05 09:17:09'),
(515, '2698-1', 488, '2022-06-08 01:53:41'),
(515, '2964-1', 323, '2022-06-08 12:59:54'),
(515, '2964-2', 323, '2022-06-08 13:33:44'),
(515, '2980-1', 321, '2022-09-03 04:11:11'),
(515, '2397-1', 321, '2022-06-24 13:25:19'),
(515, '2410-1', 422, '2022-06-27 07:06:38'),
(515, '1118-1', 422, '2022-06-27 07:30:10'),
(515, '3895-1', 346, '2023-03-24 02:35:21'),
(515, '2965-1', 321, '2022-07-23 08:13:58'),
(515, '2979-1', 321, '2022-07-23 08:17:54'),
(516, '237', 321, '2022-08-08 04:17:57'),
(515, '2970-1', 323, '2022-10-04 06:40:11'),
(515, '2994-1', 323, '2022-07-27 07:35:34'),
(515, '2991-1', 321, '2022-09-03 07:21:25'),
(516, '238', 321, '2022-08-08 04:25:17'),
(515, '3359-1', 392, '2022-10-17 13:44:22'),
(515, '3046-1', 392, '2022-09-08 04:59:43'),
(515, '3087-1', 470, '2022-09-07 14:36:27'),
(515, '3351-1', 522, '2022-10-14 02:16:06'),
(515, '3006-1', 500, '2023-02-22 04:58:56'),
(515, '3897-1', 547, '2023-03-24 05:10:37'),
(515, '3006-1', 321, '2022-09-03 07:55:58'),
(515, '3018-1', 321, '2022-08-08 04:25:02'),
(515, '3008-1', 321, '2022-09-03 08:31:25'),
(515, '3016-1', 321, '2022-08-08 04:17:33'),
(515, '3011-1', 217, '2022-11-30 02:56:06'),
(515, '3014-1', 501, '2022-08-10 02:34:14'),
(515, '3012-1', 500, '2023-02-22 04:58:56'),
(515, '3915-1', 557, '2023-03-21 05:27:31'),
(515, '3021-1', 321, '2022-08-14 01:52:11'),
(516, '240', 321, '2022-08-14 01:53:03'),
(516, '241', 321, '2022-08-14 02:04:15'),
(516, '242', 321, '2022-08-14 02:08:29'),
(515, '3029-1', 501, '2022-08-14 04:47:49'),
(515, '2984-1', 488, '2022-08-14 11:13:25'),
(515, '2980-1', 488, '2022-08-14 03:50:03'),
(515, '2965-1', 470, '2022-09-07 14:17:59'),
(515, '3017-1', 488, '2022-08-14 11:08:24'),
(515, '3019-1', 497, '2022-08-15 01:54:09'),
(515, '2922-1', 470, '2022-09-10 00:54:33'),
(515, '1873-1', 470, '2022-09-10 01:00:10'),
(515, '3100-1', 321, '2022-09-10 02:53:00'),
(515, '3102-1', 321, '2022-09-12 14:26:34'),
(515, '3122-1', 470, '2022-09-10 14:24:22'),
(515, '3094-1', 470, '2022-09-10 14:42:15'),
(515, '2638-1', 470, '2022-09-10 15:06:26'),
(515, '3002-1', 470, '2022-09-10 15:08:47'),
(515, '2760-1', 470, '2022-09-10 18:40:03'),
(515, '3114-1', 501, '2022-09-12 01:28:11'),
(515, '3116-1', 217, '2022-09-13 11:45:01'),
(515, '3102-2', 321, '2022-09-12 14:31:46'),
(515, '3117-1', 433, '2022-09-15 13:49:07'),
(515, '3071-1', 433, '2022-09-15 13:52:15'),
(515, '3118-1', 217, '2022-09-13 11:46:40'),
(515, '3124-1', 321, '2022-09-16 14:42:09'),
(516, '256', 321, '2022-09-13 15:10:44'),
(515, '3125-1', 321, '2022-09-13 15:13:42'),
(516, '257', 321, '2022-09-13 15:14:04'),
(515, '3127-1', 511, '2022-09-15 06:53:05'),
(515, '3076-2', 511, '2022-09-15 11:37:17'),
(515, '3115-1', 511, '2022-09-15 11:37:17'),
(515, '3128-1', 433, '2022-09-15 14:06:07'),
(515, '3132-1', 514, '2022-09-16 03:47:25'),
(515, '3131-1', 321, '2022-09-17 00:00:53'),
(515, '3128-1', 321, '2022-09-17 00:04:29'),
(515, '3039-1', 393, '2022-09-19 08:01:39'),
(516, '313', 403, '2022-12-08 05:52:43'),
(515, '3132-1', 392, '2022-09-20 19:54:49'),
(515, '3173-1', 218, '2022-09-30 07:12:47'),
(515, '3038-1', 448, '2022-09-28 03:01:52'),
(515, '3045-1', 455, '2022-10-06 06:26:26'),
(515, '2743-1', 161, '2022-09-22 05:07:04'),
(515, '3239-1', 161, '2022-10-04 03:18:29'),
(515, '2869-1', 161, '2022-09-22 05:15:02'),
(515, '3149-1', 339, '2022-10-06 03:26:57'),
(515, '3150-1', 339, '2022-10-05 20:32:09'),
(515, '3156-1', 336, '2022-09-22 06:40:48'),
(515, '3153-1', 354, '2022-09-22 05:55:22'),
(515, '3126-1', 392, '2022-09-23 04:42:38'),
(515, '3170-2', 517, '2022-09-23 05:01:07'),
(515, '3174-1', 392, '2022-09-23 05:19:58'),
(515, '3041-1', 392, '2022-09-23 05:49:34'),
(515, '3170-2', 339, '2022-09-24 12:18:24'),
(515, '3148-1', 362, '2022-09-24 12:46:41'),
(516, '258', 339, '2022-09-24 13:15:55'),
(515, '3163-1', 336, '2022-09-24 13:22:52'),
(516, '268', 339, '2022-09-26 04:53:39'),
(515, '3178-1', 356, '2022-09-27 05:37:38'),
(515, '3153-1', 356, '2022-09-24 13:52:28'),
(515, '3156-1', 355, '2022-09-24 14:06:55'),
(515, '3164-1', 339, '2022-09-24 14:16:37'),
(515, '3184-1', 356, '2022-09-24 14:38:11'),
(515, '3186-1', 339, '2022-09-24 15:04:48'),
(515, '3190-1', 455, '2022-09-24 16:20:57'),
(515, '3163-1', 339, '2022-09-25 14:13:08'),
(515, '3148-1', 339, '2022-09-25 14:22:20'),
(516, '279', 339, '2022-09-26 04:40:35'),
(516, '259', 339, '2022-09-26 05:54:37'),
(515, '3040-1', 495, '2022-10-13 21:16:01'),
(515, '3163-1', 337, '2022-09-26 00:56:54'),
(515, '3075-1', 510, '2022-09-26 05:49:30'),
(515, '3184-1', 354, '2022-09-26 03:45:51'),
(516, '277', 161, '2022-09-26 04:08:36'),
(516, '276', 161, '2022-09-26 04:30:13'),
(515, '3199-1', 474, '2022-09-26 04:35:46'),
(515, '3185-1', 161, '2022-09-26 04:28:58'),
(515, '3200-1', 474, '2022-09-26 04:37:35'),
(515, '3194-1', 339, '2022-09-26 04:40:14'),
(515, '3197-1', 520, '2022-09-26 06:17:48'),
(516, '267', 339, '2022-09-26 04:53:08'),
(515, '3191-1', 392, '2022-09-26 06:45:18'),
(515, '3053-1', 392, '2022-09-26 06:49:45'),
(515, '3176-1', 392, '2022-09-26 06:54:48'),
(515, '3148-1', 355, '2022-09-26 07:02:51'),
(515, '3186-2', 520, '2022-09-26 07:03:06'),
(515, '3193-1', 161, '2022-09-26 07:05:23'),
(516, '259', 161, '2022-09-26 07:06:20'),
(515, '3179-1', 161, '2022-09-26 07:10:44'),
(516, '258', 161, '2022-09-26 07:11:16'),
(515, '3181-1', 161, '2022-09-26 07:31:45'),
(516, '263', 161, '2022-09-26 07:33:26'),
(515, '3157-1', 161, '2022-09-26 07:39:12'),
(516, '264', 161, '2022-09-26 07:39:43'),
(515, '3212-1', 484, '2022-09-26 07:41:38'),
(515, '3216-1', 392, '2022-09-27 02:57:16'),
(515, '3218-1', 392, '2022-09-27 03:13:34'),
(515, '3173-1', 392, '2022-09-27 06:17:01'),
(515, '3195-1', 161, '2022-09-27 06:19:11'),
(516, '267', 161, '2022-09-27 06:19:56'),
(515, '3180-1', 161, '2022-09-27 06:20:08'),
(516, '268', 161, '2022-09-27 06:20:43'),
(515, '3222-1', 518, '2022-09-27 06:28:08'),
(515, '3224-1', 518, '2022-09-27 06:30:23'),
(515, '3223-1', 519, '2022-10-04 02:58:26'),
(516, '269', 161, '2022-09-27 06:45:25'),
(515, '3166-1', 161, '2022-09-27 06:45:48'),
(515, '3081-1', 218, '2022-09-27 06:46:26'),
(515, '3166-1', 355, '2022-09-27 06:48:11'),
(515, '3225-1', 161, '2022-09-27 07:05:12'),
(516, '270', 161, '2022-09-27 07:05:21'),
(515, '3159-1', 161, '2022-09-27 07:11:24'),
(516, '266', 161, '2022-09-27 07:12:11'),
(515, '3182-1', 161, '2022-09-27 07:15:44'),
(516, '265', 161, '2022-09-27 07:15:48'),
(515, '3041-1', 442, '2022-09-27 11:22:10'),
(515, '1777-1', 524, '2022-09-27 12:19:35'),
(515, '3352-1', 536, '2022-10-12 11:01:23'),
(515, '2715-1', 525, '2022-10-16 09:29:56'),
(515, '1128-1', 524, '2022-09-27 12:54:44'),
(515, '1181-1', 524, '2022-09-27 12:54:28'),
(515, '3223-1', 392, '2022-09-28 05:21:38'),
(515, '3238-1', 448, '2022-09-28 23:26:39'),
(515, '3097-1', 488, '2022-09-29 04:31:24'),
(515, '3237-1', 401, '2022-09-29 06:18:14'),
(515, '3236-1', 401, '2022-09-29 06:19:05'),
(515, '3231-1', 523, '2022-09-29 07:14:09'),
(515, '3148-1', 360, '2022-09-30 07:01:51'),
(515, '3246-1', 392, '2022-10-01 06:30:27'),
(515, '3272-1', 339, '2022-10-05 20:24:17'),
(515, '3228-1', 491, '2022-10-05 11:45:05'),
(515, '3229-1', 491, '2022-10-05 11:44:26'),
(515, '3247-1', 392, '2022-10-03 03:38:37'),
(515, '3250-1', 392, '2022-10-03 03:55:32'),
(515, '3217-1', 323, '2022-10-03 05:31:56'),
(515, '3240-1', 339, '2022-10-03 06:39:48'),
(516, '278', 339, '2022-10-03 06:40:56'),
(515, '3197-1', 339, '2022-10-03 06:46:46'),
(515, '3235-1', 519, '2022-10-10 05:24:21'),
(515, '3239-1', 339, '2022-10-03 07:44:12'),
(516, '274', 339, '2022-10-03 07:49:12'),
(515, '3221-1', 339, '2022-10-03 07:49:20'),
(516, '275', 339, '2022-10-03 07:49:46'),
(515, '3245-1', 339, '2022-10-03 08:06:25'),
(516, '260', 339, '2022-10-03 08:07:34'),
(515, '3214-1', 484, '2022-10-04 03:38:35'),
(516, '274', 161, '2022-10-04 03:19:22'),
(515, '3221-1', 161, '2022-10-04 03:19:31'),
(516, '275', 161, '2022-10-04 03:20:03'),
(515, '3245-1', 161, '2022-10-04 03:23:43'),
(516, '260', 161, '2022-10-04 03:25:55'),
(515, '2972-1', 323, '2022-10-04 06:41:07'),
(515, '3267-1', 161, '2022-10-04 06:53:50'),
(515, '3269-1', 356, '2022-10-04 07:13:43'),
(515, '3160-1', 339, '2022-10-04 07:14:32'),
(515, '3155-1', 339, '2022-10-05 04:34:17'),
(515, '3269-1', 336, '2022-10-06 02:38:35'),
(515, '3266-1', 510, '2022-10-06 02:47:31'),
(515, '3186-2', 339, '2022-10-06 03:26:18'),
(515, '3274-1', 337, '2022-10-06 04:46:28'),
(515, '3275-1', 161, '2022-10-06 04:59:43');
INSERT INTO `item_views` (`assoc_type`, `assoc_id`, `user_id`, `date_last_viewed`) VALUES
(516, '284', 161, '2022-10-06 05:00:49'),
(515, '3270-1', 161, '2022-10-06 05:01:02'),
(515, '3278-1', 530, '2022-10-06 05:08:55'),
(515, '3281-1', 339, '2022-10-06 06:07:04'),
(516, '287', 339, '2022-10-06 08:04:31'),
(515, '3314-1', 339, '2022-10-11 07:25:55'),
(515, '3284-1', 339, '2022-10-07 02:19:43'),
(516, '286', 339, '2022-10-07 02:20:06'),
(515, '3287-1', 161, '2022-10-07 02:35:28'),
(515, '3295-1', 355, '2022-10-07 02:47:05'),
(515, '3075-1', 339, '2022-10-07 03:09:45'),
(515, '3295-1', 534, '2022-10-07 04:46:38'),
(515, '3296-1', 161, '2022-10-07 05:45:43'),
(516, '288', 161, '2022-10-07 05:47:28'),
(515, '3299-1', 161, '2022-10-07 05:48:19'),
(516, '289', 161, '2022-10-07 05:49:02'),
(515, '3300-1', 532, '2022-10-07 06:04:30'),
(515, '3301-1', 532, '2022-10-07 06:04:39'),
(515, '3170-2', 161, '2022-10-07 13:28:49'),
(515, '3302-1', 532, '2022-10-10 01:40:05'),
(515, '3241-1', 392, '2022-10-11 00:01:12'),
(515, '3237-1', 392, '2022-10-10 23:55:29'),
(515, '3272-1', 531, '2022-10-10 03:52:18'),
(515, '3289-1', 491, '2022-10-10 13:46:32'),
(515, '3287-1', 339, '2022-10-10 15:12:49'),
(515, '3312-1', 519, '2022-10-11 01:46:44'),
(515, '3324-1', 339, '2022-10-11 07:27:26'),
(515, '3072-1', 557, '2022-11-29 05:30:24'),
(515, '3363-1', 234, '2022-10-20 02:06:25'),
(515, '3357-1', 392, '2022-10-26 04:07:22'),
(515, '3242-1', 392, '2022-10-26 04:13:43'),
(515, '3258-1', 392, '2022-10-26 05:44:28'),
(515, '3370-1', 522, '2022-10-26 07:07:17'),
(515, '3371-1', 521, '2022-10-27 01:44:46'),
(515, '3373-1', 521, '2023-04-05 01:32:15'),
(515, '3373-1', 392, '2022-10-28 05:22:46'),
(515, '3374-1', 392, '2022-10-28 05:25:12'),
(515, '3243-1', 392, '2022-10-31 07:16:25'),
(515, '3376-1', 392, '2022-10-31 07:19:39'),
(515, '3378-1', 392, '2022-10-31 07:44:28'),
(515, '3378-1', 455, '2022-11-10 03:57:02'),
(515, '3379-1', 521, '2022-11-25 01:44:41'),
(515, '3369-1', 542, '2022-12-16 01:21:08'),
(515, '3372-1', 519, '2023-06-27 02:39:55'),
(515, '3355-1', 519, '2022-11-10 04:26:39'),
(515, '3381-1', 339, '2022-11-11 04:31:13'),
(515, '3382-1', 339, '2022-11-11 04:57:00'),
(515, '3385-1', 339, '2022-11-11 06:19:04'),
(515, '3387-1', 339, '2022-11-11 07:21:41'),
(515, '3168-1', 321, '2022-11-11 18:12:41'),
(515, '3078-2', 321, '2022-12-07 02:26:03'),
(515, '3315-1', 321, '2022-11-29 04:25:19'),
(515, '3364-1', 321, '2022-11-29 04:37:26'),
(515, '3365-1', 321, '2022-11-29 04:41:20'),
(515, '3366-1', 321, '2022-11-29 04:50:38'),
(515, '3386-1', 321, '2022-11-29 04:54:49'),
(515, '3389-1', 360, '2022-11-12 02:56:48'),
(515, '3380-2', 403, '2022-11-14 02:45:57'),
(515, '3394-1', 356, '2022-11-14 06:01:52'),
(516, '295', 339, '2022-11-14 06:47:29'),
(515, '3394-1', 534, '2022-11-15 02:01:16'),
(515, '3389-1', 534, '2022-11-15 04:29:10'),
(515, '3431-1', 522, '2022-11-16 05:08:21'),
(515, '3391-1', 361, '2022-11-16 05:59:36'),
(515, '3439-1', 346, '2022-11-18 02:22:45'),
(515, '3449-1', 403, '2022-11-29 04:26:21'),
(515, '3454-1', 392, '2022-11-22 03:16:57'),
(515, '3452-1', 195, '2022-12-09 02:12:02'),
(515, '3471-1', 403, '2022-11-23 04:00:58'),
(515, '3460-1', 346, '2022-11-23 07:03:57'),
(515, '3384-2', 346, '2022-11-23 07:20:12'),
(515, '3383-2', 346, '2022-11-23 07:44:45'),
(515, '3372-1', 346, '2023-06-27 00:23:11'),
(515, '3480-1', 346, '2022-11-23 08:06:07'),
(515, '3369-1', 346, '2022-11-29 06:18:06'),
(515, '3491-1', 536, '2022-11-23 10:04:12'),
(515, '3491-1', 523, '2022-11-23 14:43:22'),
(515, '3502-1', 346, '2022-11-24 03:22:39'),
(515, '3501-1', 346, '2022-11-24 03:28:07'),
(515, '3500-1', 346, '2022-11-24 03:55:30'),
(515, '3500-1', 553, '2022-11-24 05:31:39'),
(515, '3506-1', 545, '2022-11-24 10:21:57'),
(515, '3490-1', 545, '2022-12-01 01:47:35'),
(515, '3383-2', 545, '2022-11-25 11:15:10'),
(515, '3485-1', 87, '2022-11-25 00:05:16'),
(515, '3498-1', 87, '2022-11-25 00:35:07'),
(515, '3450-1', 403, '2022-11-25 01:38:26'),
(516, '297', 403, '2022-11-25 01:38:37'),
(515, '3509-1', 521, '2022-11-25 01:40:37'),
(515, '3380-2', 521, '2022-11-25 01:46:19'),
(515, '3506-1', 346, '2022-11-25 06:20:49'),
(515, '3505-1', 346, '2022-11-25 06:44:36'),
(515, '3508-1', 346, '2022-11-25 07:00:13'),
(516, '308', 346, '2022-11-25 07:01:04'),
(515, '3507-1', 346, '2022-11-25 07:10:46'),
(516, '300', 346, '2022-11-25 07:11:31'),
(515, '3516-1', 392, '2022-11-26 07:31:53'),
(515, '3498-1', 443, '2022-11-26 23:36:50'),
(515, '3518-1', 370, '2022-11-27 09:38:06'),
(515, '3485-1', 401, '2022-11-28 01:45:54'),
(515, '3495-1', 401, '2022-11-28 06:11:56'),
(515, '3510-1', 403, '2022-12-06 06:23:49'),
(515, '3529-1', 403, '2022-11-29 04:32:22'),
(515, '3527-1', 346, '2022-11-29 07:17:20'),
(515, '3315-1', 557, '2022-11-29 05:36:17'),
(515, '3364-1', 557, '2022-11-29 05:37:56'),
(515, '3365-1', 557, '2022-11-29 05:39:29'),
(515, '3366-1', 557, '2022-12-02 23:22:25'),
(515, '3386-1', 557, '2022-12-02 23:19:38'),
(516, '306', 346, '2022-11-29 07:19:21'),
(515, '3522-1', 346, '2022-11-29 07:25:10'),
(515, '3492-1', 346, '2022-11-29 07:35:15'),
(515, '3543-1', 346, '2022-11-29 07:36:40'),
(515, '3453-1', 495, '2022-11-30 02:04:21'),
(515, '3020-1', 217, '2022-11-30 02:54:11'),
(515, '3021-1', 217, '2022-11-30 02:54:17'),
(515, '3538-1', 217, '2022-11-30 02:57:44'),
(515, '3536-1', 217, '2022-11-30 03:16:56'),
(515, '3532-1', 217, '2022-11-30 04:54:27'),
(515, '3514-1', 346, '2022-12-01 01:32:37'),
(515, '3550-1', 557, '2022-12-01 01:32:55'),
(516, '317', 557, '2022-12-01 01:33:33'),
(515, '3489-1', 346, '2022-12-01 01:34:47'),
(515, '3552-1', 557, '2022-12-01 01:37:22'),
(516, '316', 557, '2022-12-01 01:37:25'),
(515, '3021-1', 557, '2022-12-01 01:41:29'),
(516, '240', 557, '2022-12-01 01:41:33'),
(515, '3554-1', 557, '2022-12-01 01:43:48'),
(516, '314', 557, '2022-12-01 01:46:19'),
(515, '3514-1', 443, '2022-12-01 04:38:26'),
(515, '3559-1', 512, '2022-12-01 06:10:30'),
(515, '3560-1', 403, '2022-12-01 07:25:28'),
(515, '3489-1', 554, '2023-01-09 06:34:17'),
(515, '3489-1', 536, '2022-12-02 02:45:12'),
(515, '3513-1', 370, '2022-12-02 07:28:22'),
(515, '3505-1', 370, '2022-12-02 07:29:01'),
(515, '3514-1', 87, '2022-12-02 11:04:59'),
(515, '3540-1', 87, '2022-12-02 11:23:31'),
(515, '3542-1', 87, '2022-12-02 11:45:31'),
(516, '318', 557, '2022-12-05 01:30:35'),
(515, '3565-1', 557, '2022-12-05 01:32:26'),
(516, '319', 557, '2022-12-05 01:33:14'),
(515, '3563-1', 346, '2022-12-05 02:41:48'),
(516, '312', 346, '2022-12-05 02:43:15'),
(515, '3561-1', 346, '2022-12-05 02:43:47'),
(516, '322', 346, '2022-12-05 02:44:39'),
(515, '3576-1', 370, '2022-12-05 03:11:50'),
(515, '3578-1', 370, '2022-12-05 03:11:51'),
(515, '3556-1', 524, '2022-12-23 10:30:44'),
(515, '3571-1', 486, '2022-12-05 07:32:04'),
(515, '3580-1', 557, '2022-12-06 01:12:50'),
(515, '3545-1', 519, '2023-06-27 02:39:23'),
(515, '3494-1', 519, '2022-12-06 04:14:40'),
(515, '3585-1', 557, '2022-12-06 05:35:38'),
(516, '325', 557, '2022-12-06 05:37:52'),
(515, '3586-1', 539, '2022-12-06 06:25:34'),
(516, '326', 403, '2022-12-06 06:52:50'),
(515, '3499-1', 542, '2023-01-17 13:29:17'),
(515, '3094-1', 557, '2022-12-31 02:21:04'),
(515, '3587-1', 403, '2022-12-07 01:56:27'),
(515, '3592-1', 195, '2022-12-09 02:09:03'),
(515, '3558-1', 535, '2022-12-07 03:36:47'),
(515, '3596-1', 552, '2022-12-07 19:58:39'),
(515, '3609-1', 557, '2022-12-08 01:08:13'),
(515, '2460-1', 393, '2022-12-08 01:44:56'),
(515, '2700-1', 393, '2022-12-08 03:05:08'),
(515, '3500-1', 393, '2023-01-09 09:12:53'),
(515, '3449-2', 195, '2022-12-08 08:18:12'),
(515, '3612-1', 184, '2022-12-08 08:30:56'),
(515, '3620-1', 403, '2022-12-09 02:14:22'),
(515, '3608-1', 403, '2022-12-09 03:54:08'),
(515, '1348-1', 558, '2022-12-10 12:05:33'),
(515, '3649-1', 542, '2023-01-17 13:25:48'),
(515, '3652-1', 403, '2022-12-16 02:18:30'),
(515, '3094-1', 562, '2022-12-16 23:30:02'),
(515, '3709-1', 557, '2022-12-23 02:19:23'),
(515, '3572-1', 540, '2022-12-23 11:11:16'),
(515, '2760-1', 403, '2022-12-21 05:31:51'),
(515, '3721-1', 403, '2022-12-27 06:31:05'),
(515, '3682-1', 403, '2022-12-27 06:04:17'),
(515, '3661-1', 557, '2022-12-20 01:44:16'),
(515, '3637-1', 560, '2022-12-20 02:44:58'),
(515, '3683-1', 403, '2022-12-27 06:04:50'),
(515, '3684-1', 403, '2022-12-27 06:05:57'),
(515, '3685-1', 403, '2022-12-27 06:06:58'),
(515, '3678-1', 557, '2022-12-23 02:13:42'),
(516, '328', 557, '2022-12-20 04:56:08'),
(515, '3834-1', 339, '2023-03-31 02:58:10'),
(515, '2931-1', 392, '2022-12-20 06:11:31'),
(515, '3700-1', 550, '2022-12-22 05:07:51'),
(516, '330', 557, '2022-12-23 04:25:16'),
(515, '3710-1', 562, '2022-12-23 02:30:03'),
(515, '3711-1', 557, '2022-12-23 03:38:03'),
(515, '3719-1', 557, '2022-12-27 02:03:10'),
(515, '3716-1', 557, '2022-12-27 02:05:09'),
(515, '3582-1', 346, '2022-12-29 00:08:02'),
(515, '3729-1', 557, '2022-12-29 04:52:09'),
(515, '3731-1', 560, '2022-12-30 03:24:56'),
(515, '3732-1', 557, '2022-12-31 00:04:39'),
(516, '331', 557, '2022-12-31 00:22:29'),
(515, '3114-1', 557, '2022-12-31 01:11:20'),
(515, '3722-1', 557, '2022-12-31 02:06:06'),
(515, '3726-1', 557, '2022-12-31 02:12:18'),
(515, '3625-1', 557, '2022-12-31 02:17:31'),
(515, '3139-1', 557, '2023-01-04 04:51:53'),
(515, '3614-1', 557, '2023-01-04 04:53:47'),
(515, '3335-1', 568, '2023-01-05 04:10:56'),
(515, '3349-1', 568, '2023-01-05 04:56:00'),
(515, '3378-2', 569, '2023-01-07 14:21:06'),
(515, '3581-1', 346, '2023-01-09 01:26:37'),
(515, '3547-1', 523, '2023-01-09 04:46:48'),
(515, '3589-1', 392, '2023-01-09 05:07:58'),
(515, '3566-1', 346, '2023-01-09 06:05:50'),
(516, '324', 346, '2023-01-09 06:05:59'),
(515, '3749-1', 346, '2023-01-09 06:39:30'),
(515, '3562-1', 554, '2023-01-09 06:45:06'),
(515, '3543-1', 545, '2023-01-17 01:02:45'),
(515, '3751-1', 546, '2023-01-09 17:45:36'),
(515, '3501-1', 536, '2023-01-10 09:58:34'),
(515, '2944-1', 370, '2023-01-11 04:18:27'),
(515, '3753-1', 495, '2023-01-12 02:18:41'),
(515, '254-1', 572, '2023-01-14 02:01:14'),
(515, '3754-1', 542, '2023-01-17 06:02:57'),
(515, '3631-1', 451, '2023-01-19 15:09:48'),
(515, '3789-1', 346, '2023-01-24 06:55:26'),
(515, '3791-1', 346, '2023-01-24 07:02:20'),
(515, '3797-1', 542, '2023-01-24 07:32:24'),
(515, '3810-1', 495, '2023-04-10 06:09:37'),
(515, '3781-1', 346, '2023-07-08 06:44:12'),
(515, '3787-1', 346, '2023-01-26 22:54:59'),
(515, '3818-1', 346, '2023-01-26 23:51:53'),
(515, '3799-1', 346, '2023-01-27 00:00:55'),
(515, '3820-1', 346, '2023-01-27 02:47:46'),
(515, '3339-1', 574, '2023-01-30 03:55:37'),
(515, '3746-1', 339, '2023-09-08 05:00:46'),
(515, '3760-1', 339, '2023-02-07 02:20:20'),
(515, '3398-1', 339, '2023-02-07 03:15:54'),
(516, '291', 339, '2023-02-07 03:20:28'),
(515, '3436-1', 339, '2023-02-07 03:21:04'),
(516, '292', 339, '2023-02-07 03:22:01'),
(515, '3441-1', 339, '2023-02-07 05:02:02'),
(516, '294', 339, '2023-02-07 05:32:49'),
(515, '3400-1', 339, '2023-02-07 05:37:54'),
(516, '296', 339, '2023-02-07 05:38:21'),
(515, '3757-2', 339, '2023-02-07 05:41:51'),
(515, '3168-1', 557, '2023-02-09 12:31:28'),
(515, '3504-1', 557, '2023-02-09 13:45:12'),
(515, '3869-1', 573, '2023-03-03 08:09:59'),
(515, '3824-2', 557, '2023-02-09 14:10:40'),
(515, '3824-2', 575, '2023-02-09 14:11:54'),
(515, '3392-1', 547, '2023-03-24 05:08:52'),
(515, '3845-1', 579, '2023-03-18 10:45:48'),
(515, '3838-1', 339, '2023-02-13 02:10:20'),
(515, '3845-1', 557, '2023-03-03 11:42:20'),
(515, '3847-1', 557, '2023-03-03 11:48:52'),
(515, '3830-1', 549, '2023-03-26 14:11:06'),
(515, '2160-1', 399, '2023-02-13 04:43:03'),
(515, '3849-1', 1, '2023-02-13 05:16:17'),
(515, '3838-1', 1, '2023-02-13 05:17:11'),
(515, '3793-1', 392, '2023-02-13 06:32:51'),
(515, '3839-1', 399, '2023-02-13 07:16:49'),
(515, '3850-1', 579, '2023-03-15 02:53:26'),
(515, '3846-1', 579, '2023-02-14 01:18:04'),
(515, '3849-1', 360, '2023-02-14 11:25:56'),
(515, '3856-1', 323, '2023-05-16 07:00:43'),
(515, '3854-1', 557, '2023-02-16 06:42:15'),
(515, '3861-1', 557, '2023-02-17 07:21:30'),
(515, '3828-1', 544, '2023-03-28 23:50:19'),
(515, '3829-1', 544, '2023-03-28 23:50:39'),
(515, '3863-1', 454, '2023-02-19 14:03:25'),
(515, '3851-1', 454, '2023-02-19 14:19:56'),
(515, '3841-1', 537, '2023-02-21 08:18:13'),
(515, '3504-1', 537, '2023-03-01 05:59:02'),
(515, '3852-1', 339, '2023-03-03 00:05:03'),
(515, '3860-1', 339, '2023-03-14 07:04:18'),
(515, '3864-1', 557, '2023-03-03 02:44:38'),
(516, '346', 557, '2023-03-03 02:47:06'),
(515, '3870-1', 557, '2023-03-03 11:38:16'),
(516, '344', 557, '2023-03-03 11:41:55'),
(515, '3877-1', 450, '2023-03-04 06:44:36'),
(515, '3736-1', 450, '2023-03-04 07:48:27'),
(515, '3880-1', 450, '2023-03-04 08:48:55'),
(515, '3881-1', 557, '2023-03-04 14:25:40'),
(516, '355', 557, '2023-03-04 14:27:24'),
(515, '3879-1', 557, '2023-03-04 14:30:33'),
(516, '354', 557, '2023-03-04 14:31:14'),
(515, '3858-1', 557, '2023-03-04 14:37:12'),
(515, '3757-2', 229, '2023-03-05 07:09:13'),
(515, '3831-1', 229, '2023-03-05 07:10:21'),
(515, '3883-1', 575, '2023-03-06 03:20:18'),
(515, '3168-1', 399, '2023-07-26 02:17:14'),
(515, '3888-1', 575, '2023-03-06 04:07:53'),
(515, '3857-1', 399, '2023-03-25 03:26:40'),
(515, '3860-1', 531, '2023-03-07 08:18:26'),
(515, '3867-1', 337, '2023-03-08 02:01:06'),
(515, '3818-1', 451, '2023-03-08 02:08:08'),
(515, '3871-1', 579, '2023-03-10 04:21:16'),
(515, '3854-1', 399, '2023-03-25 03:27:04'),
(515, '3889-1', 339, '2023-03-14 07:13:35'),
(516, '347', 339, '2023-03-14 07:15:12'),
(515, '3855-1', 339, '2023-03-14 07:20:10'),
(516, '342', 339, '2023-03-14 07:21:47'),
(515, '3891-1', 531, '2023-03-14 07:38:23'),
(515, '3831-1', 339, '2023-03-14 08:05:00'),
(515, '3900-1', 361, '2023-03-14 11:29:03'),
(515, '3903-1', 557, '2023-03-30 13:55:22'),
(515, '3896-1', 557, '2023-03-20 11:00:04'),
(515, '3884-1', 453, '2023-03-17 19:00:46'),
(515, '3885-1', 453, '2023-03-17 19:17:02'),
(515, '3912-1', 557, '2023-03-20 10:21:22'),
(516, '357', 557, '2023-03-20 10:25:31'),
(515, '3911-1', 557, '2023-03-20 10:06:05'),
(516, '356', 557, '2023-03-20 01:42:22'),
(515, '3898-1', 576, '2023-03-20 05:13:52'),
(515, '3910-1', 557, '2023-03-20 10:32:47'),
(515, '3913-1', 537, '2023-03-20 10:41:27'),
(515, '2399-1', 420, '2023-03-21 03:59:06'),
(515, '3894-1', 346, '2023-03-24 02:40:18'),
(515, '3890-1', 346, '2023-03-24 02:43:18'),
(515, '3865-1', 346, '2023-03-24 02:49:02'),
(515, '3643-1', 346, '2023-03-24 04:10:30'),
(515, '3496-1', 346, '2023-03-24 03:32:59'),
(515, '3583-1', 346, '2023-03-24 03:37:26'),
(515, '3925-1', 555, '2023-03-24 04:07:26'),
(515, '3385-1', 547, '2023-03-24 05:09:35'),
(515, '3923-1', 87, '2023-03-24 21:52:31'),
(515, '3914-1', 399, '2023-03-25 03:26:01'),
(515, '3924-1', 582, '2023-03-25 06:45:44'),
(515, '3927-1', 555, '2023-03-25 23:49:54'),
(515, '3921-1', 557, '2023-03-26 02:52:40'),
(515, '3934-1', 557, '2023-03-26 02:58:20'),
(515, '3901-1', 339, '2023-03-26 04:00:31'),
(516, '358', 339, '2023-03-26 04:08:54'),
(515, '3939-1', 531, '2023-03-27 06:41:56'),
(515, '3900-1', 354, '2023-03-26 04:52:01'),
(515, '3837-1', 354, '2023-03-26 04:55:00'),
(515, '3940-1', 339, '2023-03-26 07:24:17'),
(516, '338', 339, '2023-03-26 07:26:43'),
(515, '3941-1', 339, '2023-03-26 07:32:20'),
(515, '3836-1', 574, '2023-03-26 09:46:19'),
(515, '3834-1', 574, '2023-03-26 09:46:19'),
(516, '368', 339, '2023-03-26 07:54:41'),
(515, '3946-1', 161, '2023-03-26 08:00:54'),
(515, '3942-1', 339, '2023-03-26 09:43:37'),
(515, '3942-1', 574, '2023-03-26 09:52:54'),
(515, '3938-1', 346, '2023-03-27 00:18:33'),
(516, '365', 346, '2023-03-27 00:19:30'),
(515, '3895-1', 588, '2023-03-27 00:35:41'),
(515, '3926-1', 588, '2023-03-27 02:54:14'),
(515, '3935-1', 346, '2023-03-27 00:48:53'),
(516, '364', 346, '2023-03-27 00:50:16'),
(515, '3933-1', 87, '2023-03-27 01:08:33'),
(515, '3933-1', 346, '2023-03-27 01:10:39'),
(516, '363', 346, '2023-03-27 01:13:10'),
(515, '3928-1', 587, '2023-03-27 02:54:17'),
(515, '3894-1', 587, '2023-03-27 01:45:58'),
(515, '3952-1', 582, '2023-03-27 02:40:01'),
(515, '3865-1', 582, '2023-03-27 03:54:12'),
(515, '3950-1', 588, '2023-03-27 03:00:13'),
(515, '3314-1', 591, '2023-03-27 13:59:00'),
(515, '3953-1', 585, '2023-03-28 02:02:02'),
(515, '3931-1', 536, '2023-03-28 03:25:52'),
(515, '3331-1', 591, '2023-03-28 06:35:46'),
(515, '3905-1', 337, '2023-03-28 08:14:03'),
(515, '3825-1', 543, '2023-03-28 22:09:52'),
(515, '3827-1', 543, '2023-03-29 00:27:23'),
(515, '3967-1', 544, '2023-03-29 02:07:08'),
(515, '3962-1', 339, '2023-03-31 06:23:59'),
(515, '3973-1', 339, '2023-03-30 03:18:09'),
(516, '370', 339, '2023-03-30 03:18:19'),
(515, '3963-1', 339, '2023-03-30 06:02:57'),
(515, '3968-1', 339, '2023-03-30 06:28:48'),
(515, '3974-1', 591, '2023-03-31 08:02:17'),
(515, '3897-1', 339, '2023-03-30 07:36:15'),
(515, '3957-1', 339, '2023-03-30 07:56:59'),
(515, '3962-1', 591, '2023-03-30 11:45:04'),
(515, '3920-1', 557, '2023-03-30 13:57:51'),
(515, '3971-1', 557, '2023-03-30 13:59:29'),
(515, '3947-1', 339, '2023-03-31 02:32:37'),
(515, '3954-1', 339, '2023-03-31 02:55:11'),
(515, '3974-1', 339, '2023-03-31 06:18:08'),
(515, '3848-1', 576, '2023-03-31 07:22:08'),
(515, '3985-1', 339, '2023-03-31 11:18:24'),
(515, '3920-1', 217, '2023-03-31 23:41:19'),
(515, '2527-1', 217, '2023-03-31 23:55:28'),
(515, '3936-1', 217, '2023-04-01 00:00:22'),
(515, '3983-2', 595, '2023-04-04 08:17:14'),
(515, '4077-1', 579, '2023-04-02 18:50:35'),
(515, '3959-1', 592, '2023-08-05 22:41:29'),
(515, '3721-1', 184, '2023-04-17 03:32:51'),
(515, '3378-2', 455, '2023-04-24 14:22:49'),
(515, '3893-1', 323, '2023-05-02 02:11:59'),
(515, '3907-1', 323, '2023-05-02 02:15:42'),
(515, '3906-1', 323, '2023-05-02 02:17:30'),
(515, '4079-1', 323, '2023-05-02 02:19:24'),
(516, '372', 323, '2023-05-03 02:44:11'),
(516, '373', 323, '2023-05-03 02:47:44'),
(515, '4091-1', 586, '2023-05-06 04:02:09'),
(516, '374', 323, '2023-05-08 02:20:17'),
(516, '375', 323, '2023-05-08 02:23:59'),
(515, '4099-1', 184, '2023-05-16 11:20:29'),
(515, '3856-1', 581, '2023-05-09 02:51:40'),
(515, '3365-1', 524, '2023-05-10 00:52:36'),
(515, '4100-1', 451, '2023-05-10 04:20:13'),
(515, '4101-1', 589, '2023-05-10 04:30:54'),
(515, '4104-1', 323, '2023-05-12 01:37:14'),
(515, '3685-1', 184, '2023-05-16 11:26:36'),
(516, '376', 323, '2023-05-19 01:36:33'),
(515, '4112-1', 184, '2023-05-19 01:42:58'),
(515, '4112-1', 323, '2023-05-19 01:43:44'),
(515, '4099-1', 323, '2023-05-19 01:44:46'),
(515, '4097-1', 323, '2023-05-19 01:51:35'),
(515, '4120-1', 323, '2023-05-19 02:04:59'),
(515, '4219-1', 346, '2023-07-13 06:34:11'),
(515, '4118-1', 323, '2023-05-22 03:22:44'),
(515, '4125-1', 323, '2023-05-22 04:55:10'),
(515, '4119-1', 581, '2023-05-23 01:45:09'),
(515, '3682-1', 581, '2023-05-23 02:06:04'),
(515, '3684-1', 581, '2023-05-23 05:29:56'),
(515, '4127-1', 323, '2023-05-23 05:45:08'),
(515, '2921-1', 704, '2024-04-03 00:38:39'),
(515, '4439-1', 623, '2024-04-02 06:40:42'),
(515, '4689-1', 1, '2024-04-02 06:31:35'),
(515, '4586-1', 643, '2024-03-06 16:02:18'),
(515, '5138-1', 557, '2024-06-19 04:08:02'),
(515, '4454-2', 339, '2023-09-30 15:13:35'),
(515, '4142-3', 500, '2023-08-18 04:08:24'),
(515, '4811-2', 339, '2024-03-14 02:05:36'),
(515, '4108-1', 557, '2024-04-01 04:18:07'),
(515, '4124-1', 557, '2023-06-12 02:30:00'),
(515, '4251-2', 1, '2024-04-01 08:48:20'),
(515, '4142-3', 557, '2023-06-12 02:47:54'),
(515, '4068-1', 604, '2023-06-14 14:50:12'),
(515, '4964-1', 557, '2024-04-16 02:38:09'),
(515, '3956-1', 582, '2023-06-18 13:08:23'),
(515, '4108-1', 597, '2023-06-19 12:47:33'),
(515, '4047-1', 597, '2023-06-19 15:38:44'),
(515, '4148-1', 537, '2023-09-22 05:56:47'),
(515, '2628-1', 465, '2023-06-21 15:40:35'),
(515, '4822-1', 360, '2024-03-15 05:58:27'),
(515, '3633-1', 346, '2023-06-26 23:35:29'),
(515, '4623-1', 704, '2024-04-03 00:37:47'),
(515, '3545-1', 346, '2023-06-26 23:36:24'),
(515, '3931-1', 346, '2023-06-27 01:46:55'),
(515, '4151-1', 608, '2023-06-28 08:50:02'),
(515, '4813-1', 339, '2024-03-14 02:04:04'),
(515, '3983-2', 1, '2023-07-10 05:10:41'),
(515, '4199-2', 613, '2023-07-11 06:48:38'),
(515, '4191-1', 612, '2023-07-11 07:21:24'),
(515, '4217-1', 513, '2023-07-13 04:58:18'),
(515, '4043-1', 616, '2023-07-17 14:04:37'),
(515, '4221-1', 617, '2023-07-31 14:11:55'),
(515, '3685-1', 339, '2023-07-24 05:22:02'),
(515, '2994-1', 339, '2023-07-24 05:39:25'),
(515, '3934-1', 399, '2023-07-26 02:10:21'),
(515, '4148-1', 557, '2023-08-01 03:26:42'),
(515, '4144-1', 557, '2023-08-01 03:36:17'),
(516, '471', 403, '2024-05-25 11:28:14'),
(515, '4973-1', 226, '2024-04-17 05:05:34'),
(515, '4154-1', 557, '2023-08-03 03:50:21'),
(515, '4151-1', 557, '2023-08-03 03:53:32'),
(515, '4156-1', 557, '2024-06-15 05:57:19'),
(516, '469', 403, '2024-05-25 11:23:26'),
(515, '4182-1', 169, '2023-09-06 04:29:58'),
(515, '4043-1', 622, '2023-08-06 11:22:52'),
(515, '4047-1', 622, '2023-08-06 11:25:03'),
(515, '4230-1', 486, '2023-08-07 03:13:38'),
(515, '4237-1', 557, '2023-08-07 03:17:53'),
(515, '4239-1', 622, '2023-08-07 03:36:09'),
(515, '4229-1', 87, '2023-08-07 04:04:06'),
(515, '4240-1', 557, '2023-08-07 04:17:49'),
(515, '4233-1', 323, '2023-08-07 05:10:55'),
(515, '4227-1', 87, '2023-08-07 05:14:13'),
(515, '4234-1', 323, '2024-04-01 08:43:18'),
(515, '4631-1', 339, '2023-09-30 14:58:09'),
(515, '4244-1', 557, '2023-08-07 06:06:52'),
(516, '377', 557, '2023-08-07 06:14:17'),
(515, '4243-1', 557, '2023-08-07 06:15:27'),
(516, '378', 557, '2023-08-07 06:15:36'),
(515, '4247-1', 537, '2023-08-07 11:16:01'),
(515, '4242-1', 217, '2023-08-08 01:40:32'),
(515, '4251-2', 624, '2023-08-08 07:01:03'),
(515, '4242-1', 557, '2023-08-09 02:56:17'),
(515, '4250-1', 557, '2023-08-09 02:57:23'),
(516, '381', 557, '2023-08-09 02:59:15'),
(515, '4805-1', 169, '2024-03-07 04:38:04'),
(515, '4254-1', 323, '2023-08-21 03:44:00'),
(515, '4221-1', 169, '2023-08-10 06:18:02'),
(515, '4225-1', 169, '2023-08-10 06:50:02'),
(515, '4251-2', 169, '2023-08-10 07:06:49'),
(515, '4228-1', 603, '2023-08-10 09:56:59'),
(515, '4245-1', 603, '2023-08-23 07:59:28'),
(515, '4256-1', 617, '2023-08-11 05:26:17'),
(515, '4259-1', 218, '2023-08-11 10:50:14'),
(515, '4809-1', 169, '2024-05-17 04:05:33'),
(515, '4252-1', 622, '2023-08-15 04:21:14'),
(515, '4257-1', 87, '2023-08-14 02:27:06'),
(515, '4261-1', 557, '2023-08-14 03:38:16'),
(515, '4264-1', 169, '2023-08-15 02:49:55'),
(516, '382', 169, '2023-08-15 02:52:24'),
(515, '4262-1', 169, '2023-08-15 03:02:53'),
(516, '385', 169, '2023-08-15 03:03:14'),
(515, '4270-1', 557, '2023-08-15 03:12:01'),
(515, '4260-1', 175, '2023-08-15 03:31:14'),
(515, '4274-1', 557, '2023-08-15 04:27:33'),
(515, '4258-1', 619, '2023-08-16 06:52:57'),
(515, '4271-1', 617, '2023-08-30 12:56:40'),
(515, '4266-1', 500, '2023-08-18 03:58:49'),
(515, '4051-1', 500, '2023-08-18 04:05:47'),
(515, '4285-1', 557, '2023-08-24 06:03:51'),
(515, '4277-1', 217, '2023-08-21 01:55:31'),
(515, '4281-1', 557, '2023-08-21 04:42:31'),
(516, '386', 557, '2023-08-21 04:46:47'),
(515, '4275-1', 557, '2023-08-21 04:52:51'),
(515, '4279-1', 557, '2023-08-21 04:58:44'),
(515, '4275-1', 622, '2023-08-21 09:59:56'),
(515, '4283-1', 622, '2023-08-21 10:08:00'),
(515, '4285-1', 622, '2023-08-21 10:37:14'),
(515, '4282-1', 627, '2023-08-26 14:06:31'),
(515, '4278-1', 169, '2023-08-22 02:59:13'),
(516, '384', 169, '2023-08-22 03:03:11'),
(515, '4286-1', 624, '2023-08-22 04:11:13'),
(515, '4238-1', 616, '2023-08-25 03:57:05'),
(515, '4738-1', 323, '2024-04-01 08:45:12'),
(515, '4288-1', 557, '2023-08-28 03:39:06'),
(515, '4971-1', 226, '2024-04-17 05:21:24'),
(515, '4339-1', 169, '2023-09-05 06:56:09'),
(515, '4301-2', 636, '2023-08-31 14:08:18'),
(515, '4298-1', 634, '2023-08-31 06:35:02'),
(515, '4341-1', 634, '2023-09-05 07:28:44'),
(515, '4296-1', 169, '2023-08-31 04:59:28'),
(515, '4299-1', 169, '2023-09-04 03:00:30'),
(515, '4298-1', 169, '2023-09-04 03:12:50'),
(515, '4306-3', 169, '2023-09-04 04:43:38'),
(515, '4297-1', 87, '2023-09-04 04:52:09'),
(515, '4311-1', 169, '2023-09-04 04:55:49'),
(515, '4300-1', 169, '2023-09-04 05:06:34'),
(515, '4301-2', 169, '2023-09-04 05:09:24'),
(515, '4312-1', 87, '2023-09-04 05:10:00'),
(515, '4303-2', 169, '2023-09-04 05:13:22'),
(515, '4314-1', 87, '2023-09-04 05:16:38'),
(515, '4260-1', 169, '2023-09-04 05:31:28'),
(515, '4317-1', 169, '2023-09-04 05:35:15'),
(516, '387', 169, '2023-09-04 05:35:29'),
(515, '4318-1', 169, '2023-09-04 06:01:03'),
(516, '390', 169, '2023-09-04 06:01:53'),
(515, '4320-1', 169, '2023-09-04 06:06:32'),
(516, '391', 169, '2023-09-04 06:08:00'),
(515, '4324-1', 635, '2023-09-08 07:32:08'),
(515, '4325-1', 634, '2023-09-04 10:23:23'),
(515, '4327-1', 640, '2023-09-07 01:09:07'),
(515, '4212-1', 87, '2023-09-05 02:28:54'),
(516, '388', 323, '2023-09-05 05:03:20'),
(516, '389', 323, '2023-09-05 05:08:00'),
(515, '4321-1', 557, '2023-09-06 01:05:31'),
(515, '4292-1', 557, '2023-09-06 03:13:15'),
(515, '4345-1', 560, '2023-09-06 03:48:31'),
(515, '4348-1', 557, '2023-09-06 04:15:21'),
(516, '397', 557, '2023-09-06 04:15:35'),
(515, '4347-1', 603, '2023-09-06 06:21:59'),
(515, '3959-1', 1, '2023-09-06 04:24:14'),
(515, '4043-1', 603, '2023-09-06 07:02:06'),
(515, '3959-1', 169, '2023-09-06 07:08:36'),
(515, '4351-1', 624, '2023-09-07 03:36:30'),
(515, '4351-1', 169, '2023-09-07 06:51:49'),
(515, '4343-1', 169, '2023-09-07 06:56:47'),
(515, '4346-3', 169, '2023-09-11 06:20:07'),
(516, '393', 323, '2023-09-07 07:07:06'),
(515, '4346-3', 642, '2023-09-07 07:31:49'),
(515, '4248-1', 339, '2023-09-07 07:32:38'),
(515, '4353-1', 642, '2023-09-07 07:35:04'),
(515, '3833-1', 339, '2023-09-07 07:55:34'),
(515, '4338-1', 625, '2023-09-07 12:06:38'),
(515, '4352-1', 625, '2023-09-07 12:36:12'),
(515, '4359-1', 625, '2023-09-07 12:35:01'),
(515, '4315-1', 625, '2023-09-07 12:38:51'),
(515, '1341-1', 175, '2023-09-07 14:17:27'),
(515, '3983-2', 175, '2023-09-07 14:20:56'),
(515, '3978-1', 339, '2023-09-08 03:53:27'),
(515, '4365-1', 534, '2023-09-08 05:35:56'),
(515, '4408-1', 568, '2023-09-15 09:12:08'),
(515, '4356-1', 169, '2023-09-08 06:09:43'),
(515, '4355-1', 169, '2023-09-08 06:10:22'),
(515, '4365-1', 337, '2023-09-08 06:17:44'),
(515, '4355-1', 635, '2023-09-08 08:15:34'),
(515, '4296-1', 635, '2023-09-08 08:38:36'),
(515, '4368-1', 169, '2023-09-09 13:16:09'),
(515, '4354-1', 623, '2023-09-09 16:15:49'),
(515, '4248-1', 623, '2024-03-04 16:23:11'),
(515, '4319-1', 175, '2023-09-11 01:35:25'),
(515, '4323-1', 175, '2023-09-11 02:15:11'),
(515, '4322-1', 175, '2023-09-11 02:46:47'),
(515, '4322-1', 169, '2023-09-11 06:07:38'),
(515, '4371-1', 169, '2023-09-11 06:30:41'),
(516, '401', 169, '2023-09-11 06:30:51'),
(515, '4370-1', 169, '2023-09-11 06:34:20'),
(516, '402', 169, '2023-09-11 06:34:30'),
(515, '4373-1', 339, '2023-09-11 06:40:13'),
(515, '4424-1', 1, '2024-04-01 08:45:50'),
(516, '398', 339, '2023-09-11 06:41:39'),
(515, '4382-1', 392, '2023-09-13 06:16:50'),
(516, '399', 339, '2023-09-11 06:42:32'),
(515, '4369-1', 339, '2023-09-11 06:46:05'),
(515, '4394-1', 534, '2023-09-11 06:59:04'),
(515, '4396-1', 637, '2023-09-11 08:03:01'),
(515, '4386-1', 636, '2023-09-11 13:09:39'),
(515, '4394-1', 337, '2023-09-14 00:33:40'),
(515, '4387-1', 638, '2023-09-11 10:02:28'),
(515, '4303-2', 638, '2023-09-11 10:07:28'),
(515, '4364-1', 568, '2023-09-11 12:45:02'),
(515, '3746-1', 568, '2023-09-11 12:45:01'),
(515, '4397-1', 568, '2023-09-11 13:22:03'),
(515, '4398-1', 568, '2023-09-11 13:29:24'),
(515, '4378-1', 617, '2023-09-24 11:46:45'),
(516, '462', 403, '2024-05-16 03:36:10'),
(515, '4395-1', 339, '2023-09-13 02:56:52'),
(516, '405', 339, '2023-09-13 02:57:59'),
(515, '4379-1', 619, '2023-09-13 10:36:17'),
(515, '4272-1', 619, '2023-09-13 10:37:25'),
(515, '4522-1', 1, '2024-04-01 08:49:16'),
(515, '4426-1', 339, '2023-09-14 02:49:50'),
(516, '404', 339, '2023-09-14 02:50:43'),
(515, '4071-1', 647, '2023-09-15 16:46:29'),
(515, '4427-1', 623, '2023-09-14 05:32:40'),
(515, '4428-1', 623, '2023-09-14 05:30:10'),
(515, '4415-1', 169, '2023-09-14 06:38:11'),
(516, '403', 169, '2023-09-14 06:38:29'),
(515, '4424-1', 169, '2023-09-14 06:55:51'),
(515, '4697-1', 674, '2023-10-29 14:50:33'),
(515, '4706-1', 704, '2024-04-03 00:53:54'),
(515, '4417-1', 169, '2023-09-14 07:23:49'),
(515, '4425-1', 169, '2023-09-14 07:27:05'),
(515, '4429-1', 642, '2023-09-14 11:58:21'),
(515, '4433-1', 169, '2023-09-15 02:29:49'),
(515, '4043-1', 647, '2023-09-15 16:47:20'),
(515, '4439-1', 339, '2023-09-18 01:56:21'),
(515, '4435-1', 169, '2023-09-18 05:06:04'),
(515, '4442-1', 169, '2023-09-18 05:16:09'),
(515, '4445-1', 169, '2023-09-18 05:24:03'),
(515, '4430-1', 392, '2023-09-18 05:52:33'),
(516, '406', 169, '2023-09-18 08:00:55'),
(515, '4460-1', 646, '2023-09-19 02:08:35'),
(515, '4445-1', 651, '2023-09-19 02:28:28'),
(515, '3993-1', 169, '2023-09-19 06:51:25'),
(515, '4469-1', 87, '2023-09-20 00:26:25'),
(515, '4466-1', 87, '2023-09-20 02:01:25'),
(515, '4468-1', 339, '2023-09-30 05:43:16'),
(515, '4537-1', 1, '2024-04-01 08:47:10'),
(515, '4473-1', 656, '2023-09-20 08:48:18'),
(515, '4474-1', 339, '2023-09-21 02:23:48'),
(515, '4452-1', 653, '2023-09-21 03:33:51'),
(515, '4481-1', 654, '2023-09-21 03:59:27'),
(515, '4480-2', 339, '2023-09-21 04:01:17'),
(515, '4486-1', 336, '2023-09-21 06:06:47'),
(515, '4484-1', 336, '2023-09-21 06:49:08'),
(515, '4491-1', 339, '2023-09-22 06:44:39'),
(515, '4478-1', 360, '2023-09-23 01:23:51'),
(515, '4494-1', 360, '2023-09-23 02:06:22'),
(515, '4696-1', 403, '2024-04-01 04:51:02'),
(515, '4486-1', 361, '2023-09-23 10:29:12'),
(515, '4484-1', 361, '2023-09-23 10:29:53'),
(515, '4456-1', 637, '2023-09-25 01:40:44'),
(515, '4458-1', 636, '2023-09-25 01:46:03'),
(515, '4300-1', 637, '2023-09-25 01:50:14'),
(515, '4461-1', 638, '2023-09-25 01:53:45'),
(515, '4471-1', 655, '2023-09-26 11:25:56'),
(515, '4498-1', 339, '2023-09-26 03:24:33'),
(516, '411', 339, '2023-09-26 03:27:31'),
(515, '4489-1', 339, '2023-09-26 03:27:42'),
(516, '412', 339, '2023-09-26 03:27:58'),
(515, '4499-1', 339, '2023-09-26 03:32:10'),
(516, '413', 339, '2023-09-26 03:32:38'),
(515, '4488-1', 339, '2023-09-26 03:32:53'),
(516, '414', 339, '2023-09-26 03:33:29'),
(515, '4478-1', 362, '2023-09-26 03:46:55'),
(515, '4494-1', 362, '2023-09-26 04:08:40'),
(515, '4495-1', 339, '2023-09-26 04:34:39'),
(516, '409', 339, '2023-09-26 04:35:30'),
(516, '410', 339, '2023-09-26 04:35:59'),
(515, '4496-1', 339, '2023-09-26 04:42:25'),
(516, '415', 339, '2023-09-26 04:42:59'),
(516, '416', 339, '2023-09-26 04:43:29'),
(515, '4487-1', 339, '2023-09-30 06:59:30'),
(515, '4514-1', 356, '2023-09-26 06:55:04'),
(515, '4509-1', 169, '2023-09-26 09:05:50'),
(515, '4510-1', 169, '2023-09-26 09:05:58'),
(515, '4524-1', 655, '2023-09-26 11:33:33'),
(515, '4731-2', 684, '2024-02-12 13:06:21'),
(515, '4524-1', 339, '2023-09-27 03:02:20'),
(515, '4521-1', 339, '2023-09-27 06:02:28'),
(515, '4540-1', 360, '2023-09-27 06:13:41'),
(515, '4542-1', 339, '2023-09-27 07:09:18'),
(516, '419', 339, '2023-09-27 07:10:16'),
(516, '420', 339, '2023-09-27 07:12:53'),
(515, '4802-1', 169, '2024-04-01 02:21:24'),
(515, '4550-1', 655, '2023-09-27 13:59:34'),
(515, '4349-1', 641, '2023-09-27 12:40:09'),
(515, '4060-1', 641, '2023-09-27 12:44:34'),
(515, '4553-1', 557, '2023-09-28 01:22:04'),
(515, '4490-1', 557, '2023-09-28 01:27:33'),
(516, '421', 557, '2023-09-28 01:59:30'),
(515, '4554-1', 339, '2023-09-28 07:07:24'),
(515, '4564-1', 339, '2023-09-28 07:21:18'),
(515, '4519-1', 339, '2023-09-28 07:34:46'),
(516, '418', 339, '2023-09-28 07:35:30'),
(515, '4563-1', 557, '2023-10-10 04:36:52'),
(515, '4569-1', 576, '2023-09-28 07:46:36'),
(516, '424', 339, '2023-09-28 07:56:16'),
(515, '4350-1', 557, '2023-09-28 08:22:22'),
(515, '4562-1', 195, '2023-09-28 09:18:00'),
(515, '4566-1', 356, '2023-09-28 10:02:50'),
(515, '4559-1', 658, '2023-09-28 10:40:26'),
(515, '4465-1', 87, '2023-09-28 11:25:47'),
(515, '4331-1', 621, '2023-09-28 11:42:32'),
(515, '4337-1', 621, '2023-09-28 11:42:40'),
(515, '4440-1', 623, '2024-04-02 06:41:21'),
(515, '4757-1', 675, '2024-01-11 08:07:43'),
(515, '4330-1', 621, '2023-09-28 12:24:54'),
(515, '4335-1', 621, '2023-09-28 12:25:00'),
(515, '4556-1', 658, '2023-09-28 14:11:35'),
(515, '4579-1', 557, '2023-09-28 14:34:07'),
(515, '4571-1', 666, '2023-09-28 14:48:42'),
(515, '4567-1', 666, '2023-09-28 14:50:26'),
(515, '4564-1', 666, '2023-09-28 14:50:22'),
(515, '4572-1', 339, '2023-09-28 14:51:24'),
(516, '423', 339, '2023-09-28 14:51:55'),
(515, '4483-1', 653, '2023-09-29 02:04:17'),
(515, '4500-1', 653, '2023-09-29 02:08:06'),
(515, '4501-1', 653, '2023-09-29 02:08:10'),
(515, '4487-1', 576, '2023-09-29 02:51:47'),
(515, '4751-1', 175, '2024-01-31 07:15:51'),
(515, '4597-1', 339, '2023-09-30 02:56:42'),
(515, '4552-1', 339, '2023-09-30 05:40:44'),
(515, '4583-1', 339, '2023-09-30 06:34:37'),
(515, '4582-1', 666, '2023-09-30 07:28:39'),
(515, '4581-1', 665, '2023-09-30 08:12:19'),
(515, '4502-1', 654, '2023-09-30 08:51:39'),
(515, '4503-1', 654, '2023-09-30 08:51:44'),
(515, '4454-2', 654, '2023-09-30 12:07:40'),
(515, '4573-1', 169, '2023-10-03 03:36:50'),
(516, '408', 169, '2023-10-03 03:36:58'),
(515, '4668-1', 392, '2023-10-03 03:45:56'),
(515, '4666-1', 169, '2023-10-03 03:51:27'),
(515, '4672-1', 392, '2023-10-03 09:25:15'),
(515, '4676-4', 670, '2023-10-08 16:10:23'),
(515, '4673-1', 169, '2023-10-05 02:11:33'),
(516, '425', 169, '2023-10-05 02:11:43'),
(515, '4674-1', 169, '2023-10-05 02:19:33'),
(516, '426', 169, '2023-10-05 02:21:25'),
(515, '4585-1', 704, '2024-04-03 00:38:21'),
(515, '4677-1', 671, '2023-10-06 00:29:38'),
(515, '4681-1', 649, '2023-10-06 05:52:36'),
(515, '4810-1', 695, '2024-02-29 05:45:25'),
(515, '4806-1', 696, '2024-03-15 00:18:26'),
(515, '4473-1', 557, '2023-10-19 13:26:17'),
(515, '4236-1', 557, '2023-10-10 04:33:55'),
(515, '4492-1', 557, '2024-04-05 02:29:45'),
(515, '4684-2', 673, '2023-10-11 01:07:26'),
(515, '4685-1', 169, '2023-10-11 03:17:08'),
(515, '4146-1', 557, '2024-04-01 03:57:59'),
(515, '4678-3', 670, '2023-10-11 04:16:49'),
(515, '4696-1', 675, '2024-03-01 07:59:11'),
(515, '4563-1', 661, '2023-10-25 09:53:50'),
(515, '4437-1', 647, '2023-10-17 15:47:21'),
(515, '4689-1', 672, '2023-10-23 07:43:01'),
(515, '4693-1', 169, '2023-10-25 05:45:26'),
(515, '4393-1', 623, '2024-03-04 16:23:11'),
(515, '4698-1', 87, '2023-11-06 03:51:16'),
(515, '4696-1', 323, '2024-04-03 00:41:53'),
(515, '4665-1', 323, '2023-11-08 03:54:59'),
(515, '4705-1', 323, '2023-11-08 04:10:38'),
(515, '4704-1', 169, '2023-11-08 04:11:20'),
(516, '427', 169, '2023-11-08 04:11:38'),
(515, '4707-1', 674, '2023-12-14 05:43:04'),
(515, '4577-1', 403, '2023-11-15 05:29:52'),
(516, '428', 403, '2023-11-17 03:24:00'),
(515, '4576-1', 403, '2023-11-20 04:08:58'),
(515, '4711-1', 323, '2023-11-21 01:22:39'),
(515, '4363-1', 403, '2023-11-20 06:23:11'),
(515, '4713-1', 184, '2023-11-21 01:31:39'),
(515, '4712-1', 184, '2023-11-21 01:34:28'),
(515, '4724-1', 403, '2023-12-01 03:50:26'),
(516, '429', 403, '2023-12-01 07:21:36'),
(515, '4731-1', 684, '2023-12-13 06:21:20'),
(515, '4729-1', 682, '2023-12-05 05:23:32'),
(515, '4730-1', 682, '2023-12-05 05:23:38'),
(515, '4732-1', 403, '2023-12-05 06:00:57'),
(515, '2671-3', 323, '2024-04-03 00:44:15'),
(515, '4735-2', 685, '2023-12-13 11:30:29'),
(515, '4731-1', 169, '2023-12-14 07:03:03'),
(515, '4749-1', 169, '2023-12-14 07:14:01'),
(515, '4810-1', 704, '2024-04-03 00:52:41'),
(515, '1126-1', 687, '2023-12-26 14:23:49'),
(515, '4747-1', 704, '2024-04-03 00:54:53'),
(515, '4741-1', 323, '2024-04-03 01:04:37'),
(515, '4708-1', 323, '2024-04-03 00:45:08'),
(515, '4737-1', 323, '2024-01-09 01:58:02'),
(515, '4806-1', 704, '2024-04-03 00:55:37'),
(515, '4146-1', 704, '2024-04-03 00:57:17'),
(516, '468', 403, '2024-05-17 02:30:04'),
(515, '4809-1', 1, '2024-06-24 09:52:44'),
(515, '4824-1', 339, '2024-04-03 03:01:14'),
(516, '436', 339, '2024-04-03 03:01:49'),
(515, '4823-1', 339, '2024-04-03 03:09:16'),
(516, '434', 339, '2024-04-03 03:09:45'),
(515, '4827-1', 339, '2024-04-03 03:27:58'),
(515, '4831-1', 700, '2024-04-03 05:49:15'),
(516, '438', 339, '2024-04-03 04:16:55'),
(515, '4833-1', 362, '2024-04-03 04:23:47'),
(516, '440', 339, '2024-04-03 04:33:41'),
(515, '4834-1', 356, '2024-04-03 04:39:30'),
(516, '442', 339, '2024-04-03 04:47:55'),
(515, '4828-1', 655, '2024-04-03 05:22:50'),
(515, '4839-1', 655, '2024-04-03 05:48:34'),
(515, '4702-1', 557, '2024-04-04 04:02:36'),
(515, '4842-1', 339, '2024-04-04 04:49:26'),
(516, '444', 339, '2024-04-04 06:30:01'),
(515, '4706-1', 557, '2024-04-05 02:38:15'),
(515, '4850-1', 700, '2024-04-05 02:39:57'),
(515, '4806-1', 557, '2024-05-22 10:27:23'),
(515, '4432-1', 169, '2024-04-05 05:21:49'),
(515, '4888-1', 169, '2024-04-05 05:42:42'),
(515, '4692-1', 169, '2024-04-05 06:06:54'),
(515, '4706-1', 575, '2024-04-07 15:34:56'),
(515, '4867-1', 355, '2024-04-06 21:22:18'),
(516, '446', 339, '2024-04-06 21:42:17'),
(516, '448', 339, '2024-04-06 22:30:44'),
(515, '4870-1', 339, '2024-04-07 10:08:41'),
(515, '4910-2', 339, '2024-04-07 10:19:52'),
(516, '450', 339, '2024-04-07 10:33:43'),
(516, '452', 339, '2024-04-07 13:32:29'),
(515, '4945-1', 633, '2024-04-08 08:40:58'),
(516, '454', 339, '2024-04-08 15:45:45'),
(515, '4492-1', 537, '2024-04-16 02:08:19'),
(515, '4975-1', 420, '2024-04-17 05:41:54'),
(515, '4977-1', 420, '2024-04-17 06:03:53'),
(515, '4720-1', 557, '2024-04-17 06:21:27'),
(515, '5026-1', 695, '2024-05-17 08:38:15'),
(515, '4810-1', 557, '2024-05-15 05:05:46'),
(515, '4985-2', 184, '2024-04-17 08:17:03'),
(515, '4897-1', 684, '2024-04-28 06:04:37'),
(515, '1486-1', 1, '2024-05-14 23:55:28'),
(515, '3978-1', 1, '2024-05-15 04:59:41'),
(516, '456', 557, '2024-05-15 03:27:19'),
(515, '4985-2', 557, '2024-05-15 05:02:52'),
(515, '4999-1', 557, '2024-05-15 05:04:24'),
(515, '5001-1', 226, '2024-05-15 05:17:19'),
(515, '5005-1', 420, '2024-05-15 06:09:30'),
(515, '5003-1', 184, '2024-05-16 04:37:24'),
(515, '5006-1', 557, '2024-05-15 06:20:08'),
(516, '465', 557, '2024-05-15 06:21:15'),
(515, '4986-3', 557, '2024-05-15 06:23:12'),
(515, '5007-1', 195, '2024-05-15 06:52:32'),
(516, '459', 557, '2024-05-15 06:55:00'),
(515, '5011-1', 217, '2024-05-16 01:32:14'),
(515, '4981-1', 217, '2024-05-16 02:26:15'),
(515, '4979-1', 217, '2024-05-16 01:50:08'),
(515, '5016-1', 217, '2024-05-16 02:33:59'),
(515, '4987-1', 403, '2024-05-16 03:37:00'),
(515, '5015-1', 557, '2024-05-16 04:14:07'),
(516, '460', 557, '2024-05-16 04:14:50'),
(515, '5016-1', 557, '2024-05-16 04:18:32'),
(515, '5017-1', 557, '2024-05-16 04:19:12'),
(516, '461', 557, '2024-05-16 04:20:18'),
(515, '5014-1', 557, '2024-05-16 04:23:05'),
(516, '467', 557, '2024-05-16 04:23:52'),
(515, '5009-1', 560, '2024-05-16 04:51:14'),
(515, '5028-1', 557, '2024-05-16 06:44:39'),
(516, '466', 557, '2024-05-16 06:47:08'),
(515, '5027-1', 557, '2024-05-16 06:50:36'),
(515, '5030-1', 712, '2024-05-16 08:01:36'),
(515, '5031-1', 557, '2024-05-16 12:33:18'),
(515, '5048-1', 557, '2024-05-17 06:39:41'),
(515, '5024-1', 537, '2024-05-17 23:55:53'),
(515, '5025-1', 575, '2024-05-18 03:31:57'),
(515, '5049-1', 557, '2024-05-20 03:11:06'),
(515, '5032-2', 604, '2024-05-20 08:05:31'),
(515, '5035-1', 604, '2024-05-24 05:50:28'),
(515, '4964-1', 604, '2024-05-20 08:09:00'),
(515, '4970-1', 604, '2024-05-20 08:09:15'),
(515, '4961-1', 557, '2024-05-20 14:12:48'),
(515, '5013-1', 656, '2024-05-21 04:50:59'),
(515, '5076-1', 403, '2024-05-22 04:13:12'),
(515, '5079-1', 557, '2024-05-22 02:38:15'),
(515, '4437-1', 557, '2024-05-22 11:00:16'),
(515, '5104-1', 403, '2024-05-27 01:02:39'),
(515, '5110-1', 226, '2024-05-27 02:49:09'),
(515, '5112-1', 557, '2024-05-27 03:19:27'),
(516, '472', 557, '2024-05-27 03:19:31'),
(515, '5113-1', 715, '2024-05-27 05:00:55'),
(515, '5107-1', 403, '2024-05-27 05:29:13'),
(515, '5122-1', 421, '2024-05-28 01:00:12'),
(515, '5125-1', 403, '2024-05-28 01:38:02'),
(516, '473', 403, '2024-05-28 01:38:15'),
(515, '4719-1', 680, '2024-05-28 01:42:10'),
(515, '4752-1', 680, '2024-05-28 01:51:12'),
(515, '5128-1', 403, '2024-05-28 04:39:27'),
(515, '5145-1', 575, '2024-05-28 11:16:24'),
(515, '5137-1', 604, '2024-05-31 09:54:23'),
(515, '5140-1', 537, '2024-05-29 02:27:20'),
(515, '5075-1', 169, '2024-06-20 02:35:27'),
(515, '4156-1', 611, '2024-06-22 11:46:52'),
(515, '5159-1', 611, '2024-06-20 05:28:28'),
(515, '5156-1', 716, '2024-06-21 02:35:49'),
(515, '5155-1', 716, '2024-06-21 03:35:48'),
(515, '5162-2', 611, '2024-06-22 11:49:04'),
(515, '4802-1', 1, '2024-06-24 07:50:34');

-- --------------------------------------------------------

--
