-- Table structure for table `external_feeds`
--

CREATE TABLE `external_feeds` (
  `feed_id` bigint(20) NOT NULL,
  `journal_id` bigint(20) NOT NULL,
  `url` varchar(255) NOT NULL,
  `seq` double NOT NULL DEFAULT '0',
  `display_homepage` tinyint(4) NOT NULL DEFAULT '0',
  `display_block` smallint(6) NOT NULL DEFAULT '0',
  `limit_items` tinyint(4) DEFAULT '0',
  `recent_items` smallint(6) DEFAULT NULL
) ENGINE=InnoDB DEFAULT CHARSET=latin1;

-- --------------------------------------------------------

--
-- Table structure for table `external_feed_settings`
--

CREATE TABLE `external_feed_settings` (
  `feed_id` bigint(20) NOT NULL,
  `locale` varchar(5) NOT NULL DEFAULT '',
  `setting_name` varchar(255) NOT NULL,
  `setting_value` text,
  `setting_type` varchar(6) NOT NULL
) ENGINE=InnoDB DEFAULT CHARSET=latin1;

-- --------------------------------------------------------

--
-- Table structure for table `filters`
--

CREATE TABLE `filters` (
  `filter_id` bigint(20) NOT NULL,
  `filter_group_id` bigint(20) NOT NULL DEFAULT '0',
  `context_id` bigint(20) NOT NULL DEFAULT '0',
  `display_name` varchar(255) DEFAULT NULL,
  `class_name` varchar(255) DEFAULT NULL,
  `is_template` tinyint(4) NOT NULL DEFAULT '0',
  `parent_filter_id` bigint(20) NOT NULL DEFAULT '0',
  `seq` bigint(20) NOT NULL DEFAULT '0'
) ENGINE=InnoDB DEFAULT CHARSET=latin1;

--
-- Dumping data for table `filters`
--

INSERT INTO `filters` (`filter_id`, `filter_group_id`, `context_id`, `display_name`, `class_name`, `is_template`, `parent_filter_id`, `seq`) VALUES
(1, 1, 0, 'Extract metadata from a(n) Article', 'plugins.metadata.dc11.filter.Dc11SchemaArticleAdapter', 0, 0, 0),
(2, 2, 0, 'MODS 3.4', 'lib.pkp.plugins.metadata.mods34.filter.Mods34DescriptionXmlFilter', 0, 0, 0),
(3, 3, 0, 'Extract metadata from a(n) Article', 'plugins.metadata.mods34.filter.Mods34SchemaArticleAdapter', 0, 0, 0),
(4, 4, 0, 'Inject metadata into a(n) Article', 'plugins.metadata.mods34.filter.Mods34SchemaArticleAdapter', 0, 0, 0),
(5, 5, 0, 'Extract metadata from a(n) Citation', 'lib.pkp.plugins.metadata.nlm30.filter.Nlm30CitationSchemaCitationAdapter', 0, 0, 0),
(6, 6, 0, 'Inject metadata into a(n) Citation', 'lib.pkp.plugins.metadata.nlm30.filter.Nlm30CitationSchemaCitationAdapter', 0, 0, 0),
(7, 10, 0, 'NLM 3.0 XML Citation Output', 'lib.pkp.plugins.metadata.nlm30.filter.Nlm30CitationSchemaNlm30XmlFilter', 0, 0, 0),
(8, 11, 0, 'NLM Journal Publishing V3.0 ref-list', 'lib.pkp.plugins.metadata.nlm30.filter.PKPSubmissionNlm30XmlFilter', 0, 0, 0),
(9, 12, 0, 'NLM Journal Publishing V2.3 ref-list', 'lib.pkp.classes.filter.GenericSequencerFilter', 0, 0, 0),
(10, 11, 0, 'NLM 2.3: NLM 3.0', 'lib.pkp.plugins.metadata.nlm30.filter.PKPSubmissionNlm30XmlFilter', 0, 9, 1),
(11, 13, 0, 'NLM 2.3: NLM 3.0 to 2.3', 'lib.pkp.classes.xslt.XSLTransformationFilter', 0, 9, 2),
(12, 8, 0, 'CrossRef', 'lib.pkp.plugins.citationLookup.crossref.filter.CrossrefNlm30CitationSchemaFilter', 1, 0, 0),
(13, 8, 0, 'PubMed', 'lib.pkp.plugins.citationLookup.pubmed.filter.PubmedNlm30CitationSchemaFilter', 1, 0, 0),
(14, 8, 0, 'WorldCat', 'lib.pkp.plugins.citationLookup.worldcat.filter.WorldcatNlm30CitationSchemaFilter', 1, 0, 0),
(15, 8, 0, 'ISBNdb', 'lib.pkp.classes.filter.GenericSequencerFilter', 1, 0, 0),
(16, 15, 0, 'ISBNdb (from NLM)', 'lib.pkp.plugins.citationLookup.isbndb.filter.IsbndbNlm30CitationSchemaIsbnFilter', 0, 15, 1),
(17, 16, 0, 'ISBNdb', 'lib.pkp.plugins.citationLookup.isbndb.filter.IsbndbIsbnNlm30CitationSchemaFilter', 0, 15, 2),
(18, 9, 0, 'APA Citation Output', 'lib.pkp.plugins.citationOutput.apa.filter.Nlm30CitationSchemaApaFilter', 0, 0, 0),
(19, 14, 0, 'APA Reference List', 'lib.pkp.classes.citation.PlainTextReferencesListFilter', 0, 0, 0),
(20, 9, 0, 'ABNT Citation Output', 'lib.pkp.plugins.citationOutput.abnt.filter.Nlm30CitationSchemaAbntFilter', 0, 0, 0),
(21, 14, 0, 'ABNT Reference List', 'lib.pkp.classes.citation.PlainTextReferencesListFilter', 0, 0, 0),
(22, 9, 0, 'MLA Citation Output', 'lib.pkp.plugins.citationOutput.mla.filter.Nlm30CitationSchemaMlaFilter', 0, 0, 0),
(23, 14, 0, 'MLA Reference List', 'lib.pkp.classes.citation.PlainTextReferencesListFilter', 0, 0, 0),
(24, 9, 0, 'Vancouver Citation Output', 'lib.pkp.plugins.citationOutput.vancouver.filter.Nlm30CitationSchemaVancouverFilter', 0, 0, 0),
(25, 14, 0, 'Vancouver Reference List', 'lib.pkp.classes.citation.PlainTextReferencesListFilter', 0, 0, 0),
(26, 7, 0, 'ParsCit', 'lib.pkp.plugins.citationParser.parscit.filter.ParscitRawCitationNlm30CitationSchemaFilter', 1, 0, 0),
(27, 7, 0, 'RegEx', 'lib.pkp.plugins.citationParser.regex.filter.RegexRawCitationNlm30CitationSchemaFilter', 1, 0, 0),
(28, 7, 0, 'FreeCite', 'lib.pkp.plugins.citationParser.freecite.filter.FreeciteRawCitationNlm30CitationSchemaFilter', 1, 0, 0),
(29, 7, 0, 'ParaCite', 'lib.pkp.plugins.citationParser.paracite.filter.ParaciteRawCitationNlm30CitationSchemaFilter', 1, 0, 0),
(30, 17, 0, 'Native XML submission export', 'plugins.importexport.native.filter.ArticleNativeXmlFilter', 0, 0, 0),
(31, 18, 0, 'Native XML submission import', 'plugins.importexport.native.filter.NativeXmlArticleFilter', 0, 0, 0),
(32, 19, 0, 'Native XML issue export', 'plugins.importexport.native.filter.IssueNativeXmlFilter', 0, 0, 0),
(33, 20, 0, 'Native XML issue import', 'plugins.importexport.native.filter.NativeXmlIssueFilter', 0, 0, 0),
(34, 21, 0, 'Native XML issue galley export', 'plugins.importexport.native.filter.IssueGalleyNativeXmlFilter', 0, 0, 0),
(35, 22, 0, 'Native XML issue galley import', 'plugins.importexport.native.filter.NativeXmlIssueGalleyFilter', 0, 0, 0),
(36, 23, 0, 'Native XML author export', 'plugins.importexport.native.filter.AuthorNativeXmlFilter', 0, 0, 0),
(37, 24, 0, 'Native XML author import', 'plugins.importexport.native.filter.NativeXmlAuthorFilter', 0, 0, 0),
(38, 28, 0, 'Native XML submission file import', 'plugins.importexport.native.filter.NativeXmlArticleFileFilter', 0, 0, 0),
(39, 29, 0, 'Native XML submission file import', 'plugins.importexport.native.filter.NativeXmlArtworkFileFilter', 0, 0, 0),
(40, 30, 0, 'Native XML submission file import', 'plugins.importexport.native.filter.NativeXmlSupplementaryFileFilter', 0, 0, 0),
(41, 25, 0, 'Native XML submission file export', 'lib.pkp.plugins.importexport.native.filter.SubmissionFileNativeXmlFilter', 0, 0, 0),
(42, 26, 0, 'Native XML submission file export', 'plugins.importexport.native.filter.ArtworkFileNativeXmlFilter', 0, 0, 0),
(43, 27, 0, 'Native XML submission file export', 'plugins.importexport.native.filter.SupplementaryFileNativeXmlFilter', 0, 0, 0),
(44, 31, 0, 'Native XML representation export', 'plugins.importexport.native.filter.ArticleGalleyNativeXmlFilter', 0, 0, 0),
(45, 32, 0, 'Native XML representation import', 'plugins.importexport.native.filter.NativeXmlArticleGalleyFilter', 0, 0, 0),
(46, 33, 0, 'DataCite XML export', 'plugins.importexport.datacite.filter.DataciteXmlFilter', 0, 0, 0),
(47, 34, 0, 'DataCite XML export', 'plugins.importexport.datacite.filter.DataciteXmlFilter', 0, 0, 0),
(48, 35, 0, 'DataCite XML export', 'plugins.importexport.datacite.filter.DataciteXmlFilter', 0, 0, 0),
(49, 36, 0, 'User XML user export', 'lib.pkp.plugins.importexport.users.filter.PKPUserUserXmlFilter', 0, 0, 0),
(50, 37, 0, 'User XML user import', 'lib.pkp.plugins.importexport.users.filter.UserXmlPKPUserFilter', 0, 0, 0),
(51, 38, 0, 'Native XML user group export', 'lib.pkp.plugins.importexport.users.filter.UserGroupNativeXmlFilter', 0, 0, 0),
(52, 39, 0, 'Native XML user group import', 'lib.pkp.plugins.importexport.users.filter.NativeXmlUserGroupFilter', 0, 0, 0),
(53, 40, 0, 'Crossref XML issue export', 'plugins.importexport.crossref.filter.IssueCrossrefXmlFilter', 0, 0, 0),
(54, 41, 0, 'Crossref XML issue export', 'plugins.importexport.crossref.filter.ArticleCrossrefXmlFilter', 0, 0, 0),
(55, 42, 0, 'ArticlePubMedXmlFilter', 'plugins.importexport.pubmed.filter.ArticlePubMedXmlFilter', 0, 0, 0),
(56, 43, 0, 'DOAJ XML export', 'plugins.importexport.doaj.filter.DOAJXmlFilter', 0, 0, 0),
(57, 44, 0, 'DOAJ JSON export', 'plugins.importexport.doaj.filter.DOAJJsonFilter', 0, 0, 0),
(58, 45, 0, 'mEDRA XML issue export', 'plugins.importexport.medra.filter.IssueMedraXmlFilter', 0, 0, 0),
(59, 46, 0, 'mEDRA XML article export', 'plugins.importexport.medra.filter.ArticleMedraXmlFilter', 0, 0, 0),
(60, 47, 0, 'mEDRA XML article export', 'plugins.importexport.medra.filter.GalleyMedraXmlFilter', 0, 0, 0);

-- --------------------------------------------------------

--
-- Table structure for table `filter_groups`
--

CREATE TABLE `filter_groups` (
  `filter_group_id` bigint(20) NOT NULL,
  `symbolic` varchar(255) DEFAULT NULL,
  `display_name` varchar(255) DEFAULT NULL,
  `description` varchar(255) DEFAULT NULL,
  `input_type` varchar(255) DEFAULT NULL,
  `output_type` varchar(255) DEFAULT NULL
) ENGINE=InnoDB DEFAULT CHARSET=latin1;

--
-- Dumping data for table `filter_groups`
--

INSERT INTO `filter_groups` (`filter_group_id`, `symbolic`, `display_name`, `description`, `input_type`, `output_type`) VALUES
(1, 'article=>dc11', 'plugins.metadata.dc11.articleAdapter.displayName', 'plugins.metadata.dc11.articleAdapter.description', 'class::classes.article.Article', 'metadata::plugins.metadata.dc11.schema.Dc11Schema(ARTICLE)'),
(2, 'mods34=>mods34-xml', 'plugins.metadata.mods34.mods34XmlOutput.displayName', 'plugins.metadata.mods34.mods34XmlOutput.description', 'metadata::plugins.metadata.mods34.schema.Mods34Schema(*)', 'xml::schema(lib/pkp/plugins/metadata/mods34/filter/mods34.xsd)'),
(3, 'article=>mods34', 'plugins.metadata.mods34.articleAdapter.displayName', 'plugins.metadata.mods34.articleAdapter.description', 'class::classes.article.Article', 'metadata::plugins.metadata.mods34.schema.Mods34Schema(ARTICLE)'),
(4, 'mods34=>article', 'plugins.metadata.mods34.articleAdapter.displayName', 'plugins.metadata.mods34.articleAdapter.description', 'metadata::plugins.metadata.mods34.schema.Mods34Schema(ARTICLE)', 'class::classes.article.Article'),
(17, 'article=>native-xml', 'plugins.importexport.native.displayName', 'plugins.importexport.native.description', 'class::classes.article.Article[]', 'xml::schema(plugins/importexport/native/native.xsd)'),
(18, 'native-xml=>article', 'plugins.importexport.native.displayName', 'plugins.importexport.native.description', 'xml::schema(plugins/importexport/native/native.xsd)', 'class::classes.article.Article[]'),
(19, 'issue=>native-xml', 'plugins.importexport.native.displayName', 'plugins.importexport.native.description', 'class::classes.issue.Issue[]', 'xml::schema(plugins/importexport/native/native.xsd)'),
(20, 'native-xml=>issue', 'plugins.importexport.native.displayName', 'plugins.importexport.native.description', 'xml::schema(plugins/importexport/native/native.xsd)', 'class::classes.issue.Issue[]'),
(21, 'issuegalley=>native-xml', 'plugins.importexport.native.displayName', 'plugins.importexport.native.description', 'class::classes.issue.IssueGalley[]', 'xml::schema(plugins/importexport/native/native.xsd)'),
(22, 'native-xml=>issuegalley', 'plugins.importexport.native.displayName', 'plugins.importexport.native.description', 'xml::schema(plugins/importexport/native/native.xsd)', 'class::classes.issue.IssueGalley[]'),
(23, 'author=>native-xml', 'plugins.importexport.native.displayName', 'plugins.importexport.native.description', 'class::classes.article.Author[]', 'xml::schema(plugins/importexport/native/native.xsd)'),
(24, 'native-xml=>author', 'plugins.importexport.native.displayName', 'plugins.importexport.native.description', 'xml::schema(plugins/importexport/native/native.xsd)', 'class::classes.article.Author[]'),
(25, 'SubmissionFile=>native-xml', 'plugins.importexport.native.displayName', 'plugins.importexport.native.description', 'class::lib.pkp.classes.submission.SubmissionFile', 'xml::schema(plugins/importexport/native/native.xsd)'),
(26, 'SubmissionArtworkFile=>native-xml', 'plugins.importexport.native.displayName', 'plugins.importexport.native.description', 'class::lib.pkp.classes.submission.SubmissionArtworkFile', 'xml::schema(plugins/importexport/native/native.xsd)'),
(27, 'SupplementaryFile=>native-xml', 'plugins.importexport.native.displayName', 'plugins.importexport.native.description', 'class::lib.pkp.classes.submission.SupplementaryFile', 'xml::schema(plugins/importexport/native/native.xsd)'),
(28, 'native-xml=>SubmissionFile', 'plugins.importexport.native.displayName', 'plugins.importexport.native.description', 'xml::schema(plugins/importexport/native/native.xsd)', 'class::lib.pkp.classes.submission.SubmissionFile'),
(29, 'native-xml=>SubmissionArtworkFile', 'plugins.importexport.native.displayName', 'plugins.importexport.native.description', 'xml::schema(plugins/importexport/native/native.xsd)', 'class::lib.pkp.classes.submission.SubmissionArtworkFile'),
(30, 'native-xml=>SupplementaryFile', 'plugins.importexport.native.displayName', 'plugins.importexport.native.description', 'xml::schema(plugins/importexport/native/native.xsd)', 'class::lib.pkp.classes.submission.SupplementaryFile'),
(31, 'article-galley=>native-xml', 'plugins.importexport.native.displayName', 'plugins.importexport.native.description', 'class::classes.article.ArticleGalley', 'xml::schema(plugins/importexport/native/native.xsd)'),
(32, 'native-xml=>ArticleGalley', 'plugins.importexport.native.displayName', 'plugins.importexport.native.description', 'xml::schema(plugins/importexport/native/native.xsd)', 'class::classes.article.ArticleGalley[]'),
(33, 'issue=>datacite-xml', 'plugins.importexport.datacite.displayName', 'plugins.importexport.datacite.description', 'class::classes.issue.Issue', 'xml::schema(http://schema.datacite.org/meta/kernel-4/metadata.xsd)'),
(34, 'article=>datacite-xml', 'plugins.importexport.datacite.displayName', 'plugins.importexport.datacite.description', 'class::classes.article.Article', 'xml::schema(http://schema.datacite.org/meta/kernel-4/metadata.xsd)'),
(35, 'galley=>datacite-xml', 'plugins.importexport.datacite.displayName', 'plugins.importexport.datacite.description', 'class::classes.article.ArticleGalley', 'xml::schema(http://schema.datacite.org/meta/kernel-4/metadata.xsd)'),
(36, 'user=>user-xml', 'plugins.importexport.users.displayName', 'plugins.importexport.users.description', 'class::classes.user.User[]', 'xml::schema(lib/pkp/plugins/importexport/users/pkp-users.xsd)'),
(37, 'user-xml=>user', 'plugins.importexport.users.displayName', 'plugins.importexport.users.description', 'xml::schema(lib/pkp/plugins/importexport/users/pkp-users.xsd)', 'class::classes.users.User[]'),
(38, 'usergroup=>user-xml', 'plugins.importexport.users.displayName', 'plugins.importexport.users.description', 'class::lib.pkp.classes.security.UserGroup[]', 'xml::schema(lib/pkp/plugins/importexport/users/pkp-users.xsd)'),
(39, 'user-xml=>usergroup', 'plugins.importexport.native.displayName', 'plugins.importexport.native.description', 'xml::schema(lib/pkp/plugins/importexport/users/pkp-users.xsd)', 'class::lib.pkp.classes.security.UserGroup[]'),
(40, 'issue=>crossref-xml', 'plugins.importexport.crossref.displayName', 'plugins.importexport.crossref.description', 'class::classes.issue.Issue[]', 'xml::schema(https://www.crossref.org/schemas/crossref4.3.6.xsd)'),
(41, 'article=>crossref-xml', 'plugins.importexport.crossref.displayName', 'plugins.importexport.crossref.description', 'class::classes.article.Article[]', 'xml::schema(https://www.crossref.org/schemas/crossref4.3.6.xsd)'),
(42, 'article=>pubmed-xml', 'plugins.importexport.pubmed.displayName', 'plugins.importexport.pubmed.description', 'class::classes.article.Article[]', 'xml::dtd'),
(43, 'article=>doaj-xml', 'plugins.importexport.doaj.displayName', 'plugins.importexport.doaj.description', 'class::classes.article.Article[]', 'xml::schema(plugins/importexport/doaj/doajArticles.xsd)'),
(44, 'article=>doaj-json', 'plugins.importexport.doaj.displayName', 'plugins.importexport.doaj.description', 'class::classes.article.Article', 'primitive::string'),
(45, 'issue=>medra-xml', 'plugins.importexport.medra.displayName', 'plugins.importexport.medra.description', 'class::classes.issue.Issue[]', 'xml::schema(http://www.medra.org/schema/onix/DOIMetadata/2.0/ONIX_DOIMetadata_2.0.xsd)'),
(46, 'article=>medra-xml', 'plugins.importexport.medra.displayName', 'plugins.importexport.medra.description', 'class::classes.article.Article[]', 'xml::schema(http://www.medra.org/schema/onix/DOIMetadata/2.0/ONIX_DOIMetadata_2.0.xsd)'),
(47, 'galley=>medra-xml', 'plugins.importexport.medra.displayName', 'plugins.importexport.medra.description', 'class::classes.article.ArticleGalley[]', 'xml::schema(http://www.medra.org/schema/onix/DOIMetadata/2.0/ONIX_DOIMetadata_2.0.xsd)');

-- --------------------------------------------------------

--
-- Table structure for table `filter_settings`
--

CREATE TABLE `filter_settings` (
  `filter_id` bigint(20) NOT NULL,
  `locale` varchar(14) NOT NULL DEFAULT '',
  `setting_name` varchar(255) NOT NULL,
  `setting_value` text,
  `setting_type` varchar(6) NOT NULL
) ENGINE=InnoDB DEFAULT CHARSET=latin1;

--
-- Dumping data for table `filter_settings`
--

INSERT INTO `filter_settings` (`filter_id`, `locale`, `setting_name`, `setting_value`, `setting_type`) VALUES
(8, '', 'citationOutputFilterName', 'lib.pkp.plugins.metadata.nlm30.filter.Nlm30CitationSchemaNlm30XmlFilter', 'string'),
(8, '', 'metadataSchemaName', 'lib.pkp.plugins.metadata.nlm30.schema.Nlm30CitationSchema', 'string'),
(9, '', 'settingsMapping', 'a:2:{s:6:\"apiKey\";a:2:{i:0;s:11:\"seq1_apiKey\";i:1;s:11:\"seq2_apiKey\";}s:10:\"isOptional\";a:2:{i:0;s:15:\"seq1_isOptional\";i:1;s:15:\"seq2_isOptional\";}}', 'object'),
(10, '', 'citationOutputFilterName', 'lib.pkp.plugins.metadata.nlm30.filter.Nlm30CitationSchemaNlm30XmlFilter', 'string'),
(10, '', 'metadataSchemaName', 'lib.pkp.plugins.metadata.nlm30.schema.Nlm30CitationSchema', 'string'),
(11, '', 'xsl', 'lib/pkp/plugins/metadata/nlm30/filter/nlm30-to-23-ref-list.xsl', 'string'),
(11, '', 'xslType', '2', 'int'),
(12, '', 'phpVersionMin', '5.0.0', 'string'),
(13, '', 'phpVersionMin', '5.0.0', 'string'),
(14, '', 'phpVersionMin', '5.0.0', 'string'),
(15, '', 'settingsMapping', 'a:2:{s:6:\"apiKey\";a:2:{i:0;s:11:\"seq1_apiKey\";i:1;s:11:\"seq2_apiKey\";}s:10:\"isOptional\";a:2:{i:0;s:15:\"seq1_isOptional\";i:1;s:15:\"seq2_isOptional\";}}', 'object'),
(16, '', 'phpVersionMin', '5.0.0', 'string'),
(17, '', 'phpVersionMin', '5.0.0', 'string'),
(19, '', 'citationOutputFilterName', 'lib.pkp.plugins.citationOutput.apa.filter.Nlm30CitationSchemaApaFilter', 'string'),
(19, '', 'metadataSchemaName', 'lib.pkp.plugins.metadata.nlm30.schema.Nlm30CitationSchema', 'string'),
(19, '', 'ordering', '2', 'int'),
(21, '', 'citationOutputFilterName', 'lib.pkp.plugins.citationOutput.abnt.filter.Nlm30CitationSchemaAbntFilter', 'string'),
(21, '', 'metadataSchemaName', 'lib.pkp.plugins.metadata.nlm30.schema.Nlm30CitationSchema', 'string'),
(21, '', 'ordering', '2', 'int'),
(23, '', 'citationOutputFilterName', 'lib.pkp.plugins.citationOutput.mla.filter.Nlm30CitationSchemaMlaFilter', 'string'),
(23, '', 'metadataSchemaName', 'lib.pkp.plugins.metadata.nlm30.schema.Nlm30CitationSchema', 'string'),
(23, '', 'ordering', '2', 'int'),
(25, '', 'citationOutputFilterName', 'lib.pkp.plugins.citationOutput.vancouver.filter.Nlm30CitationSchemaVancouverFilter', 'string'),
(25, '', 'metadataSchemaName', 'lib.pkp.plugins.metadata.nlm30.schema.Nlm30CitationSchema', 'string'),
(25, '', 'ordering', '1', 'int'),
(26, '', 'phpVersionMin', '5.0.0', 'string'),
(27, '', 'phpVersionMin', '5.0.0', 'string'),
(28, '', 'phpVersionMin', '5.0.0', 'string'),
(29, '', 'phpVersionMin', '5.0.0', 'string');

-- --------------------------------------------------------

--
-- Table structure for table `genres`
--

CREATE TABLE `genres` (
  `genre_id` bigint(20) NOT NULL,
  `context_id` bigint(20) NOT NULL,
  `seq` bigint(20) DEFAULT NULL,
  `enabled` tinyint(4) NOT NULL DEFAULT '1',
  `category` bigint(20) NOT NULL DEFAULT '1',
  `dependent` tinyint(4) NOT NULL DEFAULT '0',
  `supplementary` tinyint(4) DEFAULT '0',
  `entry_key` varchar(30) DEFAULT NULL
) ENGINE=MyISAM DEFAULT CHARSET=latin1;

--
-- Dumping data for table `genres`
--

INSERT INTO `genres` (`genre_id`, `context_id`, `seq`, `enabled`, `category`, `dependent`, `supplementary`, `entry_key`) VALUES
(1, 2, 0, 1, 1, 0, 0, 'SUBMISSION'),
(2, 2, 1, 1, 3, 0, 1, 'RESEARCHINSTRUMENT'),
(3, 2, 2, 1, 3, 0, 1, 'RESEARCHMATERIALS'),
(4, 2, 3, 1, 3, 0, 1, 'RESEARCHRESULTS'),
(5, 2, 4, 1, 3, 0, 1, 'TRANSCRIPTS'),
(6, 2, 5, 1, 3, 0, 1, 'DATAANALYSIS'),
(7, 2, 6, 1, 3, 0, 1, 'DATASET'),
(8, 2, 7, 1, 3, 0, 1, 'SOURCETEXTS'),
(9, 2, 8, 1, 1, 1, 1, 'MULTIMEDIA'),
(10, 2, 9, 1, 2, 1, 0, 'IMAGE'),
(11, 2, 10, 1, 1, 1, 0, 'STYLE'),
(12, 2, 11, 1, 3, 0, 1, 'OTHER'),
(13, 1, 0, 1, 1, 0, 0, 'SUBMISSION'),
(14, 1, 1, 1, 3, 0, 1, 'RESEARCHINSTRUMENT'),
(15, 1, 2, 1, 3, 0, 1, 'RESEARCHMATERIALS'),
(16, 1, 3, 1, 3, 0, 1, 'RESEARCHRESULTS'),
(17, 1, 4, 1, 3, 0, 1, 'TRANSCRIPTS'),
(18, 1, 5, 1, 3, 0, 1, 'DATAANALYSIS'),
(19, 1, 6, 1, 3, 0, 1, 'DATASET'),
(20, 1, 7, 1, 3, 0, 1, 'SOURCETEXTS'),
(21, 1, 8, 1, 1, 1, 1, 'MULTIMEDIA'),
(22, 1, 9, 1, 2, 1, 0, 'IMAGE'),
(23, 1, 10, 1, 1, 1, 0, 'STYLE'),
(24, 1, 11, 1, 3, 0, 1, 'OTHER'),
(25, 3, 0, 1, 1, 0, 0, 'SUBMISSION'),
(26, 3, 1, 1, 3, 0, 1, 'RESEARCHINSTRUMENT'),
(27, 3, 2, 1, 3, 0, 1, 'RESEARCHMATERIALS'),
(28, 3, 3, 1, 3, 0, 1, 'RESEARCHRESULTS'),
(29, 3, 4, 1, 3, 0, 1, 'TRANSCRIPTS'),
(30, 3, 5, 1, 3, 0, 1, 'DATAANALYSIS'),
(31, 3, 6, 1, 3, 0, 1, 'DATASET'),
(32, 3, 7, 1, 3, 0, 1, 'SOURCETEXTS'),
(33, 3, 8, 1, 1, 1, 1, 'MULTIMEDIA'),
(34, 3, 9, 1, 2, 1, 0, 'IMAGE'),
(35, 3, 10, 1, 1, 1, 0, 'STYLE'),
(36, 3, 11, 1, 3, 0, 1, 'OTHER'),
(71, 4, 9, 1, 2, 1, 0, 'IMAGE'),
(70, 4, 8, 1, 1, 1, 1, 'MULTIMEDIA'),
(69, 4, 7, 1, 3, 0, 1, 'SOURCETEXTS'),
(68, 4, 6, 1, 3, 0, 1, 'DATASET'),
(66, 4, 4, 1, 3, 0, 1, 'TRANSCRIPTS'),
(67, 4, 5, 1, 3, 0, 1, 'DATAANALYSIS'),
(65, 4, 3, 1, 3, 0, 1, 'RESEARCHRESULTS'),
(49, 1, 0, 1, 3, 0, 1, 'SC'),
(72, 4, 10, 1, 1, 1, 0, 'STYLE'),
(64, 4, 2, 1, 3, 0, 1, 'RESEARCHMATERIALS'),
(63, 4, 1, 1, 3, 0, 1, 'RESEARCHINSTRUMENT'),
(62, 4, 0, 1, 1, 0, 0, 'SUBMISSION'),
(73, 4, 11, 1, 3, 0, 1, 'OTHER'),
(74, 5, 0, 1, 1, 0, 0, 'SUBMISSION'),
(75, 5, 1, 1, 3, 0, 1, 'RESEARCHINSTRUMENT'),
(76, 5, 2, 1, 3, 0, 1, 'RESEARCHMATERIALS'),
(77, 5, 3, 1, 3, 0, 1, 'RESEARCHRESULTS'),
(78, 5, 4, 1, 3, 0, 1, 'TRANSCRIPTS'),
(79, 5, 5, 1, 3, 0, 1, 'DATAANALYSIS'),
(80, 5, 6, 1, 3, 0, 1, 'DATASET'),
(81, 5, 7, 1, 3, 0, 1, 'SOURCETEXTS'),
(82, 5, 8, 1, 1, 1, 1, 'MULTIMEDIA'),
(83, 5, 9, 1, 2, 1, 0, 'IMAGE'),
(84, 5, 10, 1, 1, 1, 0, 'STYLE'),
(85, 5, 11, 1, 3, 0, 1, 'OTHER'),
(86, 6, 0, 1, 1, 0, 0, 'SUBMISSION'),
(87, 6, 1, 1, 3, 0, 1, 'RESEARCHINSTRUMENT'),
(88, 6, 2, 1, 3, 0, 1, 'RESEARCHMATERIALS'),
(89, 6, 3, 1, 3, 0, 1, 'RESEARCHRESULTS'),
(90, 6, 4, 1, 3, 0, 1, 'TRANSCRIPTS'),
(91, 6, 5, 1, 3, 0, 1, 'DATAANALYSIS'),
(92, 6, 6, 1, 3, 0, 1, 'DATASET'),
(93, 6, 7, 1, 3, 0, 1, 'SOURCETEXTS'),
(94, 6, 8, 1, 1, 1, 1, 'MULTIMEDIA'),
(95, 6, 9, 1, 2, 1, 0, 'IMAGE'),
(96, 6, 10, 1, 1, 1, 0, 'STYLE'),
(97, 6, 11, 1, 3, 0, 1, 'OTHER'),
(98, 7, 0, 1, 1, 0, 0, 'SUBMISSION'),
(99, 7, 1, 1, 3, 0, 1, 'RESEARCHINSTRUMENT'),
(100, 7, 2, 1, 3, 0, 1, 'RESEARCHMATERIALS'),
(101, 7, 3, 1, 3, 0, 1, 'RESEARCHRESULTS'),
(102, 7, 4, 1, 3, 0, 1, 'TRANSCRIPTS'),
(103, 7, 5, 1, 3, 0, 1, 'DATAANALYSIS'),
(104, 7, 6, 1, 3, 0, 1, 'DATASET'),
(105, 7, 7, 1, 3, 0, 1, 'SOURCETEXTS'),
(106, 7, 8, 1, 1, 1, 1, 'MULTIMEDIA'),
(107, 7, 9, 1, 2, 1, 0, 'IMAGE'),
(108, 7, 10, 1, 1, 1, 0, 'STYLE'),
(109, 7, 11, 1, 3, 0, 1, 'OTHER');

-- --------------------------------------------------------

--
-- Table structure for table `genre_settings`
--

CREATE TABLE `genre_settings` (
  `genre_id` bigint(20) NOT NULL,
  `locale` varchar(14) NOT NULL DEFAULT '',
  `setting_name` varchar(255) NOT NULL,
  `setting_value` text,
  `setting_type` varchar(6) NOT NULL
) ENGINE=MyISAM DEFAULT CHARSET=latin1;

--
-- Dumping data for table `genre_settings`
--

INSERT INTO `genre_settings` (`genre_id`, `locale`, `setting_name`, `setting_value`, `setting_type`) VALUES
(1, 'en_US', 'name', 'Article Text', 'string'),
(2, 'en_US', 'name', 'Research Instrument', 'string'),
(3, 'en_US', 'name', 'Research Materials', 'string'),
(4, 'en_US', 'name', 'Research Results', 'string'),
(5, 'en_US', 'name', 'Transcripts', 'string'),
(6, 'en_US', 'name', 'Data Analysis', 'string'),
(7, 'en_US', 'name', 'Data Set', 'string'),
(8, 'en_US', 'name', 'Source Texts', 'string'),
(9, 'en_US', 'name', 'Multimedia', 'string'),
(10, 'en_US', 'name', 'Image', 'string'),
(11, 'en_US', 'name', 'HTML Stylesheet', 'string'),
(12, 'en_US', 'name', 'Other', 'string'),
(13, 'en_US', 'name', 'Article Text', 'string'),
(14, 'en_US', 'name', 'Research Instrument', 'string'),
(15, 'en_US', 'name', 'Research Materials', 'string'),
(16, 'en_US', 'name', 'Research Results', 'string'),
(17, 'en_US', 'name', 'Transcripts', 'string'),
(18, 'en_US', 'name', 'Data Analysis', 'string'),
(19, 'en_US', 'name', 'Data Set', 'string'),
(20, 'en_US', 'name', 'Source Texts', 'string'),
(21, 'en_US', 'name', 'Multimedia', 'string'),
(22, 'en_US', 'name', 'Image', 'string'),
(23, 'en_US', 'name', 'HTML Stylesheet', 'string'),
(24, 'en_US', 'name', 'Other', 'string'),
(25, 'en_US', 'name', 'Article Text', 'string'),
(26, 'en_US', 'name', 'Research Instrument', 'string'),
(27, 'en_US', 'name', 'Research Materials', 'string'),
(28, 'en_US', 'name', 'Research Results', 'string'),
(29, 'en_US', 'name', 'Transcripts', 'string'),
(30, 'en_US', 'name', 'Data Analysis', 'string'),
(31, 'en_US', 'name', 'Data Set', 'string'),
(32, 'en_US', 'name', 'Source Texts', 'string'),
(33, 'en_US', 'name', 'Multimedia', 'string'),
(34, 'en_US', 'name', 'Image', 'string'),
(35, 'en_US', 'name', 'HTML Stylesheet', 'string'),
(36, 'en_US', 'name', 'Other', 'string'),
(64, 'en_US', 'name', 'Research Materials', 'string'),
(64, 'id_ID', 'name', 'Bahan Penelitian', 'string'),
(65, 'en_US', 'name', 'Research Results', 'string'),
(65, 'id_ID', 'name', 'Hasil Penelitian', 'string'),
(66, 'en_US', 'name', 'Transcripts', 'string'),
(66, 'id_ID', 'name', 'Transkrip', 'string'),
(67, 'en_US', 'name', 'Data Analysis', 'string'),
(67, 'id_ID', 'name', 'Analisis Data', 'string'),
(68, 'en_US', 'name', 'Data Set', 'string'),
(68, 'id_ID', 'name', 'Data Set', 'string'),
(69, 'en_US', 'name', 'Source Texts', 'string'),
(69, 'id_ID', 'name', 'Teks Sumber', 'string'),
(70, 'en_US', 'name', 'Multimedia', 'string'),
(70, 'id_ID', 'name', '##default.genres.multimedia##', 'string'),
(71, 'en_US', 'name', 'Image', 'string'),
(71, 'id_ID', 'name', '##default.genres.image##', 'string'),
(72, 'en_US', 'name', 'HTML Stylesheet', 'string'),
(72, 'id_ID', 'name', '##default.genres.styleSheet##', 'string'),
(49, 'en_US', 'name', 'Similarity  cek', 'string'),
(63, 'id_ID', 'name', 'Instrumen Penelitian', 'string'),
(63, 'en_US', 'name', 'Research Instrument', 'string'),
(62, 'id_ID', 'name', 'File Utama Naskah', 'string'),
(62, 'en_US', 'name', 'Article Text', 'string'),
(73, 'en_US', 'name', 'Other', 'string'),
(73, 'id_ID', 'name', '##default.genres.other##', 'string'),
(74, 'en_US', 'name', 'Article Text', 'string'),
(74, 'id_ID', 'name', 'File Utama Naskah', 'string'),
(75, 'en_US', 'name', 'Research Instrument', 'string'),
(75, 'id_ID', 'name', 'Instrumen Penelitian', 'string'),
(76, 'en_US', 'name', 'Research Materials', 'string'),
(76, 'id_ID', 'name', 'Bahan Penelitian', 'string'),
(77, 'en_US', 'name', 'Research Results', 'string'),
(77, 'id_ID', 'name', 'Hasil Penelitian', 'string'),
(78, 'en_US', 'name', 'Transcripts', 'string'),
(78, 'id_ID', 'name', 'Transkrip', 'string'),
(79, 'en_US', 'name', 'Data Analysis', 'string'),
(79, 'id_ID', 'name', 'Analisis Data', 'string'),
(80, 'en_US', 'name', 'Data Set', 'string'),
(80, 'id_ID', 'name', 'Data Set', 'string'),
(81, 'en_US', 'name', 'Source Texts', 'string'),
(81, 'id_ID', 'name', 'Teks Sumber', 'string'),
(82, 'en_US', 'name', 'Multimedia', 'string'),
(82, 'id_ID', 'name', '##default.genres.multimedia##', 'string'),
(83, 'en_US', 'name', 'Image', 'string'),
(83, 'id_ID', 'name', '##default.genres.image##', 'string'),
(84, 'en_US', 'name', 'HTML Stylesheet', 'string'),
(84, 'id_ID', 'name', '##default.genres.styleSheet##', 'string'),
(85, 'en_US', 'name', 'Other', 'string'),
(85, 'id_ID', 'name', '##default.genres.other##', 'string'),
(86, 'en_US', 'name', 'Article Text', 'string'),
(86, 'id_ID', 'name', 'File Utama Naskah', 'string'),
(87, 'en_US', 'name', 'Research Instrument', 'string'),
(87, 'id_ID', 'name', 'Instrumen Penelitian', 'string'),
(88, 'en_US', 'name', 'Research Materials', 'string'),
(88, 'id_ID', 'name', 'Bahan Penelitian', 'string'),
(89, 'en_US', 'name', 'Research Results', 'string'),
(89, 'id_ID', 'name', 'Hasil Penelitian', 'string'),
(90, 'en_US', 'name', 'Transcripts', 'string'),
(90, 'id_ID', 'name', 'Transkrip', 'string'),
(91, 'en_US', 'name', 'Data Analysis', 'string'),
(91, 'id_ID', 'name', 'Analisis Data', 'string'),
(92, 'en_US', 'name', 'Data Set', 'string'),
(92, 'id_ID', 'name', 'Data Set', 'string'),
(93, 'en_US', 'name', 'Source Texts', 'string'),
(93, 'id_ID', 'name', 'Teks Sumber', 'string'),
(94, 'en_US', 'name', 'Multimedia', 'string'),
(94, 'id_ID', 'name', '##default.genres.multimedia##', 'string'),
(95, 'en_US', 'name', 'Image', 'string'),
(95, 'id_ID', 'name', '##default.genres.image##', 'string'),
(96, 'en_US', 'name', 'HTML Stylesheet', 'string'),
(96, 'id_ID', 'name', '##default.genres.styleSheet##', 'string'),
(97, 'en_US', 'name', 'Other', 'string'),
(97, 'id_ID', 'name', '##default.genres.other##', 'string'),
(98, 'en_US', 'name', 'Article Text', 'string'),
(98, 'id_ID', 'name', 'File Utama Naskah', 'string'),
(99, 'en_US', 'name', 'Research Instrument', 'string'),
(99, 'id_ID', 'name', 'Instrumen Penelitian', 'string'),
(100, 'en_US', 'name', 'Research Materials', 'string'),
(100, 'id_ID', 'name', 'Bahan Penelitian', 'string'),
(101, 'en_US', 'name', 'Research Results', 'string'),
(101, 'id_ID', 'name', 'Hasil Penelitian', 'string'),
(102, 'en_US', 'name', 'Transcripts', 'string'),
(102, 'id_ID', 'name', 'Transkrip', 'string'),
(103, 'en_US', 'name', 'Data Analysis', 'string'),
(103, 'id_ID', 'name', 'Analisis Data', 'string'),
(104, 'en_US', 'name', 'Data Set', 'string'),
(104, 'id_ID', 'name', 'Data Set', 'string'),
(105, 'en_US', 'name', 'Source Texts', 'string'),
(105, 'id_ID', 'name', 'Teks Sumber', 'string'),
(106, 'en_US', 'name', 'Multimedia', 'string'),
(106, 'id_ID', 'name', '##default.genres.multimedia##', 'string'),
(107, 'en_US', 'name', 'Image', 'string'),
(107, 'id_ID', 'name', '##default.genres.image##', 'string'),
(108, 'en_US', 'name', 'HTML Stylesheet', 'string'),
(108, 'id_ID', 'name', '##default.genres.styleSheet##', 'string'),
(109, 'en_US', 'name', 'Other', 'string'),
(109, 'id_ID', 'name', '##default.genres.other##', 'string');

-- --------------------------------------------------------

--
-- Table structure for table `groups`
--

CREATE TABLE `groups` (
  `group_id` bigint(20) NOT NULL,
  `assoc_type` smallint(6) DEFAULT NULL,
  `publish_email` smallint(6) DEFAULT NULL,
  `assoc_id` bigint(20) DEFAULT NULL,
  `context` bigint(20) DEFAULT NULL,
  `about_displayed` tinyint(4) NOT NULL DEFAULT '0',
  `seq` double NOT NULL DEFAULT '0'
) ENGINE=InnoDB DEFAULT CHARSET=latin1;

--
-- Dumping data for table `groups`
--

INSERT INTO `groups` (`group_id`, `assoc_type`, `publish_email`, `assoc_id`, `context`, `about_displayed`, `seq`) VALUES
(4, 256, 1, 3, 2, 1, 1),
(5, 256, 0, 2, 1, 1, 1),
(6, 256, 1, 2, 1, 1, 2);

-- --------------------------------------------------------

--
-- Table structure for table `group_memberships`
--

CREATE TABLE `group_memberships` (
  `user_id` bigint(20) NOT NULL,
  `group_id` bigint(20) NOT NULL,
  `about_displayed` tinyint(4) NOT NULL DEFAULT '1',
  `seq` double NOT NULL DEFAULT '0'
) ENGINE=InnoDB DEFAULT CHARSET=latin1;

--
-- Dumping data for table `group_memberships`
--

INSERT INTO `group_memberships` (`user_id`, `group_id`, `about_displayed`, `seq`) VALUES
(62, 5, 1, 0);

-- --------------------------------------------------------

--
-- Table structure for table `group_settings`
--

CREATE TABLE `group_settings` (
  `group_id` bigint(20) NOT NULL,
  `locale` varchar(5) NOT NULL DEFAULT '',
  `setting_name` varchar(255) NOT NULL,
  `setting_value` text,
  `setting_type` varchar(6) NOT NULL
) ENGINE=InnoDB DEFAULT CHARSET=latin1;

--
-- Dumping data for table `group_settings`
--

INSERT INTO `group_settings` (`group_id`, `locale`, `setting_name`, `setting_value`, `setting_type`) VALUES
(4, 'en_US', 'title', 'Penasehat', 'string'),
(5, 'en_US', 'title', 'Editor in Chief', 'string'),
(6, 'en_US', 'title', 'Editor in Chief', 'string');

-- --------------------------------------------------------

--
-- Table structure for table `institutional_subscriptions`
--

CREATE TABLE `institutional_subscriptions` (
  `institutional_subscription_id` bigint(20) NOT NULL,
  `subscription_id` bigint(20) NOT NULL,
  `institution_name` varchar(255) NOT NULL,
  `mailing_address` varchar(255) DEFAULT NULL,
  `domain` varchar(255) DEFAULT NULL
) ENGINE=InnoDB DEFAULT CHARSET=latin1;

-- --------------------------------------------------------

--
-- Table structure for table `institutional_subscription_ip`
--

CREATE TABLE `institutional_subscription_ip` (
  `institutional_subscription_ip_id` bigint(20) NOT NULL,
  `subscription_id` bigint(20) NOT NULL,
  `ip_string` varchar(40) NOT NULL,
  `ip_start` bigint(20) NOT NULL,
  `ip_end` bigint(20) DEFAULT NULL
) ENGINE=InnoDB DEFAULT CHARSET=latin1;

-- --------------------------------------------------------

--
-- Table structure for table `issues`
--

CREATE TABLE `issues` (
  `issue_id` bigint(20) NOT NULL,
  `journal_id` bigint(20) NOT NULL,
  `volume` smallint(6) DEFAULT NULL,
  `number` varchar(10) DEFAULT NULL,
  `year` smallint(6) DEFAULT NULL,
  `published` tinyint(4) NOT NULL DEFAULT '0',
  `current` tinyint(4) NOT NULL DEFAULT '0',
  `date_published` datetime DEFAULT NULL,
  `date_notified` datetime DEFAULT NULL,
  `last_modified` datetime DEFAULT NULL,
  `access_status` tinyint(4) NOT NULL DEFAULT '1',
  `open_access_date` datetime DEFAULT NULL,
  `show_volume` tinyint(4) NOT NULL DEFAULT '0',
  `show_number` tinyint(4) NOT NULL DEFAULT '0',
  `show_year` tinyint(4) NOT NULL DEFAULT '0',
  `show_title` tinyint(4) NOT NULL DEFAULT '0',
  `style_file_name` varchar(90) DEFAULT NULL,
  `original_style_file_name` varchar(255) DEFAULT NULL
) ENGINE=InnoDB DEFAULT CHARSET=latin1;

--
-- Dumping data for table `issues`
--

INSERT INTO `issues` (`issue_id`, `journal_id`, `volume`, `number`, `year`, `published`, `current`, `date_published`, `date_notified`, `last_modified`, `access_status`, `open_access_date`, `show_volume`, `show_number`, `show_year`, `show_title`, `style_file_name`, `original_style_file_name`) VALUES
(6, 1, 1, '1', 2014, 0, 0, NULL, NULL, '2021-12-24 03:58:26', 1, NULL, 1, 1, 1, 1, NULL, NULL),
(9, 2, 1, '1', 2011, 1, 0, '2015-06-17 00:00:00', NULL, '2018-01-31 05:46:26', 1, NULL, 1, 1, 1, 1, NULL, NULL),
(11, 1, 2, '1', 2015, 1, 0, '2015-12-30 00:00:00', NULL, '2018-01-31 05:56:34', 1, NULL, 1, 1, 1, 1, NULL, NULL),
(12, 3, 2, '2', 2011, 1, 0, '2016-01-18 00:00:00', NULL, '2018-01-31 05:51:45', 1, NULL, 1, 1, 1, 1, NULL, NULL),
(13, 3, 3, '1', 2012, 1, 0, '2016-01-18 00:00:00', NULL, '2018-01-31 05:51:30', 1, NULL, 1, 1, 1, 1, NULL, NULL),
(14, 3, 4, '2', 2012, 1, 0, '2016-01-18 00:00:00', NULL, '2018-01-31 05:51:15', 1, NULL, 1, 1, 1, 1, NULL, NULL),
(15, 3, 5, '1', 2013, 1, 0, '2016-01-18 00:00:00', NULL, '2018-01-31 05:50:56', 1, NULL, 1, 1, 1, 1, NULL, NULL),
(16, 3, 6, '2', 2013, 1, 0, '2016-01-18 00:00:00', NULL, '2018-01-31 05:50:41', 1, NULL, 1, 1, 1, 1, NULL, NULL),
(17, 3, 7, '1', 2014, 1, 0, '2016-01-18 00:00:00', NULL, '2018-01-31 05:50:23', 1, NULL, 1, 1, 1, 1, NULL, NULL),
(18, 3, 8, '2', 2014, 1, 0, '2016-01-19 00:00:00', NULL, '2018-01-31 05:49:57', 1, NULL, 1, 1, 1, 1, NULL, NULL),
(19, 3, 10, '2', 2015, 1, 0, '2016-01-19 00:00:00', NULL, '2018-01-31 05:49:39', 1, NULL, 1, 1, 1, 1, NULL, NULL),
(20, 1, 3, '1', 2016, 1, 0, '2016-03-24 00:00:00', NULL, '2020-01-02 09:44:01', 1, NULL, 1, 1, 1, 1, NULL, NULL),
(21, 2, 5, '1', 2015, 1, 0, '2016-03-31 00:00:00', NULL, '2020-01-12 07:08:08', 1, NULL, 1, 1, 1, 1, NULL, NULL),
(23, 2, 5, '2', 2015, 1, 0, '2015-09-01 00:00:00', NULL, '2020-01-12 07:10:12', 1, NULL, 1, 1, 1, 1, NULL, NULL),
(24, 3, 11, '1', 2016, 1, 0, '2016-03-01 00:00:00', NULL, '2018-01-31 05:49:04', 1, NULL, 1, 1, 1, 1, NULL, NULL),
(25, 2, 6, '2', 2016, 1, 0, '2016-10-07 00:00:00', NULL, '2020-01-12 07:11:52', 1, NULL, 1, 1, 1, 1, NULL, NULL),
(26, 2, 6, '1', 2016, 1, 0, '2016-10-07 00:00:00', NULL, '2020-01-12 07:10:57', 1, NULL, 1, 1, 1, 1, NULL, NULL),
(27, 2, 2, '2', 2012, 1, 0, '2016-10-07 00:00:00', NULL, '2020-01-12 07:06:53', 1, NULL, 1, 1, 1, 1, NULL, NULL),
(28, 2, 4, '1', 2014, 1, 0, '2016-10-07 00:00:00', NULL, '2020-01-12 07:07:18', 1, NULL, 1, 1, 1, 1, NULL, NULL),
(30, 1, 3, '2', 2016, 1, 0, '2017-04-05 00:00:00', NULL, '2020-01-02 09:44:24', 1, NULL, 1, 1, 1, 1, NULL, NULL),
(31, 2, 7, '1', 2017, 1, 0, '2017-10-20 00:00:00', NULL, '2020-01-12 07:15:31', 1, NULL, 1, 1, 1, 1, NULL, NULL),
(32, 3, 13, '1', 2017, 1, 0, '2018-03-08 05:11:12', NULL, '2018-03-08 05:11:12', 1, NULL, 1, 1, 1, 1, NULL, NULL),
(33, 3, 14, '1', 2017, 1, 0, '2018-02-19 00:00:00', NULL, '2018-03-29 09:43:09', 1, NULL, 1, 1, 1, 1, NULL, NULL),
(34, 1, 4, '1', 2017, 1, 0, '2017-03-29 00:00:00', NULL, '2020-07-14 05:44:00', 1, NULL, 1, 1, 1, 1, NULL, NULL),
(35, 2, 7, '2', 2017, 1, 0, '2018-03-29 00:00:00', NULL, '2020-01-12 07:16:02', 1, NULL, 1, 1, 1, 1, NULL, NULL),
(36, 1, 4, '2', 2017, 1, 0, '2017-09-28 00:00:00', NULL, '2020-07-14 05:43:18', 1, NULL, 1, 1, 1, 1, NULL, NULL),
(37, 3, 12, '1', 2016, 1, 0, '2018-06-28 00:00:00', NULL, '2018-07-18 04:36:48', 1, NULL, 1, 1, 1, 1, NULL, NULL),
(39, 2, 8, '1', 2018, 1, 0, '2018-12-09 00:00:00', NULL, '2020-01-12 07:17:02', 1, NULL, 1, 1, 1, 1, NULL, NULL),
(40, 3, 16, '1', 2018, 1, 0, '2018-12-10 00:00:00', NULL, '2019-01-14 06:18:10', 1, NULL, 1, 1, 1, 1, NULL, NULL),
(42, 1, 5, '2, Septemb', 2018, 1, 0, '2018-12-09 00:00:00', NULL, '2020-10-16 03:46:55', 1, NULL, 1, 1, 1, 1, NULL, NULL),
(43, 1, 5, '1, Maret', 2018, 1, 0, '2018-07-07 00:00:00', NULL, '2020-10-16 03:46:12', 1, NULL, 1, 1, 1, 1, NULL, NULL),
(45, 3, 15, '1', 2018, 1, 0, '2019-01-30 04:34:00', NULL, '2019-03-19 21:30:55', 1, NULL, 1, 1, 1, 1, NULL, NULL),
(46, 2, 8, '2', 2018, 1, 0, '2018-10-31 00:00:00', NULL, '2020-01-12 07:17:56', 1, NULL, 1, 1, 1, 1, NULL, NULL),
(48, 3, 17, '1', 2019, 1, 0, '2019-03-28 05:01:33', NULL, '2019-03-28 05:01:33', 1, NULL, 1, 1, 1, 1, NULL, NULL),
(51, 2, 9, '1', 2019, 1, 0, '2019-04-11 00:00:00', NULL, '2020-01-12 07:18:20', 1, NULL, 1, 1, 1, 1, NULL, NULL),
(52, 1, 6, '1,  Maret', 2019, 1, 0, '2019-03-07 00:00:00', NULL, '2020-10-16 03:47:30', 1, NULL, 1, 1, 1, 1, NULL, NULL),
(53, 1, 6, '2, Septemb', 2019, 1, 0, '2019-09-09 00:00:00', NULL, '2020-10-16 03:53:08', 1, NULL, 1, 1, 1, 1, NULL, NULL),
(54, 1, 7, '1, Maret', 2020, 1, 0, '2020-03-14 00:00:00', NULL, '2020-10-16 03:49:11', 1, NULL, 1, 1, 1, 1, NULL, NULL),
(55, 2, 10, '1', 2020, 1, 0, '2020-11-05 05:29:29', NULL, '2020-11-05 05:29:30', 1, NULL, 1, 1, 1, 1, NULL, NULL),
(56, 2, 9, '2', 2019, 1, 0, '2020-09-18 04:07:57', NULL, '2020-09-18 04:07:57', 1, NULL, 1, 1, 1, 1, NULL, NULL),
(59, 1, 7, '2, Septemb', 2020, 1, 0, '2021-02-11 00:00:00', NULL, '2021-03-10 04:06:39', 1, NULL, 1, 1, 1, 1, NULL, NULL),
(61, 2, 10, '2', 2020, 1, 0, '2021-03-20 17:55:07', NULL, '2021-03-20 17:55:07', 1, NULL, 1, 1, 1, 1, NULL, NULL),
(62, 3, 17, '2', 2019, 1, 0, '2021-03-21 14:37:50', NULL, '2021-03-21 14:37:50', 1, NULL, 1, 1, 1, 1, NULL, NULL),
(63, 3, 18, '1', 2020, 1, 0, '2021-03-25 18:29:27', NULL, '2021-03-25 18:29:27', 1, NULL, 1, 1, 1, 1, NULL, NULL),
(64, 1, 8, '1', 2021, 1, 0, '2021-04-01 00:00:00', NULL, '2022-04-16 03:12:53', 1, NULL, 1, 1, 1, 1, NULL, NULL),
(66, 3, 18, '2', 2020, 1, 0, '2021-04-18 23:05:02', NULL, '2021-04-18 23:05:02', 1, NULL, 1, 1, 1, 1, NULL, NULL),
(67, 3, 19, '1', 2021, 1, 0, '2021-06-05 09:51:03', NULL, '2021-06-05 09:51:03', 1, NULL, 1, 1, 1, 1, NULL, NULL),
(68, 2, 11, '1', 2021, 1, 0, '2021-06-11 00:00:00', NULL, '2021-06-25 03:31:53', 1, NULL, 1, 1, 1, 1, NULL, NULL),
(71, 2, 11, '2', 2021, 1, 0, '2021-09-17 13:58:02', NULL, '2021-09-17 13:58:02', 1, NULL, 1, 1, 1, 1, NULL, NULL),
(73, 3, 19, '2', 2021, 1, 0, '2021-09-30 08:39:41', NULL, '2021-09-30 08:39:41', 1, NULL, 1, 1, 1, 1, NULL, NULL),
(74, 1, 8, '2', 2021, 1, 0, '2021-12-24 00:00:00', NULL, '2022-04-16 03:13:24', 1, NULL, 1, 1, 1, 1, NULL, NULL),
(75, 4, 1, '1', 2021, 1, 0, '2021-12-27 00:00:00', NULL, '2021-12-29 05:28:57', 1, NULL, 1, 1, 1, 1, NULL, NULL),
(76, 4, 1, '2', 2021, 1, 0, '2021-12-29 00:00:00', NULL, '2021-12-29 05:29:38', 1, NULL, 1, 1, 1, 1, NULL, NULL),
(77, 3, 20, '1', 2022, 1, 0, '2022-03-10 15:05:59', NULL, '2022-03-10 15:05:59', 1, NULL, 1, 1, 1, 1, NULL, NULL),
(78, 1, 9, '1', 2022, 1, 0, '2022-03-30 00:00:00', NULL, '2022-04-16 03:03:47', 1, NULL, 1, 1, 1, 1, NULL, NULL),
(79, 2, 12, '1', 2022, 1, 0, '2022-04-12 00:00:00', NULL, '2022-04-16 02:47:00', 1, NULL, 1, 1, 1, 1, NULL, NULL),
(80, 3, 20, '2', 2022, 1, 0, '2022-06-01 00:00:00', NULL, '2022-11-29 04:48:26', 1, NULL, 1, 1, 1, 1, NULL, NULL),
(81, 4, 2, '01', 2022, 1, 0, '2022-06-10 03:16:38', NULL, '2022-06-10 03:16:38', 1, NULL, 1, 1, 1, 1, NULL, NULL),
(82, 3, 20, '3', 2022, 1, 0, '2022-09-10 07:43:16', NULL, '2022-09-10 07:43:16', 1, NULL, 1, 1, 1, 1, NULL, NULL),
(84, 2, 12, '2', 2022, 1, 0, '2022-10-11 07:30:25', NULL, '2022-10-11 07:30:25', 1, NULL, 1, 1, 1, 1, NULL, NULL),
(86, 1, 9, '2', 2022, 1, 0, '2022-11-22 00:00:00', NULL, '2023-01-27 00:07:26', 1, NULL, 1, 1, 1, 1, NULL, NULL),
(90, 5, 1, '1', 2021, 1, 0, '2022-11-23 06:19:22', NULL, '2022-11-23 06:19:22', 1, NULL, 1, 1, 1, 1, NULL, NULL),
(91, 5, 1, '2', 2021, 1, 0, '2022-11-23 06:19:28', NULL, '2022-11-23 06:19:28', 1, NULL, 1, 1, 1, 1, NULL, NULL),
(93, 5, 1, '2', 2020, 1, 0, '2022-12-16 05:26:21', NULL, '2022-12-16 05:26:21', 1, NULL, 1, 1, 1, 1, NULL, NULL),
(95, 5, 1, '1', 2022, 1, 0, '2022-12-20 03:23:43', NULL, '2022-12-20 03:23:43', 1, NULL, 1, 1, 1, 1, NULL, NULL),
(96, 5, 1, '2', 2022, 1, 0, '2022-12-20 03:24:39', NULL, '2022-12-20 03:24:39', 1, NULL, 1, 1, 1, 1, NULL, NULL),
(98, 5, 1, '2', 2022, 1, 0, '2022-12-20 06:04:29', NULL, '2022-12-20 06:04:29', 1, NULL, 1, 1, 1, 1, NULL, NULL),
(99, 4, 2, '2', 2022, 1, 0, '2022-12-27 00:00:00', NULL, '2023-12-13 02:51:16', 1, NULL, 1, 1, 1, 1, NULL, NULL),
(100, 5, 0, '0', 0, 1, 1, '2022-12-22 00:00:00', NULL, '2023-01-05 03:26:35', 1, NULL, 0, 0, 0, 1, NULL, NULL),
(103, 3, 20, '4', 2022, 1, 0, '2022-12-31 05:59:21', NULL, '2022-12-31 05:59:21', 1, NULL, 1, 1, 1, 1, NULL, NULL),
(108, 1, 10, '1', 2023, 1, 0, '2023-01-27 03:27:08', NULL, '2023-01-27 03:27:08', 1, NULL, 1, 1, 1, 1, NULL, NULL),
(109, 2, 13, '1', 2023, 1, 0, '2023-03-31 00:00:00', NULL, '2023-10-03 07:52:53', 1, NULL, 1, 1, 1, 1, NULL, NULL),
(110, 3, 21, '1', 2023, 1, 0, '2023-04-01 00:00:00', NULL, '2023-06-12 03:11:21', 1, NULL, 1, 1, 1, 1, NULL, NULL),
(111, 4, 3, '1', 2023, 1, 0, '2023-05-24 00:00:00', NULL, '2023-12-13 02:51:40', 1, NULL, 1, 1, 1, 1, NULL, NULL),
(112, 1, 10, '2', 2023, 1, 0, '2023-07-12 04:28:25', NULL, '2023-07-12 04:28:25', 1, NULL, 1, 1, 1, 1, NULL, NULL),
(114, 1, 10, '3', 2023, 1, 0, '2023-09-27 06:04:44', NULL, '2023-09-27 06:04:44', 1, NULL, 1, 1, 1, 1, NULL, NULL),
(115, 3, 21, '2', 2023, 1, 0, '2023-09-30 12:13:09', NULL, '2023-09-30 12:13:09', 1, NULL, 1, 1, 1, 1, NULL, NULL),
(116, 2, 13, '2', 2023, 1, 0, '2023-09-30 00:00:00', NULL, '2023-10-03 07:14:58', 1, NULL, 1, 1, 1, 1, NULL, NULL),
(117, 4, 3, '2', 2023, 1, 0, '2023-12-13 02:44:51', NULL, '2023-12-13 02:44:51', 1, NULL, 1, 1, 1, 1, NULL, NULL),
(119, 1, 11, '1', 2024, 1, 1, '2024-05-15 03:14:30', NULL, '2024-05-15 03:14:30', 1, NULL, 1, 1, 1, 1, NULL, NULL),
(120, 2, 14, '1', 2024, 1, 1, '2024-04-08 16:52:12', NULL, '2024-04-08 16:52:12', 1, NULL, 1, 1, 1, 1, NULL, NULL),
(122, 3, 22, '1', 2024, 1, 1, '2024-05-28 00:00:00', NULL, '2024-05-28 13:47:41', 1, NULL, 1, 1, 1, 1, NULL, NULL),
(123, 4, 4, '1', 2024, 1, 1, '2024-05-28 06:46:14', NULL, '2024-05-28 06:46:14', 1, NULL, 1, 1, 1, 1, NULL, NULL);

-- --------------------------------------------------------

--
-- Table structure for table `issue_files`
--

CREATE TABLE `issue_files` (
  `file_id` bigint(20) NOT NULL,
  `issue_id` bigint(20) NOT NULL,
  `file_name` varchar(90) NOT NULL,
  `file_type` varchar(255) NOT NULL,
  `file_size` bigint(20) NOT NULL,
  `content_type` bigint(20) NOT NULL,
  `original_file_name` varchar(127) DEFAULT NULL,
  `date_uploaded` datetime NOT NULL,
  `date_modified` datetime NOT NULL
) ENGINE=InnoDB DEFAULT CHARSET=latin1;

--
-- Dumping data for table `issue_files`
--

INSERT INTO `issue_files` (`file_id`, `issue_id`, `file_name`, `file_type`, `file_size`, `content_type`, `original_file_name`, `date_uploaded`, `date_modified`) VALUES
(1, 23, '23-1-PB.pdf', 'application/pdf', 7131, 1, 'DAFTAR ISI.pdf', '2016-06-15 06:51:19', '2016-06-15 06:51:19'),
(2, 24, '24-2-PB.pdf', 'application/pdf', 59996, 1, 'daftar isi.pdf', '2016-06-16 02:01:58', '2016-06-16 02:01:58'),
(4, 32, '32-4-PB.pdf', 'application/pdf', 87073, 1, 'DAFTAR ISI.pdf', '2018-03-08 05:11:29', '2018-03-08 05:11:29'),
(5, 35, '35-5-PB.pdf', 'application/pdf', 78900, 1, 'DAFTAR ISI.pdf', '2018-03-28 03:58:45', '2018-03-28 03:58:45'),
(6, 36, '36-6-PB.pdf', 'application/pdf', 14193, 1, 'DAFTAR ISI.pdf', '2018-03-28 07:44:59', '2018-03-28 07:44:59');

-- --------------------------------------------------------

--
-- Table structure for table `issue_galleys`
--

CREATE TABLE `issue_galleys` (
  `galley_id` bigint(20) NOT NULL,
  `locale` varchar(14) DEFAULT NULL,
  `issue_id` bigint(20) NOT NULL,
  `file_id` bigint(20) NOT NULL,
  `label` varchar(32) DEFAULT NULL,
  `seq` double NOT NULL DEFAULT '0'
) ENGINE=InnoDB DEFAULT CHARSET=latin1;

--
-- Dumping data for table `issue_galleys`
--

INSERT INTO `issue_galleys` (`galley_id`, `locale`, `issue_id`, `file_id`, `label`, `seq`) VALUES
(1, NULL, 23, 1, 'PDF', 0),
(2, 'en_US', 24, 2, 'PDF', 0),
(4, 'en_US', 32, 4, 'PDF', 0),
(5, 'en_US', 35, 5, 'PDF', 0),
(6, 'en_US', 36, 6, 'PDF', 0);

-- --------------------------------------------------------

--
-- Table structure for table `issue_galley_settings`
--

CREATE TABLE `issue_galley_settings` (
  `galley_id` bigint(20) NOT NULL,
  `locale` varchar(14) NOT NULL DEFAULT '',
  `setting_name` varchar(255) NOT NULL,
  `setting_value` text,
  `setting_type` varchar(6) NOT NULL
) ENGINE=InnoDB DEFAULT CHARSET=latin1;

-- --------------------------------------------------------

--
-- Table structure for table `issue_settings`
--

CREATE TABLE `issue_settings` (
  `issue_id` bigint(20) NOT NULL,
  `locale` varchar(14) NOT NULL DEFAULT '',
  `setting_name` varchar(255) NOT NULL,
  `setting_value` text,
  `setting_type` varchar(6) NOT NULL
) ENGINE=InnoDB DEFAULT CHARSET=latin1;

--
-- Dumping data for table `issue_settings`
--

INSERT INTO `issue_settings` (`issue_id`, `locale`, `setting_name`, `setting_value`, `setting_type`) VALUES
(6, 'en_US', 'coverImage', 'cover_issue_6_en_US.jpg', 'string'),
(6, 'en_US', 'coverImageAltText', '', 'string'),
(6, 'en_US', 'coverPageDescription', '', 'string'),
(6, 'en_US', 'description', 'Jurnal Kesehatan Stikes Insan Cendikia Medika', 'string'),
(6, 'en_US', 'height', '551', 'int'),
(6, 'en_US', 'hideCoverPageArchives', '0', 'int'),
(6, 'en_US', 'hideCoverPageCover', '1', 'int'),
(6, 'en_US', 'originalFileName', 'cover_issue_6_en_US.jpg', 'string'),
(6, 'en_US', 'showCoverPage', '1', 'int'),
(6, 'en_US', 'title', 'JIC: Jurnal Insan Cendekia', 'string'),
(6, 'en_US', 'width', '399', 'int'),
(9, '', 'pub-id::doi', '10.35874/jib.v1i1', 'string'),
(9, 'en_US', 'coverImage', 'cover_issue_9_en_US.jpg', 'string'),
(9, 'en_US', 'coverImageAltText', '', 'string'),
(9, 'en_US', 'coverPageDescription', '', 'string'),
(9, 'en_US', 'description', '', 'string'),
(9, 'en_US', 'height', '551', 'int'),
(9, 'en_US', 'hideCoverPageArchives', '0', 'int'),
(9, 'en_US', 'hideCoverPageCover', '1', 'int'),
(9, 'en_US', 'originalFileName', 'cover_Kebidanan.399x551.jpg', 'string'),
(9, 'en_US', 'showCoverPage', '1', 'int'),
(9, 'en_US', 'title', 'Jurnal Kebidanan', 'string'),
(9, 'en_US', 'width', '399', 'int'),
(11, 'en_US', 'coverImage', 'cover_issue_11_en_US.jpg', 'string'),
(11, 'en_US', 'coverImageAltText', '', 'string'),
(11, 'en_US', 'coverPageDescription', '', 'string'),
(11, 'en_US', 'description', '', 'string'),
(11, 'en_US', 'height', '300', 'int'),
(11, 'en_US', 'hideCoverPageArchives', '0', 'int'),
(11, 'en_US', 'hideCoverPageCover', '1', 'int'),
(11, 'en_US', 'originalFileName', 'jic vol 2 no 1 2015x.jpg', 'string'),
(11, 'en_US', 'showCoverPage', '1', 'int'),
(11, 'en_US', 'title', 'JIC: Jurnal Insan Cendekia', 'string'),
(11, 'en_US', 'width', '217', 'int'),
(12, 'en_US', 'coverImageAltText', '', 'string'),
(12, 'en_US', 'coverPageDescription', '', 'string'),
(12, 'en_US', 'description', '', 'string'),
(12, 'en_US', 'hideCoverPageArchives', '0', 'int'),
(12, 'en_US', 'hideCoverPageCover', '1', 'int'),
(12, 'en_US', 'showCoverPage', '0', 'int'),
(12, 'en_US', 'title', 'Jurnal Keperawatan', 'string'),
(13, 'en_US', 'coverImageAltText', '', 'string'),
(13, 'en_US', 'coverPageDescription', '', 'string'),
(13, 'en_US', 'description', '', 'string'),
(13, 'en_US', 'hideCoverPageArchives', '0', 'int'),
(13, 'en_US', 'hideCoverPageCover', '1', 'int'),
(13, 'en_US', 'showCoverPage', '0', 'int'),
(13, 'en_US', 'title', 'Jurnal Keperawatan', 'string'),
(14, 'en_US', 'coverImageAltText', '', 'string'),
(14, 'en_US', 'coverPageDescription', '', 'string'),
(14, 'en_US', 'description', '', 'string'),
(14, 'en_US', 'hideCoverPageArchives', '0', 'int'),
(14, 'en_US', 'hideCoverPageCover', '1', 'int'),
(14, 'en_US', 'showCoverPage', '0', 'int'),
(14, 'en_US', 'title', 'Jurnal Keperawatan', 'string'),
(15, 'en_US', 'coverImageAltText', '', 'string'),
(15, 'en_US', 'coverPageDescription', '', 'string'),
(15, 'en_US', 'description', '', 'string'),
(15, 'en_US', 'hideCoverPageArchives', '0', 'int'),
(15, 'en_US', 'hideCoverPageCover', '1', 'int'),
(15, 'en_US', 'showCoverPage', '0', 'int'),
(15, 'en_US', 'title', 'Jurnal Keperawatan', 'string'),
(16, 'en_US', 'coverImageAltText', '', 'string'),
(16, 'en_US', 'coverPageDescription', '', 'string'),
(16, 'en_US', 'description', '', 'string'),
(16, 'en_US', 'hideCoverPageArchives', '0', 'int'),
(16, 'en_US', 'hideCoverPageCover', '1', 'int'),
(16, 'en_US', 'showCoverPage', '0', 'int'),
(16, 'en_US', 'title', 'Jurnal Keperawatan', 'string'),
(17, 'en_US', 'coverImageAltText', '', 'string'),
(17, 'en_US', 'coverPageDescription', '', 'string'),
(17, 'en_US', 'description', '', 'string'),
(17, 'en_US', 'hideCoverPageArchives', '0', 'int'),
(17, 'en_US', 'hideCoverPageCover', '1', 'int'),
(17, 'en_US', 'showCoverPage', '0', 'int'),
(17, 'en_US', 'title', 'Jurnal Keperawatan', 'string'),
(18, 'en_US', 'coverImageAltText', '', 'string'),
(18, 'en_US', 'coverPageDescription', '', 'string'),
(18, 'en_US', 'description', '', 'string'),
(18, 'en_US', 'hideCoverPageArchives', '0', 'int'),
(18, 'en_US', 'hideCoverPageCover', '1', 'int'),
(18, 'en_US', 'showCoverPage', '0', 'int'),
(18, 'en_US', 'title', 'Jurnal Keperawatan', 'string'),
(19, 'en_US', 'coverImageAltText', '', 'string'),
(19, 'en_US', 'coverPageDescription', '', 'string'),
(19, 'en_US', 'description', '', 'string'),
(19, 'en_US', 'hideCoverPageArchives', '0', 'int'),
(19, 'en_US', 'hideCoverPageCover', '1', 'int'),
(19, 'en_US', 'showCoverPage', '0', 'int'),
(19, 'en_US', 'title', 'Jurnal Keperawatan', 'string'),
(20, 'en_US', 'coverImage', 'cover_issue_20_en_US.jpg', 'string'),
(20, 'en_US', 'coverImageAltText', '', 'string'),
(20, 'en_US', 'coverPageDescription', '', 'string'),
(20, 'en_US', 'description', '', 'string'),
(20, 'en_US', 'height', '300', 'int'),
(20, 'en_US', 'hideCoverPageArchives', '0', 'int'),
(20, 'en_US', 'hideCoverPageCover', '1', 'int'),
(20, 'en_US', 'originalFileName', 'jic vol 3 no 1 2016x.jpg', 'string'),
(20, 'en_US', 'showCoverPage', '1', 'int'),
(20, 'en_US', 'title', 'Jurnal Insan Cendekia Vol 3 No 1', 'string'),
(20, 'en_US', 'width', '217', 'int'),
(21, '', 'pub-id::doi', '10.35874/jib.v9i1', 'string'),
(21, 'en_US', 'coverPageDescription', '', 'string'),
(21, 'en_US', 'description', '', 'string'),
(21, 'en_US', 'hideCoverPageArchives', '0', 'int'),
(21, 'en_US', 'hideCoverPageCover', '1', 'int'),
(21, 'en_US', 'showCoverPage', '1', 'int'),
(21, 'en_US', 'title', 'Jurnal Kebidanan', 'string'),
(23, '', 'pub-id::doi', '10.35874/jib.v10i1', 'string'),
(23, 'en_US', 'coverImage', 'cover_issue_23_en_US.jpg', 'string'),
(23, 'en_US', 'coverImageAltText', '', 'string'),
(23, 'en_US', 'coverPageDescription', '', 'string'),
(23, 'en_US', 'description', '<p>Volume 10 Nomor 1 September 2015</p>', 'string'),
(23, 'en_US', 'height', '3505', 'int'),
(23, 'en_US', 'hideCoverPageArchives', '0', 'int'),
(23, 'en_US', 'hideCoverPageCover', '1', 'int'),
(23, 'en_US', 'originalFileName', 'cover Jurnal Kebidanan.jpg', 'string'),
(23, 'en_US', 'showCoverPage', '1', 'int'),
(23, 'en_US', 'title', 'Jurnal Kebidanan', 'string'),
(23, 'en_US', 'width', '2479', 'int'),
(24, 'en_US', 'coverImage', 'cover_issue_24_en_US.png', 'string'),
(24, 'en_US', 'coverImageAltText', '', 'string'),
(24, 'en_US', 'coverPageDescription', '', 'string'),
(24, 'en_US', 'description', 'Vol. 11 No. 1 Maret 2016 : Jurnal Keperawatan', 'string'),
(24, 'en_US', 'height', '643', 'int'),
(24, 'en_US', 'hideCoverPageArchives', '0', 'int'),
(24, 'en_US', 'hideCoverPageCover', '1', 'int'),
(24, 'en_US', 'originalFileName', 'cover keperawatan.png', 'string'),
(24, 'en_US', 'showCoverPage', '1', 'int'),
(24, 'en_US', 'title', 'Jurnal Keperawatan', 'string'),
(24, 'en_US', 'width', '920', 'int'),
(25, '', 'pub-id::doi', '10.35874/jib.v12i1', 'string'),
(25, 'en_US', 'coverImage', 'cover_issue_25_en_US.jpg', 'string'),
(25, 'en_US', 'coverImageAltText', '', 'string'),
(25, 'en_US', 'coverPageDescription', '', 'string'),
(25, 'en_US', 'description', '', 'string'),
(25, 'en_US', 'height', '672', 'int'),
(25, 'en_US', 'hideCoverPageArchives', '0', 'int'),
(25, 'en_US', 'hideCoverPageCover', '1', 'int'),
(25, 'en_US', 'originalFileName', 'jurnal icme.jpg', 'string'),
(25, 'en_US', 'showCoverPage', '1', 'int'),
(25, 'en_US', 'title', 'Jurnal Kebidanan', 'string'),
(25, 'en_US', 'width', '949', 'int'),
(26, '', 'pub-id::doi', '10.35874/jib.v11i1', 'string'),
(26, 'en_US', 'coverImage', 'cover_issue_26_en_US.jpg', 'string'),
(26, 'en_US', 'coverImageAltText', '', 'string'),
(26, 'en_US', 'coverPageDescription', '', 'string'),
(26, 'en_US', 'description', '', 'string'),
(26, 'en_US', 'height', '672', 'int'),
(26, 'en_US', 'hideCoverPageArchives', '0', 'int'),
(26, 'en_US', 'hideCoverPageCover', '1', 'int'),
(26, 'en_US', 'originalFileName', 'vol 11.jpg', 'string'),
(26, 'en_US', 'showCoverPage', '1', 'int'),
(26, 'en_US', 'title', 'Jurnal Kebidanan', 'string'),
(26, 'en_US', 'width', '949', 'int'),
(27, '', 'pub-id::doi', '10.35874/jib.v4i1', 'string'),
(27, 'en_US', 'coverImage', 'cover_issue_27_en_US.jpg', 'string'),
(27, 'en_US', 'coverImageAltText', '', 'string'),
(27, 'en_US', 'coverPageDescription', '', 'string'),
(27, 'en_US', 'description', '', 'string'),
(27, 'en_US', 'height', '623', 'int'),
(27, 'en_US', 'hideCoverPageArchives', '0', 'int'),
(27, 'en_US', 'hideCoverPageCover', '1', 'int'),
(27, 'en_US', 'originalFileName', 'vol 4.jpg', 'string'),
(27, 'en_US', 'showCoverPage', '1', 'int'),
(27, 'en_US', 'title', 'Jurnal Kebidanan', 'string'),
(27, 'en_US', 'width', '880', 'int'),
(28, '', 'pub-id::doi', '10.35874/jib.v8i1', 'string'),
(28, 'en_US', 'coverImage', 'cover_issue_28_en_US.jpg', 'string'),
(28, 'en_US', 'coverImageAltText', '', 'string'),
(28, 'en_US', 'coverPageDescription', '', 'string'),
(28, 'en_US', 'description', '', 'string'),
(28, 'en_US', 'height', '672', 'int'),
(28, 'en_US', 'hideCoverPageArchives', '0', 'int'),
(28, 'en_US', 'hideCoverPageCover', '1', 'int'),
(28, 'en_US', 'originalFileName', 'vol 8.jpg', 'string'),
(28, 'en_US', 'showCoverPage', '1', 'int'),
(28, 'en_US', 'title', 'Jurnal Kebidanan', 'string'),
(28, 'en_US', 'width', '949', 'int'),
(30, 'en_US', 'coverImage', 'cover_issue_30_en_US.png', 'string'),
(30, 'en_US', 'coverImageAltText', '', 'string'),
(30, 'en_US', 'coverPageDescription', '', 'string'),
(30, 'en_US', 'description', '', 'string'),
(30, 'en_US', 'height', '551', 'int'),
(30, 'en_US', 'hideCoverPageArchives', '0', 'int'),
(30, 'en_US', 'hideCoverPageCover', '1', 'int'),
(30, 'en_US', 'originalFileName', 'cover_issue_29_en_US.png', 'string'),
(30, 'en_US', 'showCoverPage', '1', 'int'),
(30, 'en_US', 'title', 'Jurnal Insan Cendekia Vol 3 No 2', 'string'),
(30, 'en_US', 'width', '399', 'int'),
(31, '', 'pub-id::doi', '10.35874/jib.v13i1', 'string'),
(31, 'en_US', 'coverImage', 'cover_issue_31_en_US.png', 'string'),
(31, 'en_US', 'coverImageAltText', '', 'string'),
(31, 'en_US', 'coverPageDescription', '', 'string'),
(31, 'en_US', 'description', '', 'string'),
(31, 'en_US', 'height', '3505', 'int'),
(31, 'en_US', 'hideCoverPageArchives', '0', 'int'),
(31, 'en_US', 'hideCoverPageCover', '1', 'int'),
(31, 'en_US', 'originalFileName', 'cover Jurnal Kebidanan depan vol 13 2017.png', 'string'),
(31, 'en_US', 'showCoverPage', '1', 'int'),
(31, 'en_US', 'title', 'Jurnal Kebidanan', 'string'),
(31, 'en_US', 'width', '2479', 'int'),
(32, 'en_US', 'coverImage', 'cover_issue_32_en_US.png', 'string'),
(32, 'en_US', 'coverImageAltText', '', 'string'),
(32, 'en_US', 'coverPageDescription', '', 'string'),
(32, 'en_US', 'description', '', 'string'),
(32, 'en_US', 'height', '219', 'int'),
(32, 'en_US', 'hideCoverPageArchives', '0', 'int'),
(32, 'en_US', 'hideCoverPageCover', '1', 'int'),
(32, 'en_US', 'originalFileName', 'cover keperawatan vol 13 2017_2.png', 'string'),
(32, 'en_US', 'showCoverPage', '1', 'int'),
(32, 'en_US', 'title', 'Jurnal Keperawatan', 'string'),
(32, 'en_US', 'width', '153', 'int'),
(33, 'en_US', 'coverImage', 'cover_issue_33_en_US.jpg', 'string'),
(33, 'en_US', 'coverImageAltText', '', 'string'),
(33, 'en_US', 'coverPageDescription', '', 'string'),
(33, 'en_US', 'description', '', 'string'),
(33, 'en_US', 'height', '158', 'int'),
(33, 'en_US', 'hideCoverPageArchives', '0', 'int'),
(33, 'en_US', 'hideCoverPageCover', '1', 'int'),
(33, 'en_US', 'originalFileName', 'cover keperawatan vol 14 2017 rz.jpg', 'string'),
(33, 'en_US', 'showCoverPage', '1', 'int'),
(33, 'en_US', 'title', 'Jurnal Keperawatan', 'string'),
(33, 'en_US', 'width', '112', 'int'),
(34, 'en_US', 'coverImage', 'cover_issue_34_en_US.jpg', 'string'),
(34, 'en_US', 'coverImageAltText', '', 'string'),
(34, 'en_US', 'coverPageDescription', '', 'string'),
(34, 'en_US', 'description', '', 'string'),
(34, 'en_US', 'height', '138', 'int'),
(34, 'en_US', 'hideCoverPageArchives', '0', 'int'),
(34, 'en_US', 'hideCoverPageCover', '1', 'int'),
(34, 'en_US', 'originalFileName', 'vol 5 2017 up.jpg', 'string'),
(34, 'en_US', 'showCoverPage', '1', 'int'),
(34, 'en_US', 'title', 'Jurnal Insan Cendekia Vol 4 No 1', 'string'),
(34, 'en_US', 'width', '100', 'int'),
(35, '', 'pub-id::doi', '10.35874/jib.v14i1', 'string'),
(35, 'en_US', 'coverImage', 'cover_issue_35_en_US.png', 'string'),
(35, 'en_US', 'coverImageAltText', '', 'string'),
(35, 'en_US', 'coverPageDescription', '', 'string'),
(35, 'en_US', 'description', '', 'string'),
(35, 'en_US', 'height', '168', 'int'),
(35, 'en_US', 'hideCoverPageArchives', '0', 'int'),
(35, 'en_US', 'hideCoverPageCover', '1', 'int'),
(35, 'en_US', 'originalFileName', 'resize.png', 'string'),
(35, 'en_US', 'showCoverPage', '1', 'int'),
(35, 'en_US', 'title', 'Jurnal Kebidanan', 'string'),
(35, 'en_US', 'width', '119', 'int'),
(36, 'en_US', 'coverImage', 'cover_issue_36_en_US.jpg', 'string'),
(36, 'en_US', 'coverImageAltText', '', 'string'),
(36, 'en_US', 'coverPageDescription', '', 'string'),
(36, 'en_US', 'description', '', 'string'),
(36, 'en_US', 'height', '168', 'int'),
(36, 'en_US', 'hideCoverPageArchives', '0', 'int'),
(36, 'en_US', 'hideCoverPageCover', '1', 'int'),
(36, 'en_US', 'originalFileName', 'vol 6 2017.jpg', 'string'),
(36, 'en_US', 'showCoverPage', '1', 'int'),
(36, 'en_US', 'title', 'Jurnal Insan Cendekia Vol 4 No 2', 'string'),
(36, 'en_US', 'width', '122', 'int'),
(37, 'en_US', 'coverImageAltText', '', 'string'),
(37, 'en_US', 'coverPageDescription', '', 'string'),
(37, 'en_US', 'description', '', 'string'),
(37, 'en_US', 'hideCoverPageArchives', '0', 'int'),
(37, 'en_US', 'hideCoverPageCover', '0', 'int'),
(37, 'en_US', 'showCoverPage', '0', 'int'),
(37, 'en_US', 'title', 'Jurnal Keperawatan', 'string'),
(39, '', 'pub-id::doi', '10.35874/jib.v16i1', 'string'),
(39, 'en_US', 'coverImage', 'cover_issue_39_en_US.jpg', 'string'),
(39, 'en_US', 'coverImageAltText', '', 'string'),
(39, 'en_US', 'coverPageDescription', '', 'string'),
(39, 'en_US', 'description', '', 'string'),
(39, 'en_US', 'height', '300', 'int'),
(39, 'en_US', 'hideCoverPageArchives', '0', 'int'),
(39, 'en_US', 'hideCoverPageCover', '0', 'int'),
(39, 'en_US', 'originalFileName', 'vol_11x.jpg', 'string'),
(39, 'en_US', 'showCoverPage', '0', 'int'),
(39, 'en_US', 'title', 'Jurnal Kebidanan', 'string'),
(39, 'en_US', 'width', '213', 'int'),
(40, 'en_US', 'coverImage', 'cover_issue_40_en_US.jpg', 'string'),
(40, 'en_US', 'coverImageAltText', '', 'string'),
(40, 'en_US', 'coverPageDescription', '', 'string'),
(40, 'en_US', 'description', '', 'string'),
(40, 'en_US', 'height', '300', 'int'),
(40, 'en_US', 'hideCoverPageArchives', '0', 'int'),
(40, 'en_US', 'hideCoverPageCover', '0', 'int'),
(40, 'en_US', 'originalFileName', 'Cover-Keperawatan-page-001.jpg', 'string'),
(40, 'en_US', 'showCoverPage', '1', 'int'),
(40, 'en_US', 'title', 'Jurnal Keperawatan Vol 16 No 1', 'string'),
(40, 'en_US', 'width', '211', 'int'),
(42, '', 'pub-id::publisher-id', '', 'string'),
(42, 'en_US', 'coverImage', 'cover_issue_42_en_US.jpg', 'string'),
(42, 'en_US', 'coverImageAltText', '', 'string'),
(42, 'en_US', 'coverPageDescription', '', 'string'),
(42, 'en_US', 'description', '', 'string'),
(42, 'en_US', 'hideCoverPageArchives', '0', 'int'),
(42, 'en_US', 'hideCoverPageCover', '0', 'int'),
(42, 'en_US', 'showCoverPage', '0', 'int'),
(42, 'en_US', 'title', 'Jurnal Insan Cendekia', 'string'),
(43, '', 'pub-id::publisher-id', '', 'string'),
(43, 'en_US', 'coverImage', 'cover_issue_43_en_US.jpg', 'string'),
(43, 'en_US', 'coverImageAltText', '', 'string'),
(43, 'en_US', 'coverPageDescription', '', 'string'),
(43, 'en_US', 'description', '', 'string'),
(43, 'en_US', 'hideCoverPageArchives', '0', 'int'),
(43, 'en_US', 'hideCoverPageCover', '0', 'int'),
(43, 'en_US', 'showCoverPage', '0', 'int'),
(43, 'en_US', 'title', 'Jurnal Insan Cendekia', 'string'),
(45, 'en_US', 'coverImage', 'cover_issue_45_en_US.jpg', 'string'),
(45, 'en_US', 'coverPageDescription', '', 'string'),
(45, 'en_US', 'description', '', 'string'),
(45, 'en_US', 'height', '347', 'int'),
(45, 'en_US', 'hideCoverPageArchives', '0', 'int'),
(45, 'en_US', 'hideCoverPageCover', '0', 'int'),
(45, 'en_US', 'originalFileName', 'Cover-Keperawatan-1.jpg', 'string'),
(45, 'en_US', 'showCoverPage', '0', 'int'),
(45, 'en_US', 'title', 'Jurnal Keperawatan No. 15 No.1', 'string'),
(45, 'en_US', 'width', '211', 'int'),
(46, '', 'pub-id::doi', '10.35874/jib.v15i1', 'string'),
(46, 'en_US', 'coverImage', 'cover_issue_46_en_US.jpg', 'string'),
(46, 'en_US', 'coverImageAltText', '', 'string'),
(46, 'en_US', 'coverPageDescription', '', 'string'),
(46, 'en_US', 'description', '', 'string'),
(46, 'en_US', 'height', '347', 'int'),
(46, 'en_US', 'hideCoverPageArchives', '0', 'int'),
(46, 'en_US', 'hideCoverPageCover', '0', 'int'),
(46, 'en_US', 'originalFileName', 'Cover-Kebidanan-1.jpg', 'string'),
(46, 'en_US', 'showCoverPage', '0', 'int'),
(46, 'en_US', 'title', 'Jurnal Kebidanan', 'string'),
(46, 'en_US', 'width', '211', 'int'),
(48, 'en_US', 'coverImage', 'cover_issue_48_en_US.jpg', 'string'),
(48, 'en_US', 'coverPageDescription', '', 'string'),
(48, 'en_US', 'description', '', 'string'),
(48, 'en_US', 'height', '2339', 'int'),
(48, 'en_US', 'hideCoverPageArchives', '0', 'int'),
(48, 'en_US', 'hideCoverPageCover', '0', 'int'),
(48, 'en_US', 'originalFileName', 'Cover-Keperawatan Maret 2019-1.jpg', 'string'),
(48, 'en_US', 'showCoverPage', '0', 'int'),
(48, 'en_US', 'title', 'Jurnal Keperawatan Volume 17 No 1', 'string'),
(48, 'en_US', 'width', '1653', 'int'),
(51, '', 'pub-id::doi', '10.35874/jib.v17i1', 'string'),
(51, 'en_US', 'coverImage', 'cover_issue_51_en_US.jpg', 'string'),
(51, 'en_US', 'coverImageAltText', '', 'string'),
(51, 'en_US', 'coverPageDescription', '', 'string'),
(51, 'en_US', 'description', '', 'string'),
(51, 'en_US', 'height', '2800', 'int'),
(51, 'en_US', 'hideCoverPageArchives', '0', 'int'),
(51, 'en_US', 'hideCoverPageCover', '0', 'int'),
(51, 'en_US', 'originalFileName', 'Cover-Kebidanan Maret 2019.jpg', 'string'),
(51, 'en_US', 'showCoverPage', '0', 'int'),
(51, 'en_US', 'title', 'Jurnal Kebidanan', 'string'),
(51, 'en_US', 'width', '1700', 'int'),
(52, '', 'pub-id::publisher-id', '', 'string'),
(52, 'en_US', 'coverImage', 'cover_issue_52_en_US.jpg', 'string'),
(52, 'en_US', 'coverImageAltText', '', 'string'),
(52, 'en_US', 'description', '', 'string'),
(52, 'en_US', 'title', 'Jurnal Insan Cendekia', 'string'),
(53, 'en_US', 'coverImage', 'cover_issue_53_en_US.jpg', 'string'),
(53, 'en_US', 'coverImageAltText', '', 'string'),
(53, 'en_US', 'description', '', 'string'),
(53, 'en_US', 'title', 'Jurnal Insan Cendekia', 'string'),
(54, '', 'pub-id::publisher-id', '', 'string'),
(54, 'en_US', 'coverImage', 'cover_issue_54_en_US.jpg', 'string'),
(54, 'en_US', 'coverImageAltText', '', 'string'),
(54, 'en_US', 'description', '', 'string'),
(54, 'en_US', 'title', 'Jurnal Insan Cendekia', 'string'),
(55, 'en_US', 'description', '', 'string'),
(55, 'en_US', 'title', 'Jurnal Kebidanan', 'string'),
(56, 'en_US', 'coverImage', 'cover_issue_56_en_US.jpg', 'string'),
(56, 'en_US', 'coverImageAltText', '', 'string'),
(56, 'en_US', 'description', '', 'string'),
(56, 'en_US', 'title', 'Jurnal Kebidanan', 'string'),
(59, 'en_US', 'coverImage', 'cover_issue_59_en_US.png', 'string'),
(59, 'en_US', 'description', '', 'string'),
(59, 'en_US', 'title', 'Jurnal Insan Cendekia', 'string'),
(61, 'en_US', 'coverImage', 'cover_issue_61_en_US.jpg', 'string'),
(61, 'en_US', 'description', '', 'string'),
(61, 'en_US', 'title', 'Jurnal Kebidanan', 'string'),
(62, 'en_US', 'coverImage', 'cover_issue_62_en_US.jpg', 'string'),
(62, 'en_US', 'description', '', 'string'),
(62, 'en_US', 'title', 'Jurnal Keperawatan', 'string'),
(63, 'en_US', 'coverImage', 'cover_issue_63_en_US.jpg', 'string'),
(63, 'en_US', 'description', '', 'string'),
(63, 'en_US', 'title', 'Jurnal Keperawatan', 'string'),
(64, '', 'pub-id::doi', '10.35874/jic.v8i1', 'string'),
(64, '', 'pub-id::publisher-id', '', 'string'),
(64, 'en_US', 'coverImage', 'cover_issue_64_en_US.jpg', 'string'),
(64, 'en_US', 'description', '', 'string'),
(64, 'en_US', 'title', 'Jurnal Insan Cendekia', 'string'),
(66, 'en_US', 'coverImage', 'cover_issue_66_en_US.jpg', 'string'),
(66, 'en_US', 'description', '', 'string'),
(66, 'en_US', 'title', 'Jurnal Keperawatan', 'string'),
(67, 'en_US', 'coverImage', 'cover_issue_67_en_US.jpg', 'string'),
(67, 'en_US', 'description', '', 'string'),
(67, 'en_US', 'title', 'Jurnal Keperawatan', 'string'),
(68, 'en_US', 'coverImage', 'cover_issue_68_en_US.jpg', 'string'),
(68, 'en_US', 'coverImageAltText', '', 'string'),
(68, 'en_US', 'description', '', 'string'),
(68, 'en_US', 'title', 'Jurnal Kebidanan', 'string'),
(71, 'en_US', 'coverImage', 'cover_issue_71_en_US.jpg', 'string'),
(71, 'en_US', 'description', '<p>Pada volume ini terdiri dari 5 manuskrip yang terdiri dari beberapa Perguruan Tinggi dengan 5 author&nbsp;</p>', 'string'),
(71, 'en_US', 'title', 'Jurnal Kebidanan September 2021', 'string'),
(73, 'en_US', 'coverImage', 'cover_issue_73_en_US.jpg', 'string'),
(73, 'en_US', 'description', '', 'string'),
(73, 'en_US', 'title', 'Jurnal Keperawatan', 'string'),
(74, '', 'pub-id::doi', '10.35874/jic.v8i2', 'string'),
(74, 'en_US', 'coverImage', 'cover_issue_74_en_US.jpg', 'string'),
(74, 'en_US', 'description', '', 'string'),
(74, 'en_US', 'title', 'Jurnal Insan Cendekia', 'string'),
(75, 'en_US', 'coverImage', 'cover_issue_75_en_US.png', 'string'),
(75, 'en_US', 'coverImageAltText', '', 'string'),
(75, 'en_US', 'description', '', 'string'),
(75, 'en_US', 'title', 'Jurnal Abdi Medika Mei 2021', 'string'),
(76, 'en_US', 'coverImage', 'cover_issue_76_en_US.png', 'string'),
(76, 'en_US', 'coverImageAltText', '', 'string'),
(76, 'en_US', 'description', '', 'string'),
(76, 'en_US', 'title', 'Jurnal Abdi Medika Desember 2021', 'string'),
(77, 'en_US', 'coverImage', 'cover_issue_77_en_US.jpg', 'string'),
(77, 'en_US', 'coverImageAltText', '', 'string'),
(77, 'en_US', 'description', '', 'string'),
(77, 'en_US', 'title', 'Jurnal Keperawatan', 'string'),
(78, '', 'pub-id::doi', '10.35874/jic.v9i1', 'string'),
(78, 'en_US', 'coverImage', 'cover_issue_78_en_US.jpg', 'string'),
(78, 'en_US', 'description', '', 'string'),
(78, 'en_US', 'title', 'Jurnal Insan Cendekia', 'string'),
(79, 'en_US', 'coverImage', 'cover_issue_79_en_US.jpg', 'string'),
(79, 'en_US', 'description', '', 'string'),
(79, 'en_US', 'title', 'Jurnal Kebidanan Edisi Maret 2022', 'string'),
(80, 'en_US', 'coverImage', 'cover_issue_80_en_US.jpg', 'string'),
(80, 'en_US', 'coverImageAltText', '', 'string'),
(80, 'en_US', 'description', '', 'string'),
(80, 'en_US', 'title', 'Edisi Khusus Jurnal Keperawatan', 'string'),
(81, 'en_US', 'coverImage', 'cover_issue_81_en_US.png', 'string'),
(81, 'en_US', 'coverImageAltText', '', 'string'),
(81, 'en_US', 'description', '', 'string'),
(81, 'en_US', 'title', 'Jurnal Abdi Medika Mei 2022', 'string'),
(82, 'en_US', 'coverImage', 'cover_issue_82_en_US.jpg', 'string'),
(82, 'en_US', 'description', '', 'string'),
(82, 'en_US', 'title', 'Jurnal Keperawatan', 'string'),
(84, 'en_US', 'coverImage', 'cover_issue_84_en_US.jpg', 'string'),
(84, 'en_US', 'description', '', 'string'),
(84, 'en_US', 'title', 'Jurnal Kebidanan September 2022', 'string'),
(86, '', 'pub-id::doi', '10.35874/jic.v9i2', 'string'),
(86, 'en_US', 'coverImage', 'cover_issue_86_en_US.jpg', 'string'),
(86, 'en_US', 'description', '', 'string'),
(86, 'en_US', 'title', 'Jurnal Insan Cendekia September 2022', 'string'),
(90, 'en_US', 'description', '', 'string'),
(90, 'en_US', 'title', 'Januari - Juni 2021', 'string'),
(91, 'en_US', 'description', '', 'string'),
(91, 'en_US', 'title', 'Juli - Desember 2021', 'string'),
(93, 'en_US', 'description', '', 'string'),
(93, 'en_US', 'title', 'Juli - Desember 2020', 'string'),
(95, 'en_US', 'description', '', 'string'),
(95, 'en_US', 'title', 'Januari - Juni 2022', 'string'),
(96, 'en_US', 'description', '', 'string'),
(96, 'en_US', 'title', 'Juli - Desember 2022', 'string'),
(98, 'en_US', 'description', '', 'string'),
(98, 'en_US', 'title', 'INPRESS 2022', 'string'),
(99, '', 'pub-id::doi', '10.35874/jam.v2i2', 'string'),
(99, 'en_US', 'coverImage', 'cover_issue_99_en_US.jpg', 'string'),
(99, 'en_US', 'coverImageAltText', '', 'string'),
(99, 'en_US', 'description', '', 'string'),
(99, 'en_US', 'title', 'Jurnal Abdi Medika Desember 2022', 'string'),
(100, 'en_US', 'coverImage', 'cover_issue_100_en_US.jpg', 'string'),
(100, 'en_US', 'coverImageAltText', '', 'string'),
(100, 'en_US', 'description', '<div class=\"tab-panels\">&nbsp;</div>\r\n<h3>Deskripsi Buku</h3>\r\n<p>&nbsp;</p>\r\n<div id=\"section-desc\" class=\"product-desc\">\r\n<div>Buku saku ini berisi tentang, identifikasi pasien secara benar (patient Safety) dan perhitungan praktis, penilaian dengan score, elektrokardiografi, pertolongan penderita gawat darurat (PPGD), keadaan normal dan beberapa informasi lainnya. Dengan adanya buku saku ini diharapkan dapat menambah wawasan bagi mahasiswa keperawatan maupun kebidanan.</div>\r\n<div>&nbsp;</div>\r\n<div>&nbsp;</div>\r\n<div>\r\n<h3>Detail</h3>\r\n<table style=\"height: 104px;\" width=\"295\">\r\n<tbody>\r\n<tr>\r\n<td style=\"width: 139.5px;\">\r\n<p>Jumlah Halaman</p>\r\n<p>148</p>\r\n</td>\r\n<td style=\"width: 139.5px;\">\r\n<p><span class=\"ng-star-inserted\">ISBN</span></p>\r\n<p>9786026099242</p>\r\n</td>\r\n</tr>\r\n<tr>\r\n<td style=\"width: 139.5px;\">\r\n<p><span class=\"ng-star-inserted\">Penerbit</span></p>\r\n<p><a href=\"https://www.gramedia.com/vendor/celebes-media-perkasa\">Celebes Media Perkasa</a></p>\r\n</td>\r\n<td style=\"width: 139.5px;\">\r\n<p><span class=\"ng-star-inserted\">Lebar</span></p>\r\n<p>0.0 cm</p>\r\n</td>\r\n</tr>\r\n<tr>\r\n<td style=\"width: 139.5px;\">\r\n<p><span class=\"ng-star-inserted\">Tanggal Terbit</span></p>\r\n<p>17 Sep 2017</p>\r\n</td>\r\n<td style=\"width: 139.5px;\">\r\n<p><span class=\"ng-star-inserted\">Bahasa</span></p>\r\n<p>ind</p>\r\n</td>\r\n</tr>\r\n<tr>\r\n<td style=\"width: 139.5px;\">\r\n<p><span class=\"ng-star-inserted\">Berat</span></p>\r\n<p>0.0 kg</p>\r\n</td>\r\n<td style=\"width: 139.5px;\">\r\n<p><span class=\"ng-star-inserted\">Panjang</span></p>\r\n<p>0.0cm</p>\r\n</td>\r\n</tr>\r\n</tbody>\r\n</table>\r\n<p>&nbsp;</p>\r\n<p>&nbsp;</p>\r\n</div>\r\n</div>', 'string'),
(100, 'en_US', 'title', 'MODUL 2 ASUHAN KEBIDANAN KEHAMILAN', 'string'),
(103, 'en_US', 'coverImage', 'cover_issue_103_en_US.jpg', 'string'),
(103, 'en_US', 'description', '', 'string'),
(103, 'en_US', 'title', 'Edisi Khusus Jurnal Keperawatan', 'string'),
(108, '', 'pub-id::doi', '10.35874/jic.v10i1', 'string'),
(108, 'en_US', 'description', '', 'string'),
(108, 'en_US', 'title', 'Jurnal Insan Cendekia', 'string'),
(109, '', 'pub-id::doi', '10.35874/jib.v13i1', 'string'),
(109, 'en_US', 'coverImage', 'cover_issue_109_en_US.jpg', 'string'),
(109, 'en_US', 'description', '', 'string'),
(109, 'en_US', 'title', 'Jurnal Kebidanan Maret 2023', 'string'),
(110, 'en_US', 'coverImage', 'cover_issue_110_en_US.jpg', 'string'),
(110, 'en_US', 'coverImageAltText', '', 'string'),
(110, 'en_US', 'description', '', 'string'),
(110, 'en_US', 'title', 'Jurnal Keperawatan Maret 2023', 'string'),
(111, '', 'pub-id::doi', '10.35874/jam.v3i1', 'string'),
(111, 'en_US', 'coverImage', 'cover_issue_111_en_US.jpg', 'string'),
(111, 'en_US', 'coverImageAltText', '', 'string'),
(111, 'en_US', 'description', '', 'string'),
(111, 'en_US', 'title', 'Jurnal Abdi Medika Mei 2023', 'string'),
(112, '', 'pub-id::doi', '10.35874/jic.v10i2', 'string'),
(112, 'en_US', 'coverImage', 'cover_issue_112_en_US.jpg', 'string'),
(112, 'en_US', 'description', '', 'string'),
(112, 'en_US', 'title', 'Jurnal Insan Cendekia', 'string'),
(114, '', 'pub-id::doi', '10.35874/jic.v10i3', 'string'),
(114, 'en_US', 'coverImage', 'cover_issue_114_en_US.jpg', 'string'),
(114, 'en_US', 'description', '', 'string'),
(114, 'en_US', 'title', 'Jurnal Insan Cendekia', 'string'),
(115, 'en_US', 'coverImage', 'cover_issue_115_en_US.jpg', 'string'),
(115, 'en_US', 'description', '', 'string'),
(115, 'en_US', 'title', 'Jurnal Keperawatan September 2023', 'string'),
(116, '', 'pub-id::doi', '10.35874/jib.v13i2', 'string'),
(116, 'en_US', 'coverImage', 'cover_issue_116_en_US.jpg', 'string'),
(116, 'en_US', 'description', '', 'string'),
(116, 'en_US', 'title', 'Jurnal Kebidanan Edisi September 2023', 'string'),
(117, '', 'pub-id::doi', '10.35874/jam.v3i2', 'string'),
(117, 'en_US', 'coverImage', 'cover_issue_117_en_US.jpg', 'string'),
(117, 'en_US', 'coverImageAltText', '', 'string'),
(117, 'en_US', 'description', '', 'string'),
(117, 'en_US', 'title', 'Jurnal Abdi Medika Desember 2023', 'string'),
(119, '', 'pub-id::doi', '10.35874/jic.v11i1', 'string'),
(119, 'en_US', 'coverImage', 'cover_issue_119_en_US.jpg', 'string'),
(119, 'en_US', 'description', '', 'string'),
(119, 'en_US', 'title', 'Jurnal Insan Cendekia', 'string'),
(120, '', 'pub-id::doi', '10.35874/jib.v14i1', 'string'),
(120, 'en_US', 'description', '', 'string'),
(120, 'en_US', 'title', 'Jurnal Kebidanan Maret 2024', 'string'),
(122, 'en_US', 'coverImage', 'cover_issue_122_en_US.jpg', 'string'),
(122, 'en_US', 'description', '', 'string'),
(122, 'en_US', 'title', 'Jurnal Keperawatan Maret 2024', 'string'),
(123, '', 'pub-id::doi', '10.35874/jam.v4i1', 'string'),
(123, 'en_US', 'coverImage', 'cover_issue_123_en_US.jpg', 'string'),
(123, 'en_US', 'description', '', 'string'),
(123, 'en_US', 'title', 'Jurnal Abdi Medika Mei 2024', 'string');

-- --------------------------------------------------------

--
-- Table structure for table `item_views`
--

CREATE TABLE `item_views` (
  `assoc_type` bigint(20) NOT NULL,
  `assoc_id` varchar(32) NOT NULL,
  `user_id` bigint(20) DEFAULT NULL,
  `date_last_viewed` datetime DEFAULT NULL
) ENGINE=MyISAM DEFAULT CHARSET=latin1;

--
-- Dumping data for table `item_views`
--

INSERT INTO `item_views` (`assoc_type`, `assoc_id`, `user_id`, `date_last_viewed`) VALUES
(516, '329', 403, '2022-12-16 01:06:11'),
(516, '327', 403, '2022-12-16 01:50:13'),
(515, '745-1', 1, '2019-09-07 03:11:56'),
(515, '445-1', 160, '2019-10-14 19:34:07'),
(515, '765-4', 1, '2019-11-25 15:03:24'),
(515, '1053-1', 1, '2019-11-27 21:44:46'),
(515, '1450-1', 1, '2020-10-16 06:51:24'),
(515, '1073-1', 1, '2020-07-07 23:20:26'),
(515, '769-4', 1, '2019-12-23 04:37:32'),
(515, '937-1', 190, '2020-02-05 07:30:37'),
(515, '254-1', 192, '2020-06-07 03:05:40'),
(515, '1247-1', 1, '2020-09-18 11:14:22'),
(515, '1772-1', 1, '2021-03-23 02:57:53'),
(515, '1251-2', 1, '2020-06-29 07:20:08'),
(515, '1256-1', 1, '2020-06-30 06:50:13'),
(515, '1257-3', 225, '2020-07-02 04:41:47'),
(515, '1255-1', 1, '2020-07-03 04:49:21'),
(515, '1376-1', 1, '2021-02-21 23:31:38'),
(515, '1253-2', 1, '2020-09-28 03:33:00'),
(515, '1250-1', 162, '2020-07-08 14:17:38'),
(515, '1219-1', 1, '2021-03-31 04:30:54'),
(515, '1201-1', 1, '2021-03-31 04:36:33'),
(515, '1265-1', 1, '2020-07-07 06:19:35'),
(515, '1073-2', 1, '2020-10-16 04:08:44'),
(515, '1075-2', 1, '2020-07-07 23:35:43'),
(515, '1077-2', 1, '2020-07-07 23:36:46'),
(515, '1289-2', 230, '2020-07-08 05:07:54'),
(515, '1181-1', 162, '2020-07-09 07:57:54'),
(515, '1179-1', 162, '2020-07-09 07:59:24'),
(515, '1185-1', 162, '2020-07-09 07:59:59'),
(515, '1250-1', 1, '2020-09-18 11:50:15'),
(515, '1271-1', 1, '2020-10-16 06:49:35'),
(515, '1310-1', 1, '2020-07-14 05:16:04'),
(515, '1330-1', 1, '2020-07-14 05:17:59'),
(515, '1283-1', 1, '2020-07-14 09:51:49'),
(515, '787-1', 231, '2020-07-17 05:23:31'),
(515, '1289-2', 224, '2020-07-17 07:39:32'),
(515, '1337-1', 206, '2020-09-26 07:10:48'),
(516, '67', 224, '2020-07-17 08:54:25'),
(515, '1262-1', 197, '2020-07-21 05:12:36'),
(515, '1257-3', 197, '2020-07-21 05:23:30'),
(515, '1343-1', 206, '2020-09-27 04:22:55'),
(515, '1250-1', 226, '2020-07-24 14:19:44'),
(515, '4811-2', 700, '2024-03-15 07:15:32'),
(515, '1345-1', 238, '2020-08-27 04:21:24'),
(515, '3612-1', 403, '2022-12-15 02:32:36'),
(515, '1201-1', 161, '2020-09-03 10:41:57'),
(515, '1205-1', 161, '2020-09-03 10:42:25'),
(515, '1209-1', 161, '2020-09-03 10:42:45'),
(515, '1217-1', 161, '2020-09-03 10:43:30'),
(515, '1041-1', 1, '2020-09-17 13:50:03'),
(515, '1348-1', 1, '2020-09-18 06:00:35'),
(515, '1382-1', 1, '2020-09-18 08:00:50'),
(515, '1262-1', 224, '2020-09-18 09:32:57'),
(515, '1380-1', 1, '2020-09-28 03:23:53'),
(515, '1316-1', 1, '2020-09-18 11:56:59'),
(515, '1258-1', 224, '2020-09-18 12:01:33'),
(515, '1385-1', 224, '2020-09-18 12:18:19'),
(515, '1383-1', 205, '2020-11-27 07:15:36'),
(515, '1372-1', 205, '2020-09-24 08:12:37'),
(515, '1338-1', 206, '2020-09-27 04:18:51'),
(515, '1380-1', 224, '2020-09-28 03:32:14'),
(515, '1380-1', 197, '2020-09-28 03:40:00'),
(515, '1380-2', 197, '2020-09-28 04:02:45'),
(515, '1427-1', 205, '2020-09-28 04:18:13'),
(516, '81', 224, '2020-09-28 04:27:06'),
(515, '1427-1', 224, '2020-09-28 04:29:45'),
(515, '1428-1', 224, '2020-09-28 04:30:36'),
(515, '1257-5', 225, '2020-10-09 04:31:02'),
(515, '436-1', 266, '2020-10-03 05:31:16'),
(515, '1262-1', 161, '2020-10-05 07:21:32'),
(515, '1312-1', 162, '2020-11-19 14:05:17'),
(515, '692-1', 1, '2020-10-16 03:42:13'),
(515, '1290-1', 1, '2020-10-16 03:51:36'),
(515, '1269-1', 1, '2020-10-16 06:49:07'),
(515, '1449-1', 1, '2020-10-16 06:51:34'),
(515, '436-1', 271, '2020-10-18 13:06:28'),
(515, '617-1', 271, '2020-10-18 13:06:53'),
(515, '1452-1', 1, '2020-10-19 10:48:25'),
(515, '1446-1', 1, '2020-10-19 10:48:37'),
(515, '1227-2', 1, '2020-10-19 10:48:56'),
(515, '1229-2', 1, '2020-10-19 10:49:13'),
(515, '1233-2', 1, '2020-10-19 10:49:41'),
(515, '1235-2', 1, '2020-10-19 10:49:51'),
(515, '1241-2', 1, '2020-10-19 10:50:01'),
(515, '1430-1', 224, '2020-10-19 14:24:56'),
(515, '1341-1', 1, '2020-10-19 22:56:09'),
(515, '1459-1', 193, '2020-10-20 02:24:57'),
(515, '1456-1', 193, '2020-10-20 13:55:48'),
(515, '1390-1', 193, '2020-10-20 14:12:41'),
(515, '1089-2', 228, '2020-10-21 03:41:25'),
(515, '1283-1', 228, '2020-10-21 03:41:26'),
(515, '1306-1', 228, '2020-10-21 03:41:28'),
(515, '1319-1', 228, '2020-10-21 03:41:36'),
(515, '1469-1', 1, '2020-10-21 07:24:15'),
(515, '1471-1', 193, '2020-10-22 02:10:22'),
(515, '1388-1', 193, '2020-10-22 02:21:20'),
(515, '1386-1', 193, '2020-10-22 06:09:46'),
(515, '1179-1', 278, '2020-10-30 21:36:47'),
(516, '75', 1, '2020-11-05 03:38:52'),
(515, '1386-1', 1, '2020-11-05 03:39:34'),
(515, '1012-1', 1, '2020-11-05 08:27:46'),
(515, '1017-1', 1, '2020-11-05 08:40:03'),
(515, '1432-1', 259, '2020-11-10 03:04:08'),
(515, '1483-1', 226, '2020-11-17 08:09:55'),
(515, '1460-1', 1, '2020-11-16 11:58:24'),
(515, '1486-1', 193, '2020-11-17 05:10:45'),
(515, '1487-1', 224, '2020-11-17 04:22:12'),
(515, '1489-1', 193, '2020-11-17 04:58:01'),
(516, '93', 224, '2020-11-17 05:16:52'),
(515, '1483-1', 224, '2020-11-17 05:53:59'),
(515, '1490-1', 226, '2020-11-17 08:06:56'),
(515, '1390-1', 224, '2020-11-18 01:57:10'),
(515, '1492-1', 226, '2020-11-17 14:09:58'),
(515, '1492-2', 226, '2020-11-17 14:57:43'),
(515, '1493-1', 226, '2020-11-18 01:53:15'),
(515, '2824-1', 321, '2022-08-19 07:10:06'),
(515, '1492-5', 226, '2020-11-18 01:46:03'),
(515, '1500-1', 226, '2020-11-18 01:53:30'),
(515, '1501-1', 226, '2020-11-18 01:54:14'),
(515, '1391-1', 224, '2020-11-18 01:56:34'),
(515, '1401-1', 249, '2020-11-18 02:43:09'),
(515, '1490-1', 219, '2020-11-18 02:47:09'),
(515, '3052-1', 432, '2022-08-19 08:12:52'),
(516, '247', 392, '2022-08-18 07:15:23'),
(515, '1497-1', 162, '2020-11-19 15:21:48'),
(515, '1251-2', 291, '2020-11-18 05:26:40'),
(515, '1513-2', 291, '2020-11-18 05:26:45'),
(515, '739-1', 291, '2020-11-18 05:28:23'),
(515, '740-2', 291, '2020-11-18 05:28:23'),
(515, '1310-1', 162, '2020-11-19 13:40:47'),
(515, '1492-5', 175, '2020-11-19 14:01:38'),
(515, '1500-1', 175, '2020-11-19 15:09:49'),
(515, '1542-1', 226, '2020-11-20 13:48:56'),
(515, '1544-1', 226, '2020-11-20 13:54:44'),
(515, '1545-1', 226, '2020-11-20 13:55:34'),
(515, '1477-2', 226, '2020-11-22 12:33:31'),
(515, '1529-1', 226, '2020-11-20 14:04:09'),
(515, '1546-1', 226, '2020-11-20 14:13:23'),
(515, '1526-1', 226, '2020-11-20 14:15:43'),
(515, '1548-1', 226, '2020-11-20 14:27:51'),
(515, '1549-1', 226, '2020-11-20 14:28:19'),
(515, '1527-1', 226, '2020-11-20 14:45:16'),
(515, '1540-2', 300, '2021-09-23 03:24:55'),
(515, '1551-1', 226, '2020-11-20 15:01:18'),
(515, '1549-1', 195, '2020-11-23 03:26:59'),
(515, '3043-1', 401, '2022-08-18 06:26:03'),
(515, '1563-1', 175, '2020-11-24 10:47:51'),
(515, '1518-1', 206, '2020-12-12 01:54:22'),
(515, '1519-1', 206, '2020-11-25 06:49:21'),
(515, '2823-1', 437, '2022-08-17 04:37:30'),
(515, '1518-1', 205, '2020-11-26 06:44:30'),
(515, '1519-1', 205, '2020-11-26 06:44:45'),
(515, '1465-1', 206, '2020-11-26 16:10:17'),
(515, '3042-1', 432, '2022-08-19 08:13:50'),
(515, '1489-1', 205, '2020-11-27 05:10:36'),
(515, '1501-1', 205, '2020-11-27 06:47:17'),
(515, '1423-1', 206, '2020-11-27 07:02:40'),
(515, '1426-1', 205, '2020-11-27 07:03:17'),
(515, '1423-1', 205, '2020-11-27 07:07:42'),
(515, '1426-1', 206, '2020-11-27 07:49:58'),
(515, '1384-1', 206, '2020-12-12 01:55:18'),
(515, '1385-1', 206, '2020-11-27 13:16:17'),
(515, '3633-1', 519, '2023-06-27 02:38:03'),
(515, '3047-1', 392, '2022-08-18 07:08:34'),
(515, '2806-1', 437, '2022-08-17 04:30:56'),
(515, '1563-1', 1, '2021-01-15 16:31:35'),
(516, '86', 224, '2021-01-15 16:36:20'),
(515, '1469-1', 224, '2021-01-15 16:44:30'),
(515, '1581-1', 224, '2021-01-26 05:51:14'),
(515, '1582-1', 161, '2021-01-27 07:25:23'),
(515, '1580-1', 161, '2021-01-29 05:50:01'),
(515, '1589-1', 210, '2021-01-29 04:17:36'),
(515, '1581-1', 161, '2021-01-29 04:24:41'),
(515, '1583-1', 161, '2021-01-29 04:19:01'),
(515, '1588-1', 210, '2021-01-29 04:19:36'),
(515, '1587-1', 210, '2021-01-29 04:19:56'),
(515, '1586-1', 210, '2021-01-29 04:20:34'),
(515, '1584-1', 161, '2021-01-29 04:20:26'),
(515, '1585-1', 210, '2021-01-29 04:26:25'),
(515, '1581-1', 210, '2021-02-01 02:50:11'),
(515, '1601-1', 226, '2021-02-05 05:55:14'),
(515, '1601-1', 1, '2021-02-05 12:52:08'),
(515, '1602-1', 1, '2021-02-08 03:53:38'),
(515, '1622-1', 1, '2021-02-08 05:06:23'),
(515, '1636-1', 1, '2021-02-09 08:51:14'),
(515, '1624-1', 1, '2021-02-08 05:23:45'),
(515, '1625-1', 1, '2021-02-08 05:26:51'),
(515, '1626-1', 1, '2021-02-08 05:29:25'),
(515, '1627-2', 1, '2021-02-08 07:48:02'),
(515, '1633-1', 193, '2021-02-08 13:26:40'),
(515, '1545-1', 193, '2021-02-08 13:35:11'),
(516, '107', 1, '2021-02-09 07:19:10'),
(515, '1510-1', 193, '2021-02-11 02:25:39'),
(515, '1651-1', 1, '2021-02-11 03:35:15'),
(515, '1179-1', 318, '2021-02-16 04:38:23'),
(515, '1687-1', 1, '2021-02-18 02:40:07'),
(515, '1688-1', 1, '2021-02-18 02:46:59'),
(515, '1689-1', 1, '2021-02-18 02:50:45'),
(515, '1690-1', 1, '2021-02-18 02:53:42'),
(515, '782-1', 1, '2021-02-18 02:55:44'),
(515, '1691-1', 1, '2021-02-18 03:04:58'),
(515, '1692-1', 1, '2021-02-18 03:11:10'),
(515, '1366-1', 1, '2021-03-31 03:41:47'),
(515, '1374-1', 1, '2021-02-21 23:31:33'),
(515, '1637-1', 1, '2021-02-21 23:31:40'),
(515, '1639-1', 1, '2021-11-29 03:49:26'),
(515, '1641-1', 1, '2021-02-21 23:31:47'),
(515, '1643-1', 1, '2021-02-21 23:31:52'),
(515, '1645-1', 1, '2021-02-21 23:31:55'),
(515, '1647-1', 1, '2021-02-21 23:31:59'),
(515, '1649-1', 1, '2021-02-21 23:32:01'),
(515, '1366-1', 198, '2021-02-23 05:56:55'),
(515, '1376-1', 198, '2021-02-23 05:58:49'),
(515, '3034-1', 321, '2022-09-10 10:08:37'),
(515, '1197-1', 321, '2021-03-07 15:19:41'),
(515, '1179-1', 321, '2021-03-08 03:34:48'),
(515, '1181-1', 321, '2021-03-08 03:35:28'),
(515, '1183-1', 321, '2021-03-08 03:35:30'),
(515, '1146-1', 321, '2021-03-12 17:15:12'),
(516, '253', 321, '2022-09-07 03:11:33'),
(515, '524-2', 1, '2021-03-23 07:15:59'),
(515, '1732-1', 1, '2021-03-20 10:30:41'),
(515, '1731-1', 1, '2021-03-20 10:32:36'),
(515, '1730-1', 1, '2021-03-20 10:32:52'),
(515, '1729-1', 1, '2021-03-20 10:33:04'),
(515, '1728-1', 1, '2021-03-20 10:33:25'),
(515, '1770-1', 226, '2021-03-24 08:06:30'),
(515, '1732-1', 210, '2021-03-25 05:40:10'),
(515, '3055-1', 87, '2022-08-19 12:06:47'),
(515, '1770-1', 1, '2021-03-29 02:50:11'),
(515, '3033-1', 321, '2022-09-07 15:01:03'),
(515, '1773-1', 1, '2021-04-01 03:25:21'),
(515, '1785-1', 1, '2021-03-30 04:19:11'),
(515, '811-1', 321, '2021-03-30 23:46:08'),
(515, '1750-1', 321, '2021-03-30 23:46:54'),
(515, '1676-1', 1, '2021-03-31 03:10:11'),
(515, '1203-1', 1, '2021-03-31 03:53:43'),
(515, '1205-1', 1, '2021-03-31 04:00:11'),
(515, '1207-1', 1, '2021-03-31 04:04:00'),
(515, '1209-1', 1, '2021-03-31 04:06:02'),
(515, '1211-1', 1, '2021-03-31 04:09:14'),
(515, '1213-1', 1, '2021-03-31 04:12:33'),
(515, '1215-1', 1, '2021-03-31 04:24:07'),
(515, '1217-1', 1, '2021-03-31 04:27:54'),
(515, '1750-1', 1, '2021-03-31 04:36:30'),
(516, '207', 339, '2022-03-20 09:46:50'),
(515, '1798-1', 338, '2021-04-09 01:11:09'),
(515, '1699-1', 1, '2021-04-14 02:45:42'),
(515, '1810-1', 1, '2021-04-14 02:50:25'),
(515, '3568-1', 557, '2022-12-15 02:37:03'),
(515, '1428-1', 1, '2021-04-15 03:32:57'),
(515, '1427-1', 1, '2021-04-15 03:35:25'),
(515, '2856-1', 321, '2022-09-02 10:52:30'),
(515, '1201-1', 345, '2021-04-15 05:00:22'),
(515, '1203-1', 345, '2021-04-15 05:00:23'),
(515, '1205-1', 345, '2021-10-21 01:16:42'),
(515, '1207-1', 345, '2021-04-15 05:00:26'),
(515, '1209-1', 345, '2021-04-15 05:00:28'),
(515, '1211-1', 345, '2021-04-15 05:00:30'),
(515, '1213-1', 345, '2021-04-15 05:00:31'),
(515, '1215-1', 345, '2021-04-15 05:00:33'),
(515, '1217-1', 345, '2021-04-15 05:00:35'),
(515, '1219-1', 345, '2021-04-15 05:00:36'),
(515, '1201-1', 339, '2021-04-15 05:02:03'),
(515, '1203-1', 339, '2021-04-15 05:02:38'),
(515, '1205-1', 339, '2021-04-15 06:05:55'),
(515, '1207-1', 339, '2021-04-15 06:06:01'),
(515, '1209-1', 339, '2021-04-15 06:06:13'),
(515, '1211-1', 339, '2021-04-15 06:06:29'),
(515, '1213-1', 339, '2021-04-15 06:07:13'),
(515, '1215-1', 339, '2021-04-15 06:07:18'),
(515, '1217-1', 339, '2021-04-15 06:07:21'),
(515, '1219-1', 339, '2021-04-15 06:07:30'),
(515, '379-1', 1, '2021-04-15 06:59:32'),
(515, '1427-1', 339, '2021-04-16 04:03:46'),
(515, '1647-1', 339, '2021-04-16 04:46:29'),
(516, '210', 339, '2022-03-20 09:44:43'),
(515, '2649-1', 339, '2022-03-18 02:57:08'),
(515, '1830-1', 321, '2021-04-19 13:18:32'),
(515, '379-1', 346, '2021-04-20 05:52:10'),
(515, '376-2', 346, '2021-04-20 05:51:27'),
(515, '3036-1', 321, '2022-09-03 03:59:06'),
(515, '1803-1', 314, '2021-04-23 01:25:36'),
(515, '1601-1', 314, '2021-04-26 05:36:43'),
(515, '1841-1', 346, '2021-04-26 05:37:56'),
(515, '1845-1', 346, '2021-04-26 05:43:41'),
(515, '1845-1', 314, '2021-04-26 06:42:22'),
(515, '1840-1', 339, '2021-04-30 05:36:24'),
(515, '1826-1', 339, '2021-04-30 04:43:56'),
(515, '2060-1', 337, '2022-03-16 12:07:03'),
(515, '2631-1', 337, '2022-03-16 11:56:51'),
(515, '2631-1', 356, '2022-03-14 03:24:28'),
(515, '1803-1', 346, '2021-05-03 04:33:07'),
(515, '2629-1', 356, '2022-03-14 02:50:16'),
(516, '209', 339, '2022-03-14 02:39:45'),
(515, '2106-1', 373, '2021-09-23 05:38:57'),
(515, '3070-1', 500, '2022-08-26 15:01:52'),
(515, '3053-1', 432, '2022-08-19 08:11:54'),
(515, '3049-1', 321, '2022-09-02 10:51:39'),
(515, '1792-1', 346, '2021-05-31 08:36:18'),
(515, '3017-1', 321, '2022-09-03 03:59:11'),
(515, '1870-1', 321, '2021-06-05 08:03:48'),
(515, '1882-1', 339, '2021-06-10 08:10:56'),
(515, '1889-1', 339, '2021-06-10 08:12:08'),
(515, '2006-1', 195, '2021-09-26 10:42:42'),
(515, '1887-1', 330, '2021-06-11 01:39:12'),
(515, '1865-1', 330, '2021-06-11 01:39:16'),
(515, '1819-1', 330, '2021-06-11 01:39:10'),
(515, '1887-1', 346, '2021-06-17 03:06:42'),
(515, '1902-1', 346, '2021-06-17 04:31:44'),
(515, '1904-1', 346, '2022-02-05 06:26:41'),
(515, '2093-1', 392, '2021-09-27 05:35:25'),
(515, '2037-1', 346, '2021-09-18 13:48:52'),
(515, '1914-1', 377, '2021-09-19 15:22:43'),
(515, '1909-1', 339, '2021-08-18 03:34:29'),
(515, '1923-3', 346, '2021-08-20 13:13:53'),
(515, '2171-1', 323, '2021-11-19 02:35:52'),
(515, '1926-1', 339, '2021-08-18 04:42:58'),
(515, '1928-1', 339, '2021-08-23 04:11:25'),
(515, '2072-1', 395, '2021-10-05 07:56:57'),
(515, '1932-2', 346, '2021-08-20 08:29:11'),
(515, '1914-1', 346, '2021-09-18 12:33:06'),
(515, '1923-6', 346, '2021-09-01 08:48:57'),
(515, '1940-1', 346, '2021-08-31 01:10:40'),
(515, '1923-6', 384, '2021-09-01 08:45:49'),
(515, '1798-1', 384, '2021-08-21 06:15:58'),
(515, '1942-1', 346, '2021-09-18 12:12:26'),
(515, '1943-1', 339, '2021-08-23 05:10:23'),
(515, '1944-1', 390, '2021-08-23 07:17:54'),
(515, '1952-1', 339, '2021-09-06 04:58:24'),
(515, '1941-1', 384, '2021-09-01 08:45:40'),
(515, '1952-1', 336, '2021-08-30 03:28:00'),
(515, '1949-1', 346, '2021-09-09 04:30:40'),
(515, '1290-1', 395, '2021-09-19 02:38:58'),
(516, '123', 346, '2021-09-20 06:17:03'),
(515, '2007-1', 346, '2021-10-02 09:25:30'),
(515, '1949-1', 90, '2021-09-02 15:25:47'),
(515, '2006-1', 346, '2021-09-10 21:10:51'),
(515, '1975-1', 339, '2021-09-08 05:08:54'),
(515, '1976-1', 355, '2021-09-06 05:12:39'),
(515, '1959-1', 339, '2021-09-06 05:21:21'),
(515, '1978-1', 339, '2021-09-06 05:32:05'),
(515, '1958-1', 339, '2021-09-06 05:37:42'),
(515, '1974-1', 339, '2021-09-06 05:45:24'),
(515, '1983-1', 394, '2021-09-06 05:54:23'),
(515, '1985-1', 339, '2021-09-07 02:44:04'),
(515, '1984-1', 339, '2021-09-08 05:08:27'),
(515, '1989-1', 395, '2021-09-18 14:18:20'),
(515, '1976-1', 339, '2021-09-08 05:08:01'),
(515, '1987-1', 360, '2021-09-09 03:43:25'),
(515, '1972-1', 346, '2021-09-09 04:18:31'),
(515, '1973-1', 346, '2021-09-09 04:32:44'),
(515, '1989-1', 346, '2021-09-26 02:00:25'),
(515, '1992-1', 390, '2021-09-09 05:18:22'),
(515, '1792-1', 390, '2021-09-09 05:23:28'),
(515, '1993-1', 339, '2021-09-09 05:49:40'),
(516, '130', 339, '2021-09-14 06:52:20'),
(515, '1994-1', 346, '2021-09-09 05:50:12'),
(515, '1956-1', 377, '2021-09-19 15:19:15'),
(515, '1997-1', 394, '2021-09-09 06:06:01'),
(516, '124', 339, '2021-09-09 07:03:35'),
(515, '2074-1', 346, '2021-09-19 14:23:32'),
(515, '1978-1', 337, '2021-09-13 02:02:01'),
(515, '1990-1', 392, '2022-03-29 04:29:02'),
(515, '1968-1', 346, '2021-09-13 03:39:55'),
(515, '2067-1', 346, '2021-09-18 13:37:08'),
(515, '2012-1', 336, '2021-09-14 05:13:51'),
(516, '133', 339, '2021-09-14 05:29:43'),
(515, '2011-1', 339, '2021-09-14 05:52:15'),
(515, '2020-1', 339, '2021-09-15 14:11:04'),
(515, '2022-1', 339, '2021-09-14 07:03:29'),
(516, '135', 339, '2021-09-14 07:03:53'),
(515, '2009-1', 339, '2021-09-15 06:18:52'),
(516, '128', 339, '2021-09-14 07:05:51'),
(515, '2023-1', 339, '2021-09-15 06:28:39'),
(516, '136', 339, '2021-09-14 07:46:51'),
(515, '2025-1', 339, '2021-09-14 07:48:03'),
(515, '2026-1', 355, '2021-09-14 07:48:46'),
(515, '2027-1', 339, '2021-09-15 14:41:11'),
(515, '1982-1', 354, '2021-09-15 00:43:10'),
(515, '2019-1', 356, '2021-09-15 01:38:50'),
(515, '2029-1', 339, '2021-09-15 05:23:27'),
(516, '134', 339, '2021-09-15 05:26:53'),
(515, '2028-1', 339, '2021-09-15 05:31:23'),
(516, '129', 339, '2021-09-15 05:54:42'),
(515, '1547-1', 195, '2021-09-16 01:20:29'),
(515, '2038-1', 339, '2021-09-16 03:57:35'),
(515, '2039-1', 339, '2021-09-16 04:01:30'),
(515, '2042-1', 339, '2021-09-16 04:13:16'),
(515, '2042-1', 371, '2021-09-16 04:14:00'),
(515, '2045-1', 354, '2021-09-16 04:23:11'),
(515, '2046-1', 339, '2021-09-16 04:30:48'),
(516, '137', 339, '2021-09-16 04:31:09'),
(516, '138', 339, '2021-09-16 04:43:34'),
(515, '2051-1', 339, '2021-09-16 04:46:28'),
(515, '2029-1', 398, '2021-09-16 07:43:07'),
(515, '2055-1', 339, '2021-09-16 08:01:44'),
(515, '1942-1', 389, '2021-09-16 11:11:28'),
(515, '2003-1', 346, '2021-09-20 04:56:42'),
(515, '1969-1', 346, '2021-09-18 12:01:39'),
(515, '1928-1', 371, '2021-09-20 04:43:39'),
(515, '1991-1', 346, '2021-09-18 12:22:39'),
(515, '2066-1', 384, '2021-09-18 12:32:11'),
(515, '1798-1', 395, '2021-09-19 03:41:36'),
(515, '2037-1', 400, '2021-09-20 05:35:32'),
(515, '2069-1', 400, '2021-09-19 08:25:26'),
(515, '2078-1', 395, '2021-09-19 04:28:35'),
(515, '2007-1', 401, '2021-09-19 13:13:32'),
(515, '2005-1', 346, '2021-09-19 14:24:33'),
(515, '1996-1', 392, '2021-09-23 08:32:05'),
(515, '2083-1', 346, '2021-09-19 15:22:18'),
(515, '2091-1', 401, '2021-09-20 03:58:31'),
(515, '2086-1', 346, '2021-09-27 07:03:00'),
(516, '141', 346, '2021-09-28 07:30:13'),
(515, '2096-1', 346, '2021-09-20 06:24:31'),
(515, '2069-1', 346, '2021-09-20 07:25:45'),
(515, '2097-1', 346, '2021-09-20 07:26:26'),
(515, '2071-1', 346, '2021-09-20 07:38:10'),
(515, '2070-1', 346, '2021-09-20 07:41:34'),
(515, '2635-1', 336, '2022-03-14 02:13:42'),
(515, '2079-1', 395, '2021-10-05 07:57:20'),
(515, '1868-1', 404, '2021-09-23 06:06:02'),
(515, '3079-1', 392, '2022-09-05 07:04:42'),
(515, '2635-1', 361, '2022-03-20 05:32:16'),
(515, '2134-1', 405, '2021-09-26 13:20:22'),
(515, '1317-1', 406, '2021-09-24 04:15:54'),
(515, '2103-1', 90, '2021-09-25 01:04:06'),
(515, '2129-1', 400, '2021-10-02 09:07:45'),
(515, '2128-1', 346, '2021-09-26 01:37:02'),
(515, '2104-1', 346, '2021-10-02 08:23:33'),
(515, '2103-1', 346, '2021-10-18 12:26:02'),
(515, '2122-1', 346, '2021-10-02 08:54:51'),
(515, '2079-1', 346, '2021-09-26 02:03:30'),
(515, '2121-1', 346, '2021-09-26 02:23:24'),
(515, '2097-1', 400, '2021-09-26 06:41:20'),
(515, '2110-1', 346, '2021-09-26 08:19:41'),
(515, '2167-1', 399, '2021-09-30 09:27:06'),
(515, '2139-1', 346, '2021-09-27 04:58:55'),
(515, '2140-1', 346, '2021-09-27 05:09:23'),
(515, '2146-1', 346, '2021-09-27 07:14:04'),
(515, '2149-1', 346, '2021-09-27 07:36:13'),
(515, '2141-1', 90, '2021-09-27 12:46:59'),
(515, '2150-1', 346, '2021-09-27 13:18:22'),
(515, '2143-1', 346, '2021-09-27 13:19:40'),
(515, '2144-1', 346, '2021-09-27 13:43:29'),
(515, '2151-1', 405, '2021-09-27 16:19:28'),
(515, '2128-1', 405, '2021-09-27 17:11:11'),
(515, '2149-1', 405, '2021-09-27 17:12:47'),
(516, '139', 346, '2021-09-28 07:32:34'),
(515, '2163-1', 399, '2021-09-30 09:27:46'),
(515, '2152-1', 346, '2021-10-02 08:01:16'),
(515, '1896-1', 345, '2021-10-21 00:59:01'),
(515, '2157-1', 346, '2021-10-02 09:21:17'),
(515, '2181-1', 346, '2021-10-02 09:55:33'),
(515, '2183-1', 346, '2021-10-04 08:49:55'),
(515, '2182-1', 346, '2021-10-18 12:24:35'),
(515, '2187-1', 405, '2021-10-04 21:14:21'),
(515, '2152-1', 405, '2021-10-04 21:22:27'),
(515, '2188-1', 346, '2021-10-05 00:37:15'),
(515, '2193-1', 346, '2021-10-05 01:15:45'),
(515, '2159-1', 395, '2021-10-05 07:43:10'),
(515, '2194-1', 395, '2021-10-11 13:55:08'),
(515, '1828-1', 358, '2021-12-08 15:29:03'),
(515, '1781-1', 358, '2021-10-15 17:02:37'),
(515, '1357-1', 345, '2021-10-21 00:58:21'),
(515, '1376-1', 345, '2021-10-21 01:16:08'),
(515, '1752-1', 345, '2021-10-21 01:15:59'),
(515, '1754-1', 345, '2021-10-21 00:54:57'),
(515, '2135-1', 346, '2021-10-18 12:02:01'),
(515, '2205-1', 346, '2021-10-18 14:18:42'),
(515, '2205-1', 400, '2021-10-18 21:22:38'),
(515, '2209-1', 346, '2021-10-19 04:34:23'),
(515, '2211-1', 346, '2021-10-19 05:09:41'),
(515, '1355-1', 345, '2021-10-21 01:16:23'),
(515, '2214-1', 407, '2021-10-24 07:46:51'),
(515, '2215-1', 346, '2021-10-24 07:57:53'),
(515, '2223-1', 346, '2021-10-24 08:41:02'),
(515, '2229-1', 346, '2021-10-24 10:17:45'),
(515, '2230-1', 346, '2021-12-19 04:37:40'),
(515, '1988-1', 323, '2021-11-15 04:04:35'),
(515, '1698-2', 323, '2021-11-15 04:17:54'),
(515, '2252-1', 210, '2021-11-15 04:24:41'),
(515, '2294-1', 409, '2021-12-02 07:40:55'),
(515, '1963-2', 323, '2021-11-15 05:11:11'),
(515, '2251-1', 323, '2021-11-18 01:49:45'),
(515, '2265-1', 323, '2021-11-16 03:46:47'),
(515, '1988-1', 169, '2021-11-16 06:38:13'),
(515, '4819-1', 700, '2024-04-04 01:23:54'),
(515, '2266-1', 323, '2021-11-18 01:44:51'),
(515, '2271-1', 323, '2021-11-24 05:59:43'),
(515, '2259-1', 409, '2021-11-19 04:54:54'),
(515, '2272-1', 323, '2021-11-19 04:57:54'),
(515, '2241-1', 346, '2021-11-22 02:09:46'),
(515, '2247-1', 346, '2021-11-22 02:13:32'),
(515, '1308-1', 346, '2021-11-22 02:26:32'),
(515, '2275-1', 323, '2021-11-24 05:28:57'),
(515, '2277-1', 323, '2021-11-25 01:51:39'),
(515, '2276-1', 210, '2021-11-29 05:12:21'),
(515, '2270-1', 169, '2021-11-25 03:31:43'),
(515, '2277-1', 409, '2021-11-26 05:38:26'),
(515, '2295-1', 409, '2021-12-03 03:20:29'),
(515, '2272-1', 419, '2021-11-30 13:07:37'),
(515, '2273-1', 419, '2021-11-26 23:51:58'),
(515, '2280-1', 323, '2021-11-29 07:14:29'),
(515, '2276-1', 323, '2021-11-29 04:51:45'),
(515, '2241-4', 1, '2021-11-29 04:54:56'),
(515, '1792-1', 1, '2021-12-24 02:50:06'),
(515, '2282-1', 323, '2021-11-29 06:58:26'),
(515, '2283-1', 323, '2021-11-30 02:26:51'),
(515, '2279-1', 323, '2021-11-30 03:39:02'),
(515, '2285-4', 323, '2021-11-30 04:18:52'),
(515, '2298-1', 409, '2021-12-08 23:27:40'),
(515, '2258-1', 370, '2022-05-11 15:34:54'),
(515, '2289-1', 420, '2021-12-01 02:29:14'),
(515, '2286-1', 420, '2021-12-01 02:29:30'),
(515, '2290-1', 323, '2021-12-01 02:30:57'),
(515, '2284-1', 226, '2021-12-01 02:32:10'),
(515, '2290-1', 420, '2021-12-01 02:42:45'),
(515, '2287-1', 323, '2021-12-01 02:54:30'),
(515, '2291-1', 323, '2021-12-01 03:12:30'),
(515, '2292-1', 323, '2021-12-01 03:49:37'),
(515, '2300-1', 323, '2021-12-06 04:12:10'),
(515, '2301-1', 323, '2021-12-13 05:49:57'),
(515, '2300-1', 420, '2021-12-06 04:20:07'),
(515, '2301-1', 226, '2021-12-06 04:42:14'),
(515, '2302-2', 420, '2021-12-06 06:07:39'),
(515, '2303-1', 420, '2021-12-06 06:08:02'),
(515, '2303-1', 323, '2021-12-07 02:34:39'),
(515, '2296-1', 421, '2021-12-07 02:38:02'),
(515, '2297-1', 421, '2021-12-07 02:42:23'),
(515, '2299-1', 421, '2021-12-07 02:43:09'),
(515, '2305-1', 323, '2021-12-07 04:16:34'),
(515, '2304-1', 323, '2021-12-10 05:47:08'),
(515, '2306-1', 423, '2021-12-08 06:51:14'),
(515, '1830-1', 358, '2021-12-08 15:29:06'),
(515, '1834-1', 358, '2021-12-08 15:29:10'),
(515, '2160-1', 358, '2021-12-08 15:31:54'),
(515, '2307-1', 323, '2021-12-09 02:20:37'),
(515, '2310-1', 323, '2021-12-09 05:38:12'),
(515, '2311-1', 422, '2021-12-09 05:39:11'),
(515, '2309-1', 323, '2021-12-09 05:48:19'),
(515, '2312-1', 424, '2021-12-09 10:18:47'),
(515, '2314-1', 323, '2021-12-10 02:43:10'),
(515, '2315-1', 323, '2021-12-10 03:13:48'),
(515, '2313-1', 323, '2021-12-10 03:25:27'),
(515, '2321-1', 323, '2021-12-15 07:25:52'),
(515, '2322-1', 425, '2021-12-10 05:06:03'),
(515, '2171-2', 210, '2021-12-10 05:38:08'),
(516, '154', 323, '2021-12-10 05:42:53'),
(515, '2319-1', 422, '2021-12-10 06:11:02'),
(515, '2310-1', 210, '2021-12-10 06:30:51'),
(515, '2309-2', 424, '2021-12-12 12:40:21'),
(515, '2307-2', 422, '2021-12-13 03:57:14'),
(515, '2302-2', 323, '2021-12-13 04:02:22'),
(516, '158', 323, '2021-12-13 06:35:02'),
(515, '2323-1', 323, '2021-12-13 06:38:43'),
(515, '2324-1', 323, '2021-12-13 06:42:03'),
(515, '2325-1', 323, '2021-12-13 06:47:21'),
(515, '2326-1', 323, '2021-12-13 06:52:39'),
(515, '2324-1', 169, '2021-12-13 06:58:16'),
(516, '221', 321, '2022-05-16 13:09:58'),
(516, '222', 321, '2022-05-16 13:04:56'),
(515, '2334-1', 323, '2021-12-15 03:09:32'),
(515, '2331-1', 323, '2021-12-15 03:19:12'),
(515, '2321-1', 425, '2021-12-15 04:24:48'),
(515, '2317-1', 421, '2021-12-15 04:29:56'),
(515, '2341-1', 323, '2021-12-15 07:19:49'),
(515, '2336-1', 323, '2021-12-17 02:29:07'),
(515, '2338-1', 323, '2021-12-16 02:24:58'),
(515, '2345-1', 421, '2021-12-16 02:47:20'),
(515, '2339-1', 323, '2021-12-16 03:29:39'),
(515, '2342-1', 323, '2021-12-17 02:01:11'),
(515, '2337-1', 323, '2021-12-17 02:12:33'),
(515, '2330-1', 323, '2021-12-17 02:40:05'),
(515, '2327-1', 323, '2021-12-17 02:47:49'),
(515, '2350-1', 323, '2021-12-17 02:59:07'),
(515, '2348-1', 323, '2021-12-17 04:00:53'),
(515, '2325-1', 409, '2021-12-17 05:34:40'),
(515, '2340-1', 424, '2021-12-17 07:20:34'),
(515, '2351-1', 346, '2022-03-30 05:41:13'),
(515, '2250-1', 346, '2021-12-19 04:37:56'),
(515, '2376-1', 427, '2021-12-19 14:19:46'),
(515, '2374-1', 323, '2021-12-20 02:33:42'),
(515, '2372-1', 323, '2021-12-20 03:18:09'),
(515, '1637-1', 210, '2021-12-20 06:29:59'),
(515, '2377-1', 410, '2021-12-20 06:59:54'),
(515, '1319-1', 323, '2021-12-21 07:12:29'),
(515, '2384-1', 346, '2021-12-23 04:59:18'),
(515, '2383-1', 346, '2021-12-23 05:14:45'),
(515, '2386-3', 427, '2021-12-23 06:19:23'),
(515, '2247-1', 1, '2021-12-24 02:55:34'),
(515, '2235-1', 346, '2021-12-24 03:36:43'),
(515, '2241-4', 346, '2021-12-24 04:10:30'),
(515, '2239-1', 346, '2021-12-24 04:18:45'),
(515, '1639-1', 225, '2021-12-24 04:29:45'),
(515, '2393-1', 321, '2021-12-25 02:31:50'),
(515, '2395-1', 321, '2021-12-25 02:39:04'),
(515, '2160-1', 321, '2021-12-25 02:34:03'),
(515, '2247-1', 437, '2021-12-27 11:37:59'),
(515, '2389-1', 435, '2022-01-13 07:20:22'),
(515, '2389-1', 346, '2022-01-14 14:41:20'),
(515, '4820-1', 360, '2024-03-15 05:59:45'),
(515, '3051-1', 455, '2022-09-24 16:19:40'),
(515, '2247-1', 430, '2021-12-28 08:30:27'),
(515, '3355-1', 392, '2022-10-26 05:05:50'),
(515, '2400-1', 423, '2022-01-03 07:19:35'),
(515, '2305-2', 423, '2022-01-03 07:20:16'),
(515, '2411-1', 423, '2022-01-03 07:33:47'),
(515, '2063-1', 423, '2022-01-03 07:52:44'),
(515, '2385-1', 410, '2022-01-05 03:30:51'),
(515, '2409-1', 419, '2022-01-05 05:06:17'),
(515, '2402-1', 346, '2022-02-17 01:20:12'),
(515, '2390-1', 346, '2022-01-12 13:32:43'),
(515, '2403-2', 346, '2022-03-28 08:35:26'),
(515, '2413-1', 346, '2022-01-12 14:16:17'),
(515, '3029-1', 321, '2022-09-03 08:29:06'),
(515, '3019-1', 321, '2022-09-03 07:14:40'),
(515, '3353-1', 536, '2022-10-12 22:53:44'),
(515, '3564-1', 557, '2022-12-05 01:29:05'),
(515, '2415-1', 90, '2022-01-07 02:49:53'),
(515, '2421-1', 413, '2022-01-07 03:07:26'),
(515, '3072-1', 321, '2022-11-29 04:07:29'),
(515, '2419-1', 438, '2022-01-07 04:17:04'),
(515, '2247-1', 438, '2022-01-07 04:26:18'),
(515, '2420-1', 434, '2022-01-07 04:35:13'),
(515, '3071-1', 321, '2022-09-10 11:01:54'),
(515, '3026-1', 321, '2022-09-03 07:49:06'),
(515, '2426-1', 438, '2022-01-08 08:29:47'),
(515, '2413-1', 413, '2022-02-17 17:27:59'),
(515, '2415-1', 443, '2022-01-11 04:47:07'),
(515, '85-1', 339, '2022-01-11 06:54:58'),
(515, '2428-1', 443, '2022-01-11 08:54:17'),
(515, '2431-1', 346, '2022-01-12 13:49:53'),
(515, '2458-1', 427, '2022-03-30 16:47:23'),
(515, '2421-1', 346, '2022-01-12 14:19:45'),
(515, '2450-2', 436, '2022-01-17 00:36:09'),
(515, '2455-1', 346, '2022-01-24 17:46:27'),
(515, '2469-1', 321, '2022-01-29 10:26:03'),
(515, '2426-1', 346, '2022-01-12 14:52:23'),
(515, '2434-1', 393, '2022-01-14 04:59:34'),
(515, '2430-1', 346, '2022-03-29 01:21:04'),
(515, '2435-1', 413, '2022-02-17 17:28:38'),
(515, '2436-1', 442, '2022-01-14 14:04:51'),
(515, '2430-1', 440, '2022-01-17 07:59:09'),
(515, '2441-1', 440, '2022-01-15 02:00:22'),
(515, '2449-1', 346, '2022-01-14 14:10:21'),
(515, '2450-2', 346, '2022-01-13 05:14:35'),
(515, '3074-1', 321, '2022-09-03 07:14:28'),
(515, '2446-1', 346, '2022-01-13 03:24:01'),
(515, '2351-1', 427, '2022-03-30 16:49:26'),
(515, '2438-1', 443, '2022-01-13 03:52:08'),
(515, '2433-1', 427, '2022-01-13 03:52:27'),
(515, '3354-1', 536, '2022-10-12 22:52:46'),
(515, '2458-1', 346, '2022-02-17 06:39:37'),
(515, '2434-1', 442, '2022-01-14 17:21:50'),
(515, '3032-1', 321, '2022-09-03 08:28:57'),
(515, '2453-1', 392, '2022-01-16 01:31:01'),
(515, '2452-1', 436, '2022-01-17 00:36:09'),
(515, '2473-1', 1, '2022-01-20 06:22:26'),
(515, '3070-1', 321, '2022-09-03 07:49:00'),
(515, '3026-1', 500, '2022-08-26 15:03:01'),
(515, '2468-1', 339, '2022-02-11 04:38:27'),
(515, '2476-1', 447, '2022-01-21 06:46:18'),
(515, '2474-1', 1, '2022-01-24 03:38:15'),
(515, '2403-2', 1, '2022-01-24 03:40:13'),
(515, '2450-2', 1, '2022-01-24 03:42:26'),
(515, '2472-1', 346, '2022-01-24 17:06:19'),
(515, '2470-1', 346, '2022-02-17 06:36:39'),
(515, '2474-1', 346, '2022-01-24 17:27:35'),
(515, '2475-1', 346, '2022-02-17 05:34:59'),
(515, '2461-1', 346, '2022-02-17 00:32:26'),
(516, '168', 346, '2022-01-24 17:46:12'),
(515, '2471-1', 346, '2022-01-24 17:47:48'),
(516, '164', 346, '2022-01-24 17:47:54'),
(515, '2473-1', 346, '2022-03-27 01:16:10'),
(515, '2488-1', 435, '2022-01-25 01:01:24'),
(515, '2460-1', 442, '2022-01-25 01:04:50'),
(515, '2440-1', 443, '2022-01-25 02:53:37'),
(515, '2495-1', 87, '2022-01-25 02:53:58'),
(515, '2490-1', 434, '2022-01-25 03:33:04'),
(515, '2453-1', 90, '2022-01-25 03:54:16'),
(515, '2453-1', 87, '2022-01-25 04:00:06'),
(515, '2160-1', 430, '2022-01-25 04:12:41'),
(515, '2169-1', 430, '2022-01-25 04:14:24'),
(515, '2493-1', 401, '2022-01-28 07:12:49'),
(515, '2559-1', 321, '2022-02-17 05:32:48'),
(515, '2590-1', 339, '2022-03-02 05:24:57'),
(515, '2521-1', 450, '2022-01-29 17:44:50'),
(515, '2169-1', 450, '2022-01-29 18:05:00'),
(515, '2549-1', 217, '2022-02-14 05:01:24'),
(515, '2524-2', 321, '2022-03-08 03:19:47'),
(515, '2247-1', 428, '2022-02-01 07:08:38'),
(515, '2059-1', 428, '2022-02-01 07:58:15'),
(515, '2501-1', 346, '2022-02-02 04:49:45'),
(515, '2502-1', 346, '2022-02-17 05:28:18'),
(515, '2557-1', 354, '2022-02-15 00:05:39'),
(515, '2527-1', 321, '2022-02-14 12:46:53'),
(515, '1654-1', 346, '2022-02-05 05:15:05'),
(515, '1819-1', 346, '2022-02-05 06:26:21'),
(515, '2850-1', 321, '2022-05-14 13:55:43'),
(515, '2525-1', 430, '2022-02-06 23:55:16'),
(515, '3050-1', 392, '2022-09-27 07:19:33'),
(515, '2529-1', 436, '2022-02-07 15:19:41'),
(515, '2525-1', 321, '2022-02-24 15:45:59'),
(515, '2521-1', 321, '2022-02-08 02:32:36'),
(515, '2167-1', 458, '2022-02-08 02:44:27'),
(515, '2536-1', 321, '2022-03-07 02:26:38'),
(515, '2538-1', 454, '2022-02-09 05:37:27'),
(515, '2535-1', 321, '2022-02-09 11:17:50'),
(515, '2538-1', 321, '2022-02-28 14:48:23'),
(515, '2540-1', 452, '2022-02-28 09:23:04'),
(515, '2541-1', 321, '2022-02-17 05:35:50'),
(515, '2557-1', 337, '2022-03-02 04:52:17'),
(515, '2544-1', 339, '2022-02-11 05:51:45'),
(515, '2478-1', 448, '2022-09-27 13:28:48'),
(515, '2247-1', 459, '2022-02-13 07:39:27'),
(515, '2160-1', 459, '2022-02-13 08:11:10'),
(515, '2547-1', 321, '2022-03-08 02:54:08'),
(515, '2549-1', 87, '2022-02-21 02:29:22'),
(515, '2160-1', 460, '2022-02-14 05:32:54'),
(515, '2165-1', 460, '2022-02-14 05:39:38'),
(515, '2552-1', 321, '2022-02-14 12:59:54'),
(516, '190', 321, '2022-02-14 13:01:19'),
(515, '2526-1', 452, '2022-02-15 04:26:31'),
(515, '2524-2', 452, '2022-02-15 04:26:16'),
(515, '2558-1', 459, '2022-02-22 15:22:11'),
(515, '2498-1', 346, '2022-02-16 23:29:43'),
(516, '180', 346, '2022-02-16 23:32:16'),
(515, '2528-1', 346, '2022-02-16 23:34:24'),
(516, '178', 346, '2022-02-16 23:37:27'),
(515, '2491-1', 346, '2022-02-16 23:45:10'),
(515, '2440-1', 346, '2022-02-17 00:52:08'),
(515, '2518-1', 346, '2022-02-17 05:22:57'),
(516, '171', 346, '2022-02-17 05:27:06'),
(515, '2561-1', 321, '2022-02-17 05:28:17'),
(516, '172', 346, '2022-02-17 05:29:27'),
(516, '176', 346, '2022-02-17 05:30:50'),
(515, '2496-1', 346, '2022-02-17 06:28:40'),
(516, '175', 346, '2022-02-17 06:34:04'),
(516, '163', 346, '2022-02-17 06:37:29'),
(516, '173', 346, '2022-02-17 06:40:17'),
(516, '162', 346, '2022-02-17 06:43:09'),
(515, '2457-1', 346, '2022-02-17 06:43:37'),
(515, '2569-1', 436, '2022-02-17 13:55:19'),
(515, '2538-1', 450, '2022-02-18 07:42:13'),
(516, '193', 339, '2022-02-19 13:22:25'),
(515, '2557-1', 339, '2022-02-19 13:24:34'),
(515, '2579-1', 339, '2022-04-03 06:14:16'),
(515, '2583-1', 321, '2022-02-21 02:19:33'),
(516, '188', 321, '2022-02-21 02:19:50'),
(515, '2578-1', 321, '2022-02-21 02:20:23'),
(516, '189', 321, '2022-02-21 02:20:27'),
(515, '2581-1', 447, '2022-02-21 02:54:05'),
(515, '2571-1', 87, '2022-02-21 03:15:15'),
(515, '2584-1', 458, '2022-02-21 03:25:09'),
(515, '2587-1', 321, '2022-02-21 07:03:40'),
(516, '192', 321, '2022-02-21 07:03:43'),
(515, '2588-1', 321, '2022-02-21 07:38:16'),
(516, '195', 321, '2022-02-21 07:38:21'),
(515, '2571-1', 217, '2022-02-22 03:30:02'),
(515, '2591-1', 321, '2022-02-22 03:36:58'),
(516, '196', 321, '2022-02-22 03:37:02'),
(515, '2592-1', 460, '2022-02-22 03:52:51'),
(515, '2593-1', 460, '2022-02-22 03:53:58'),
(515, '2586-1', 458, '2022-02-22 03:56:18'),
(515, '2589-1', 459, '2022-02-22 15:21:56'),
(515, '2547-1', 459, '2022-02-22 15:26:17'),
(515, '2548-1', 459, '2022-02-22 15:26:17'),
(515, '2563-1', 440, '2022-02-23 02:03:17'),
(515, '2060-1', 409, '2022-02-23 04:38:17'),
(515, '2539-1', 321, '2022-02-24 15:45:21'),
(515, '2597-1', 464, '2022-03-21 01:38:51'),
(515, '2598-1', 409, '2022-02-26 10:49:23'),
(515, '2163-1', 466, '2022-02-27 23:51:31'),
(515, '1366-1', 457, '2022-02-28 14:23:54'),
(515, '2601-1', 321, '2022-03-02 05:43:38'),
(515, '2602-1', 457, '2022-02-28 20:07:52'),
(515, '2597-1', 339, '2022-03-22 02:08:59'),
(515, '2606-1', 321, '2022-03-02 05:45:24'),
(515, '2604-1', 321, '2022-03-02 05:47:40'),
(515, '2610-1', 356, '2022-03-02 06:00:38'),
(515, '2604-1', 460, '2022-03-03 01:56:43'),
(516, '194', 339, '2022-03-03 15:17:35'),
(515, '2614-1', 339, '2022-03-03 15:27:10'),
(515, '2608-1', 355, '2022-03-04 12:10:50'),
(515, '2613-1', 336, '2022-03-04 12:55:17'),
(515, '2804-1', 469, '2022-05-28 01:37:59'),
(515, '2613-1', 361, '2022-03-06 01:29:05'),
(515, '2611-1', 464, '2022-03-21 01:38:17'),
(515, '2622-1', 339, '2022-03-07 06:31:49'),
(516, '201', 339, '2022-03-07 06:38:13'),
(516, '202', 339, '2022-03-07 06:38:32'),
(516, '199', 339, '2022-03-07 06:44:56'),
(516, '197', 339, '2022-03-07 06:52:33'),
(515, '2625-1', 339, '2022-03-22 02:34:38'),
(515, '2617-1', 339, '2022-03-20 11:13:48'),
(515, '2598-1', 339, '2022-03-07 07:20:28'),
(515, '2599-1', 339, '2022-03-29 16:33:44'),
(515, '2615-1', 447, '2022-03-08 02:28:37'),
(515, '2608-1', 360, '2022-03-08 04:47:27'),
(515, '2603-1', 339, '2022-03-29 13:13:42'),
(515, '2623-1', 339, '2022-03-30 07:34:35'),
(515, '2629-1', 360, '2022-03-08 04:47:14'),
(515, '2638-1', 321, '2022-03-10 13:12:03'),
(516, '208', 339, '2022-03-20 09:47:03'),
(516, '205', 339, '2022-03-20 09:48:25'),
(516, '206', 339, '2022-03-20 09:48:37'),
(515, '2610-1', 339, '2022-03-20 10:16:44'),
(516, '198', 339, '2022-03-20 10:17:43'),
(515, '2645-1', 339, '2022-03-20 10:19:22'),
(515, '2627-1', 354, '2022-03-20 10:33:58'),
(516, '203', 339, '2022-03-20 11:11:04'),
(515, '2627-1', 339, '2022-03-20 11:11:31'),
(515, '2617-1', 463, '2022-03-20 11:15:57'),
(516, '204', 339, '2022-03-20 14:00:30'),
(515, '2590-1', 463, '2022-03-20 14:38:59'),
(515, '2577-1', 321, '2022-04-14 02:34:26'),
(515, '2619-1', 464, '2022-03-21 01:39:00'),
(515, '2653-1', 409, '2022-03-21 03:39:14'),
(515, '2408-1', 409, '2022-03-21 03:47:37'),
(515, '2059-1', 409, '2022-03-21 04:41:32'),
(515, '2660-1', 339, '2022-03-21 05:19:55'),
(515, '2662-1', 354, '2022-03-21 06:47:26'),
(515, '2662-1', 356, '2022-03-21 20:25:01'),
(516, '211', 339, '2022-03-22 01:57:02'),
(516, '212', 339, '2022-03-22 01:57:14'),
(515, '2658-1', 339, '2022-03-22 02:02:08'),
(515, '2613-1', 339, '2022-03-22 02:08:46'),
(515, '2652-1', 339, '2022-03-29 13:07:06'),
(515, '2665-1', 464, '2022-03-23 03:26:33'),
(515, '2645-1', 468, '2022-03-24 03:08:23'),
(515, '2650-1', 468, '2022-03-24 03:12:26'),
(515, '2545-1', 425, '2022-03-25 03:38:31'),
(515, '3076-2', 321, '2022-09-16 14:46:17'),
(515, '2567-1', 346, '2022-03-28 00:30:24'),
(515, '2669-1', 339, '2022-03-28 07:04:52'),
(515, '2608-1', 1, '2022-03-28 07:06:00'),
(515, '2673-1', 356, '2022-03-28 07:15:24'),
(516, '167', 346, '2022-03-28 08:21:36'),
(515, '2493-1', 346, '2022-03-29 01:14:42'),
(515, '2677-1', 392, '2022-03-29 03:55:50'),
(516, '213', 339, '2022-03-29 04:07:31'),
(516, '214', 339, '2022-03-29 04:07:40'),
(515, '2674-1', 425, '2022-03-29 04:24:12'),
(515, '2675-1', 425, '2022-03-29 04:11:48'),
(515, '2497-1', 323, '2022-03-29 04:45:57'),
(515, '2059-1', 425, '2022-03-29 06:18:07'),
(515, '2667-1', 339, '2022-03-29 13:08:16'),
(515, '2670-1', 339, '2022-03-29 13:09:00'),
(515, '2666-1', 339, '2022-03-29 13:09:31'),
(515, '2063-1', 468, '2022-03-30 02:51:30'),
(515, '2671-1', 323, '2022-03-30 03:49:45'),
(515, '2663-1', 339, '2022-03-30 04:38:48'),
(515, '2664-1', 339, '2022-03-30 04:39:26'),
(515, '2686-1', 346, '2022-03-30 05:14:18'),
(515, '2647-1', 457, '2022-03-30 06:01:16'),
(515, '2703-1', 339, '2022-03-30 07:23:57'),
(515, '2479-2', 427, '2022-03-30 16:48:06'),
(515, '2523-1', 427, '2022-03-30 16:51:15'),
(515, '2721-1', 339, '2022-04-03 05:15:02'),
(515, '2705-1', 339, '2022-04-03 05:26:41'),
(515, '2720-1', 339, '2022-04-03 05:47:17'),
(515, '3088-1', 321, '2022-09-07 14:59:03'),
(515, '2931-1', 500, '2022-08-04 06:33:52'),
(515, '2666-1', 464, '2022-04-07 05:14:59'),
(515, '2170-1', 321, '2022-04-07 05:47:54'),
(515, '2600-1', 321, '2022-05-21 00:38:27'),
(515, '2756-1', 464, '2022-06-23 07:55:05'),
(515, '2643-1', 321, '2022-04-14 02:22:55'),
(515, '3084-1', 321, '2022-09-07 03:11:51'),
(515, '2787-1', 321, '2022-05-31 16:27:35'),
(515, '2786-1', 87, '2022-04-16 09:32:44'),
(516, '219', 321, '2022-04-19 15:38:42'),
(515, '2731-1', 323, '2022-04-20 12:56:31'),
(515, '2793-1', 174, '2022-04-21 03:45:40'),
(516, '217', 321, '2022-04-23 00:03:47'),
(515, '2799-1', 321, '2022-04-23 00:03:39'),
(516, '218', 321, '2022-04-23 00:23:36'),
(516, '220', 321, '2022-04-23 00:28:36'),
(515, '2802-1', 211, '2022-05-13 13:05:17'),
(515, '2807-1', 321, '2022-04-25 01:26:29'),
(515, '2731-1', 473, '2022-05-11 15:51:21'),
(515, '2797-2', 323, '2022-04-25 02:56:20'),
(515, '2795-4', 323, '2022-04-25 02:57:23'),
(515, '2810-1', 321, '2022-04-30 06:09:52'),
(515, '2812-1', 480, '2022-05-28 03:12:46'),
(515, '2806-1', 321, '2022-09-23 04:23:18'),
(515, '2811-1', 321, '2022-05-12 05:36:24'),
(515, '2812-1', 321, '2022-05-12 05:36:38'),
(515, '2640-1', 87, '2022-05-09 14:36:55'),
(515, '2706-1', 169, '2022-05-10 07:31:27'),
(515, '2149-1', 370, '2022-05-11 15:35:24'),
(515, '2813-1', 321, '2022-05-12 05:36:49'),
(515, '2835-1', 321, '2022-05-12 06:00:10'),
(515, '2825-1', 473, '2022-05-13 02:18:54'),
(515, '2807-1', 473, '2022-05-13 02:18:29'),
(515, '3446-1', 519, '2022-12-15 09:00:18'),
(515, '2824-1', 453, '2022-05-12 18:33:26'),
(515, '2826-1', 453, '2022-05-12 18:34:33'),
(515, '2828-1', 453, '2022-05-12 18:34:56'),
(515, '2837-1', 453, '2022-05-12 18:35:20'),
(515, '2843-1', 321, '2022-05-13 01:50:16'),
(515, '2842-1', 321, '2022-05-13 01:46:24'),
(515, '2822-1', 473, '2022-05-15 15:59:25'),
(515, '2815-1', 323, '2022-05-13 04:09:19'),
(515, '2853-1', 321, '2022-05-16 13:13:17'),
(516, '223', 321, '2022-05-16 13:13:32'),
(515, '2854-1', 321, '2022-05-16 13:21:07'),
(516, '227', 321, '2022-05-16 13:21:13'),
(515, '2856-1', 437, '2022-06-27 04:52:14'),
(515, '2852-1', 323, '2022-05-17 01:43:23'),
(515, '2851-1', 323, '2022-05-17 02:00:40'),
(515, '2832-1', 454, '2022-05-17 23:12:22'),
(515, '2830-1', 454, '2022-05-17 23:13:01'),
(515, '2834-1', 454, '2022-05-17 23:13:45'),
(515, '2859-1', 483, '2022-05-18 02:34:59'),
(515, '2861-1', 323, '2022-05-18 02:51:54'),
(515, '2684-1', 425, '2022-05-18 03:05:45'),
(515, '2855-1', 473, '2022-05-31 23:46:14'),
(516, '229', 323, '2022-05-18 04:53:39'),
(515, '2863-1', 323, '2022-05-18 05:07:05'),
(515, '2866-1', 217, '2022-05-18 06:37:28'),
(515, '3090-1', 321, '2022-09-09 13:47:01'),
(515, '2857-1', 479, '2022-05-19 02:19:34'),
(515, '2860-1', 473, '2022-05-22 17:56:11'),
(515, '2865-1', 323, '2022-05-19 03:35:00'),
(515, '2846-1', 422, '2022-05-19 04:15:38'),
(515, '2831-1', 480, '2022-05-21 23:02:36'),
(515, '2870-1', 321, '2022-05-22 02:02:22'),
(516, '224', 321, '2022-05-22 02:02:26'),
(515, '2871-1', 321, '2022-05-22 02:07:15'),
(516, '225', 321, '2022-05-22 02:07:22'),
(515, '2872-1', 321, '2022-05-22 02:10:07'),
(516, '226', 321, '2022-05-22 02:10:11'),
(515, '2873-1', 321, '2022-05-22 02:15:16'),
(515, '2875-1', 480, '2022-05-25 14:26:51'),
(515, '2876-1', 87, '2022-05-27 11:30:33'),
(515, '2800-1', 466, '2022-05-23 02:31:31'),
(515, '3091-1', 470, '2022-09-09 15:48:23'),
(515, '3089-1', 470, '2022-09-07 21:36:15'),
(515, '3089-1', 321, '2022-09-07 15:03:54'),
(515, '2478-1', 392, '2022-05-26 05:54:21'),
(515, '3368-1', 392, '2022-10-26 05:16:14'),
(515, '3046-1', 87, '2022-08-16 08:11:47'),
(515, '2686-1', 392, '2022-05-24 04:56:17'),
(515, '2877-1', 321, '2022-05-31 23:35:35'),
(515, '2874-1', 478, '2022-05-24 13:37:29'),
(515, '2880-4', 321, '2022-05-25 07:25:22'),
(515, '2887-1', 321, '2022-05-26 01:38:14'),
(515, '3083-1', 321, '2022-09-09 13:45:41'),
(515, '2886-1', 217, '2022-05-26 06:59:24'),
(515, '2888-1', 321, '2022-05-26 10:15:35'),
(516, '235', 321, '2022-05-26 10:15:51'),
(515, '2889-1', 392, '2022-05-27 01:37:11'),
(515, '2892-1', 321, '2022-05-27 23:07:42'),
(515, '2686-1', 473, '2022-05-29 09:45:10'),
(515, '2887-1', 480, '2022-05-30 05:45:23'),
(516, '232', 323, '2022-05-31 00:25:34'),
(515, '2879-1', 323, '2022-05-31 05:37:40'),
(515, '2878-1', 323, '2022-06-04 13:13:40'),
(516, '230', 323, '2022-05-31 00:43:30'),
(516, '228', 323, '2022-05-31 05:29:59'),
(515, '2901-1', 169, '2022-05-31 05:37:29'),
(515, '2902-1', 169, '2022-05-31 06:39:15'),
(515, '2897-1', 321, '2022-05-31 12:22:32'),
(515, '2905-1', 321, '2022-05-31 12:22:58'),
(515, '2910-1', 321, '2022-05-31 15:16:13'),
(515, '2877-1', 473, '2022-05-31 23:23:10'),
(515, '2916-1', 321, '2022-05-31 23:46:31'),
(515, '2917-1', 321, '2022-05-31 23:59:54'),
(515, '2918-1', 321, '2022-06-01 07:08:58'),
(515, '2945-1', 321, '2022-06-03 10:51:47'),
(515, '2868-1', 483, '2022-06-01 14:57:28'),
(515, '2928-1', 321, '2022-06-01 15:07:47'),
(515, '2906-1', 323, '2022-06-04 11:39:49'),
(515, '2946-1', 321, '2022-06-03 11:34:06'),
(515, '2743-1', 339, '2022-10-04 07:15:57'),
(515, '2869-1', 339, '2022-10-05 04:12:44'),
(515, '2955-1', 323, '2022-06-04 14:10:25'),
(516, '236', 323, '2022-06-05 08:42:14'),
(515, '2959-1', 323, '2022-06-05 08:43:08'),
(515, '2958-1', 323, '2022-06-08 13:20:20'),
(515, '2960-1', 323, '2022-06-05 09:17:09'),
(515, '2698-1', 488, '2022-06-08 01:53:41'),
(515, '2964-1', 323, '2022-06-08 12:59:54'),
(515, '2964-2', 323, '2022-06-08 13:33:44'),
(515, '2980-1', 321, '2022-09-03 04:11:11'),
(515, '2397-1', 321, '2022-06-24 13:25:19'),
(515, '2410-1', 422, '2022-06-27 07:06:38'),
(515, '1118-1', 422, '2022-06-27 07:30:10'),
(515, '3895-1', 346, '2023-03-24 02:35:21'),
(515, '2965-1', 321, '2022-07-23 08:13:58'),
(515, '2979-1', 321, '2022-07-23 08:17:54'),
(516, '237', 321, '2022-08-08 04:17:57'),
(515, '2970-1', 323, '2022-10-04 06:40:11'),
(515, '2994-1', 323, '2022-07-27 07:35:34'),
(515, '2991-1', 321, '2022-09-03 07:21:25'),
(516, '238', 321, '2022-08-08 04:25:17'),
(515, '3359-1', 392, '2022-10-17 13:44:22'),
(515, '3046-1', 392, '2022-09-08 04:59:43'),
(515, '3087-1', 470, '2022-09-07 14:36:27'),
(515, '3351-1', 522, '2022-10-14 02:16:06'),
(515, '3006-1', 500, '2023-02-22 04:58:56'),
(515, '3897-1', 547, '2023-03-24 05:10:37'),
(515, '3006-1', 321, '2022-09-03 07:55:58'),
(515, '3018-1', 321, '2022-08-08 04:25:02'),
(515, '3008-1', 321, '2022-09-03 08:31:25'),
(515, '3016-1', 321, '2022-08-08 04:17:33'),
(515, '3011-1', 217, '2022-11-30 02:56:06'),
(515, '3014-1', 501, '2022-08-10 02:34:14'),
(515, '3012-1', 500, '2023-02-22 04:58:56'),
(515, '3915-1', 557, '2023-03-21 05:27:31'),
(515, '3021-1', 321, '2022-08-14 01:52:11'),
(516, '240', 321, '2022-08-14 01:53:03'),
(516, '241', 321, '2022-08-14 02:04:15'),
(516, '242', 321, '2022-08-14 02:08:29'),
(515, '3029-1', 501, '2022-08-14 04:47:49'),
(515, '2984-1', 488, '2022-08-14 11:13:25'),
(515, '2980-1', 488, '2022-08-14 03:50:03'),
(515, '2965-1', 470, '2022-09-07 14:17:59'),
(515, '3017-1', 488, '2022-08-14 11:08:24'),
(515, '3019-1', 497, '2022-08-15 01:54:09'),
(515, '2922-1', 470, '2022-09-10 00:54:33'),
(515, '1873-1', 470, '2022-09-10 01:00:10'),
(515, '3100-1', 321, '2022-09-10 02:53:00'),
(515, '3102-1', 321, '2022-09-12 14:26:34'),
(515, '3122-1', 470, '2022-09-10 14:24:22'),
(515, '3094-1', 470, '2022-09-10 14:42:15'),
(515, '2638-1', 470, '2022-09-10 15:06:26'),
(515, '3002-1', 470, '2022-09-10 15:08:47'),
(515, '2760-1', 470, '2022-09-10 18:40:03'),
(515, '3114-1', 501, '2022-09-12 01:28:11'),
(515, '3116-1', 217, '2022-09-13 11:45:01'),
(515, '3102-2', 321, '2022-09-12 14:31:46'),
(515, '3117-1', 433, '2022-09-15 13:49:07'),
(515, '3071-1', 433, '2022-09-15 13:52:15'),
(515, '3118-1', 217, '2022-09-13 11:46:40'),
(515, '3124-1', 321, '2022-09-16 14:42:09'),
(516, '256', 321, '2022-09-13 15:10:44'),
(515, '3125-1', 321, '2022-09-13 15:13:42'),
(516, '257', 321, '2022-09-13 15:14:04'),
(515, '3127-1', 511, '2022-09-15 06:53:05'),
(515, '3076-2', 511, '2022-09-15 11:37:17'),
(515, '3115-1', 511, '2022-09-15 11:37:17'),
(515, '3128-1', 433, '2022-09-15 14:06:07'),
(515, '3132-1', 514, '2022-09-16 03:47:25'),
(515, '3131-1', 321, '2022-09-17 00:00:53'),
(515, '3128-1', 321, '2022-09-17 00:04:29'),
(515, '3039-1', 393, '2022-09-19 08:01:39'),
(516, '313', 403, '2022-12-08 05:52:43'),
(515, '3132-1', 392, '2022-09-20 19:54:49'),
(515, '3173-1', 218, '2022-09-30 07:12:47'),
(515, '3038-1', 448, '2022-09-28 03:01:52'),
(515, '3045-1', 455, '2022-10-06 06:26:26'),
(515, '2743-1', 161, '2022-09-22 05:07:04'),
(515, '3239-1', 161, '2022-10-04 03:18:29'),
(515, '2869-1', 161, '2022-09-22 05:15:02'),
(515, '3149-1', 339, '2022-10-06 03:26:57'),
(515, '3150-1', 339, '2022-10-05 20:32:09'),
(515, '3156-1', 336, '2022-09-22 06:40:48'),
(515, '3153-1', 354, '2022-09-22 05:55:22'),
(515, '3126-1', 392, '2022-09-23 04:42:38'),
(515, '3170-2', 517, '2022-09-23 05:01:07'),
(515, '3174-1', 392, '2022-09-23 05:19:58'),
(515, '3041-1', 392, '2022-09-23 05:49:34'),
(515, '3170-2', 339, '2022-09-24 12:18:24'),
(515, '3148-1', 362, '2022-09-24 12:46:41'),
(516, '258', 339, '2022-09-24 13:15:55'),
(515, '3163-1', 336, '2022-09-24 13:22:52'),
(516, '268', 339, '2022-09-26 04:53:39'),
(515, '3178-1', 356, '2022-09-27 05:37:38'),
(515, '3153-1', 356, '2022-09-24 13:52:28'),
(515, '3156-1', 355, '2022-09-24 14:06:55'),
(515, '3164-1', 339, '2022-09-24 14:16:37'),
(515, '3184-1', 356, '2022-09-24 14:38:11'),
(515, '3186-1', 339, '2022-09-24 15:04:48'),
(515, '3190-1', 455, '2022-09-24 16:20:57'),
(515, '3163-1', 339, '2022-09-25 14:13:08'),
(515, '3148-1', 339, '2022-09-25 14:22:20'),
(516, '279', 339, '2022-09-26 04:40:35'),
(516, '259', 339, '2022-09-26 05:54:37'),
(515, '3040-1', 495, '2022-10-13 21:16:01'),
(515, '3163-1', 337, '2022-09-26 00:56:54'),
(515, '3075-1', 510, '2022-09-26 05:49:30'),
(515, '3184-1', 354, '2022-09-26 03:45:51'),
(516, '277', 161, '2022-09-26 04:08:36'),
(516, '276', 161, '2022-09-26 04:30:13'),
(515, '3199-1', 474, '2022-09-26 04:35:46'),
(515, '3185-1', 161, '2022-09-26 04:28:58'),
(515, '3200-1', 474, '2022-09-26 04:37:35'),
(515, '3194-1', 339, '2022-09-26 04:40:14'),
(515, '3197-1', 520, '2022-09-26 06:17:48'),
(516, '267', 339, '2022-09-26 04:53:08'),
(515, '3191-1', 392, '2022-09-26 06:45:18'),
(515, '3053-1', 392, '2022-09-26 06:49:45'),
(515, '3176-1', 392, '2022-09-26 06:54:48'),
(515, '3148-1', 355, '2022-09-26 07:02:51'),
(515, '3186-2', 520, '2022-09-26 07:03:06'),
(515, '3193-1', 161, '2022-09-26 07:05:23'),
(516, '259', 161, '2022-09-26 07:06:20'),
(515, '3179-1', 161, '2022-09-26 07:10:44'),
(516, '258', 161, '2022-09-26 07:11:16'),
(515, '3181-1', 161, '2022-09-26 07:31:45'),
(516, '263', 161, '2022-09-26 07:33:26'),
(515, '3157-1', 161, '2022-09-26 07:39:12'),
(516, '264', 161, '2022-09-26 07:39:43'),
(515, '3212-1', 484, '2022-09-26 07:41:38'),
(515, '3216-1', 392, '2022-09-27 02:57:16'),
(515, '3218-1', 392, '2022-09-27 03:13:34'),
(515, '3173-1', 392, '2022-09-27 06:17:01'),
(515, '3195-1', 161, '2022-09-27 06:19:11'),
(516, '267', 161, '2022-09-27 06:19:56'),
(515, '3180-1', 161, '2022-09-27 06:20:08'),
(516, '268', 161, '2022-09-27 06:20:43'),
(515, '3222-1', 518, '2022-09-27 06:28:08'),
(515, '3224-1', 518, '2022-09-27 06:30:23'),
(515, '3223-1', 519, '2022-10-04 02:58:26'),
(516, '269', 161, '2022-09-27 06:45:25'),
(515, '3166-1', 161, '2022-09-27 06:45:48'),
(515, '3081-1', 218, '2022-09-27 06:46:26'),
(515, '3166-1', 355, '2022-09-27 06:48:11'),
(515, '3225-1', 161, '2022-09-27 07:05:12'),
(516, '270', 161, '2022-09-27 07:05:21'),
(515, '3159-1', 161, '2022-09-27 07:11:24'),
(516, '266', 161, '2022-09-27 07:12:11'),
(515, '3182-1', 161, '2022-09-27 07:15:44'),
(516, '265', 161, '2022-09-27 07:15:48'),
(515, '3041-1', 442, '2022-09-27 11:22:10'),
(515, '1777-1', 524, '2022-09-27 12:19:35'),
(515, '3352-1', 536, '2022-10-12 11:01:23'),
(515, '2715-1', 525, '2022-10-16 09:29:56'),
(515, '1128-1', 524, '2022-09-27 12:54:44'),
(515, '1181-1', 524, '2022-09-27 12:54:28'),
(515, '3223-1', 392, '2022-09-28 05:21:38'),
(515, '3238-1', 448, '2022-09-28 23:26:39'),
(515, '3097-1', 488, '2022-09-29 04:31:24'),
(515, '3237-1', 401, '2022-09-29 06:18:14'),
(515, '3236-1', 401, '2022-09-29 06:19:05'),
(515, '3231-1', 523, '2022-09-29 07:14:09'),
(515, '3148-1', 360, '2022-09-30 07:01:51'),
(515, '3246-1', 392, '2022-10-01 06:30:27'),
(515, '3272-1', 339, '2022-10-05 20:24:17'),
(515, '3228-1', 491, '2022-10-05 11:45:05'),
(515, '3229-1', 491, '2022-10-05 11:44:26'),
(515, '3247-1', 392, '2022-10-03 03:38:37'),
(515, '3250-1', 392, '2022-10-03 03:55:32'),
(515, '3217-1', 323, '2022-10-03 05:31:56'),
(515, '3240-1', 339, '2022-10-03 06:39:48'),
(516, '278', 339, '2022-10-03 06:40:56'),
(515, '3197-1', 339, '2022-10-03 06:46:46'),
(515, '3235-1', 519, '2022-10-10 05:24:21'),
(515, '3239-1', 339, '2022-10-03 07:44:12'),
(516, '274', 339, '2022-10-03 07:49:12'),
(515, '3221-1', 339, '2022-10-03 07:49:20'),
(516, '275', 339, '2022-10-03 07:49:46'),
(515, '3245-1', 339, '2022-10-03 08:06:25'),
(516, '260', 339, '2022-10-03 08:07:34'),
(515, '3214-1', 484, '2022-10-04 03:38:35'),
(516, '274', 161, '2022-10-04 03:19:22'),
(515, '3221-1', 161, '2022-10-04 03:19:31'),
(516, '275', 161, '2022-10-04 03:20:03'),
(515, '3245-1', 161, '2022-10-04 03:23:43'),
(516, '260', 161, '2022-10-04 03:25:55'),
(515, '2972-1', 323, '2022-10-04 06:41:07'),
(515, '3267-1', 161, '2022-10-04 06:53:50'),
(515, '3269-1', 356, '2022-10-04 07:13:43'),
(515, '3160-1', 339, '2022-10-04 07:14:32'),
(515, '3155-1', 339, '2022-10-05 04:34:17'),
(515, '3269-1', 336, '2022-10-06 02:38:35'),
(515, '3266-1', 510, '2022-10-06 02:47:31'),
(515, '3186-2', 339, '2022-10-06 03:26:18'),
(515, '3274-1', 337, '2022-10-06 04:46:28'),
(515, '3275-1', 161, '2022-10-06 04:59:43');
INSERT INTO `item_views` (`assoc_type`, `assoc_id`, `user_id`, `date_last_viewed`) VALUES
(516, '284', 161, '2022-10-06 05:00:49'),
(515, '3270-1', 161, '2022-10-06 05:01:02'),
(515, '3278-1', 530, '2022-10-06 05:08:55'),
(515, '3281-1', 339, '2022-10-06 06:07:04'),
(516, '287', 339, '2022-10-06 08:04:31'),
(515, '3314-1', 339, '2022-10-11 07:25:55'),
(515, '3284-1', 339, '2022-10-07 02:19:43'),
(516, '286', 339, '2022-10-07 02:20:06'),
(515, '3287-1', 161, '2022-10-07 02:35:28'),
(515, '3295-1', 355, '2022-10-07 02:47:05'),
(515, '3075-1', 339, '2022-10-07 03:09:45'),
(515, '3295-1', 534, '2022-10-07 04:46:38'),
(515, '3296-1', 161, '2022-10-07 05:45:43'),
(516, '288', 161, '2022-10-07 05:47:28'),
(515, '3299-1', 161, '2022-10-07 05:48:19'),
(516, '289', 161, '2022-10-07 05:49:02'),
(515, '3300-1', 532, '2022-10-07 06:04:30'),
(515, '3301-1', 532, '2022-10-07 06:04:39'),
(515, '3170-2', 161, '2022-10-07 13:28:49'),
(515, '3302-1', 532, '2022-10-10 01:40:05'),
(515, '3241-1', 392, '2022-10-11 00:01:12'),
(515, '3237-1', 392, '2022-10-10 23:55:29'),
(515, '3272-1', 531, '2022-10-10 03:52:18'),
(515, '3289-1', 491, '2022-10-10 13:46:32'),
(515, '3287-1', 339, '2022-10-10 15:12:49'),
(515, '3312-1', 519, '2022-10-11 01:46:44'),
(515, '3324-1', 339, '2022-10-11 07:27:26'),
(515, '3072-1', 557, '2022-11-29 05:30:24'),
(515, '3363-1', 234, '2022-10-20 02:06:25'),
(515, '3357-1', 392, '2022-10-26 04:07:22'),
(515, '3242-1', 392, '2022-10-26 04:13:43'),
(515, '3258-1', 392, '2022-10-26 05:44:28'),
(515, '3370-1', 522, '2022-10-26 07:07:17'),
(515, '3371-1', 521, '2022-10-27 01:44:46'),
(515, '3373-1', 521, '2023-04-05 01:32:15'),
(515, '3373-1', 392, '2022-10-28 05:22:46'),
(515, '3374-1', 392, '2022-10-28 05:25:12'),
(515, '3243-1', 392, '2022-10-31 07:16:25'),
(515, '3376-1', 392, '2022-10-31 07:19:39'),
(515, '3378-1', 392, '2022-10-31 07:44:28'),
(515, '3378-1', 455, '2022-11-10 03:57:02'),
(515, '3379-1', 521, '2022-11-25 01:44:41'),
(515, '3369-1', 542, '2022-12-16 01:21:08'),
(515, '3372-1', 519, '2023-06-27 02:39:55'),
(515, '3355-1', 519, '2022-11-10 04:26:39'),
(515, '3381-1', 339, '2022-11-11 04:31:13'),
(515, '3382-1', 339, '2022-11-11 04:57:00'),
(515, '3385-1', 339, '2022-11-11 06:19:04'),
(515, '3387-1', 339, '2022-11-11 07:21:41'),
(515, '3168-1', 321, '2022-11-11 18:12:41'),
(515, '3078-2', 321, '2022-12-07 02:26:03'),
(515, '3315-1', 321, '2022-11-29 04:25:19'),
(515, '3364-1', 321, '2022-11-29 04:37:26'),
(515, '3365-1', 321, '2022-11-29 04:41:20'),
(515, '3366-1', 321, '2022-11-29 04:50:38'),
(515, '3386-1', 321, '2022-11-29 04:54:49'),
(515, '3389-1', 360, '2022-11-12 02:56:48'),
(515, '3380-2', 403, '2022-11-14 02:45:57'),
(515, '3394-1', 356, '2022-11-14 06:01:52'),
(516, '295', 339, '2022-11-14 06:47:29'),
(515, '3394-1', 534, '2022-11-15 02:01:16'),
(515, '3389-1', 534, '2022-11-15 04:29:10'),
(515, '3431-1', 522, '2022-11-16 05:08:21'),
(515, '3391-1', 361, '2022-11-16 05:59:36'),
(515, '3439-1', 346, '2022-11-18 02:22:45'),
(515, '3449-1', 403, '2022-11-29 04:26:21'),
(515, '3454-1', 392, '2022-11-22 03:16:57'),
(515, '3452-1', 195, '2022-12-09 02:12:02'),
(515, '3471-1', 403, '2022-11-23 04:00:58'),
(515, '3460-1', 346, '2022-11-23 07:03:57'),
(515, '3384-2', 346, '2022-11-23 07:20:12'),
(515, '3383-2', 346, '2022-11-23 07:44:45'),
(515, '3372-1', 346, '2023-06-27 00:23:11'),
(515, '3480-1', 346, '2022-11-23 08:06:07'),
(515, '3369-1', 346, '2022-11-29 06:18:06'),
(515, '3491-1', 536, '2022-11-23 10:04:12'),
(515, '3491-1', 523, '2022-11-23 14:43:22'),
(515, '3502-1', 346, '2022-11-24 03:22:39'),
(515, '3501-1', 346, '2022-11-24 03:28:07'),
(515, '3500-1', 346, '2022-11-24 03:55:30'),
(515, '3500-1', 553, '2022-11-24 05:31:39'),
(515, '3506-1', 545, '2022-11-24 10:21:57'),
(515, '3490-1', 545, '2022-12-01 01:47:35'),
(515, '3383-2', 545, '2022-11-25 11:15:10'),
(515, '3485-1', 87, '2022-11-25 00:05:16'),
(515, '3498-1', 87, '2022-11-25 00:35:07'),
(515, '3450-1', 403, '2022-11-25 01:38:26'),
(516, '297', 403, '2022-11-25 01:38:37'),
(515, '3509-1', 521, '2022-11-25 01:40:37'),
(515, '3380-2', 521, '2022-11-25 01:46:19'),
(515, '3506-1', 346, '2022-11-25 06:20:49'),
(515, '3505-1', 346, '2022-11-25 06:44:36'),
(515, '3508-1', 346, '2022-11-25 07:00:13'),
(516, '308', 346, '2022-11-25 07:01:04'),
(515, '3507-1', 346, '2022-11-25 07:10:46'),
(516, '300', 346, '2022-11-25 07:11:31'),
(515, '3516-1', 392, '2022-11-26 07:31:53'),
(515, '3498-1', 443, '2022-11-26 23:36:50'),
(515, '3518-1', 370, '2022-11-27 09:38:06'),
(515, '3485-1', 401, '2022-11-28 01:45:54'),
(515, '3495-1', 401, '2022-11-28 06:11:56'),
(515, '3510-1', 403, '2022-12-06 06:23:49'),
(515, '3529-1', 403, '2022-11-29 04:32:22'),
(515, '3527-1', 346, '2022-11-29 07:17:20'),
(515, '3315-1', 557, '2022-11-29 05:36:17'),
(515, '3364-1', 557, '2022-11-29 05:37:56'),
(515, '3365-1', 557, '2022-11-29 05:39:29'),
(515, '3366-1', 557, '2022-12-02 23:22:25'),
(515, '3386-1', 557, '2022-12-02 23:19:38'),
(516, '306', 346, '2022-11-29 07:19:21'),
(515, '3522-1', 346, '2022-11-29 07:25:10'),
(515, '3492-1', 346, '2022-11-29 07:35:15'),
(515, '3543-1', 346, '2022-11-29 07:36:40'),
(515, '3453-1', 495, '2022-11-30 02:04:21'),
(515, '3020-1', 217, '2022-11-30 02:54:11'),
(515, '3021-1', 217, '2022-11-30 02:54:17'),
(515, '3538-1', 217, '2022-11-30 02:57:44'),
(515, '3536-1', 217, '2022-11-30 03:16:56'),
(515, '3532-1', 217, '2022-11-30 04:54:27'),
(515, '3514-1', 346, '2022-12-01 01:32:37'),
(515, '3550-1', 557, '2022-12-01 01:32:55'),
(516, '317', 557, '2022-12-01 01:33:33'),
(515, '3489-1', 346, '2022-12-01 01:34:47'),
(515, '3552-1', 557, '2022-12-01 01:37:22'),
(516, '316', 557, '2022-12-01 01:37:25'),
(515, '3021-1', 557, '2022-12-01 01:41:29'),
(516, '240', 557, '2022-12-01 01:41:33'),
(515, '3554-1', 557, '2022-12-01 01:43:48'),
(516, '314', 557, '2022-12-01 01:46:19'),
(515, '3514-1', 443, '2022-12-01 04:38:26'),
(515, '3559-1', 512, '2022-12-01 06:10:30'),
(515, '3560-1', 403, '2022-12-01 07:25:28'),
(515, '3489-1', 554, '2023-01-09 06:34:17'),
(515, '3489-1', 536, '2022-12-02 02:45:12'),
(515, '3513-1', 370, '2022-12-02 07:28:22'),
(515, '3505-1', 370, '2022-12-02 07:29:01'),
(515, '3514-1', 87, '2022-12-02 11:04:59'),
(515, '3540-1', 87, '2022-12-02 11:23:31'),
(515, '3542-1', 87, '2022-12-02 11:45:31'),
(516, '318', 557, '2022-12-05 01:30:35'),
(515, '3565-1', 557, '2022-12-05 01:32:26'),
(516, '319', 557, '2022-12-05 01:33:14'),
(515, '3563-1', 346, '2022-12-05 02:41:48'),
(516, '312', 346, '2022-12-05 02:43:15'),
(515, '3561-1', 346, '2022-12-05 02:43:47'),
(516, '322', 346, '2022-12-05 02:44:39'),
(515, '3576-1', 370, '2022-12-05 03:11:50'),
(515, '3578-1', 370, '2022-12-05 03:11:51'),
(515, '3556-1', 524, '2022-12-23 10:30:44'),
(515, '3571-1', 486, '2022-12-05 07:32:04'),
(515, '3580-1', 557, '2022-12-06 01:12:50'),
(515, '3545-1', 519, '2023-06-27 02:39:23'),
(515, '3494-1', 519, '2022-12-06 04:14:40'),
(515, '3585-1', 557, '2022-12-06 05:35:38'),
(516, '325', 557, '2022-12-06 05:37:52'),
(515, '3586-1', 539, '2022-12-06 06:25:34'),
(516, '326', 403, '2022-12-06 06:52:50'),
(515, '3499-1', 542, '2023-01-17 13:29:17'),
(515, '3094-1', 557, '2022-12-31 02:21:04'),
(515, '3587-1', 403, '2022-12-07 01:56:27'),
(515, '3592-1', 195, '2022-12-09 02:09:03'),
(515, '3558-1', 535, '2022-12-07 03:36:47'),
(515, '3596-1', 552, '2022-12-07 19:58:39'),
(515, '3609-1', 557, '2022-12-08 01:08:13'),
(515, '2460-1', 393, '2022-12-08 01:44:56'),
(515, '2700-1', 393, '2022-12-08 03:05:08'),
(515, '3500-1', 393, '2023-01-09 09:12:53'),
(515, '3449-2', 195, '2022-12-08 08:18:12'),
(515, '3612-1', 184, '2022-12-08 08:30:56'),
(515, '3620-1', 403, '2022-12-09 02:14:22'),
(515, '3608-1', 403, '2022-12-09 03:54:08'),
(515, '1348-1', 558, '2022-12-10 12:05:33'),
(515, '3649-1', 542, '2023-01-17 13:25:48'),
(515, '3652-1', 403, '2022-12-16 02:18:30'),
(515, '3094-1', 562, '2022-12-16 23:30:02'),
(515, '3709-1', 557, '2022-12-23 02:19:23'),
(515, '3572-1', 540, '2022-12-23 11:11:16'),
(515, '2760-1', 403, '2022-12-21 05:31:51'),
(515, '3721-1', 403, '2022-12-27 06:31:05'),
(515, '3682-1', 403, '2022-12-27 06:04:17'),
(515, '3661-1', 557, '2022-12-20 01:44:16'),
(515, '3637-1', 560, '2022-12-20 02:44:58'),
(515, '3683-1', 403, '2022-12-27 06:04:50'),
(515, '3684-1', 403, '2022-12-27 06:05:57'),
(515, '3685-1', 403, '2022-12-27 06:06:58'),
(515, '3678-1', 557, '2022-12-23 02:13:42'),
(516, '328', 557, '2022-12-20 04:56:08'),
(515, '3834-1', 339, '2023-03-31 02:58:10'),
(515, '2931-1', 392, '2022-12-20 06:11:31'),
(515, '3700-1', 550, '2022-12-22 05:07:51'),
(516, '330', 557, '2022-12-23 04:25:16'),
(515, '3710-1', 562, '2022-12-23 02:30:03'),
(515, '3711-1', 557, '2022-12-23 03:38:03'),
(515, '3719-1', 557, '2022-12-27 02:03:10'),
(515, '3716-1', 557, '2022-12-27 02:05:09'),
(515, '3582-1', 346, '2022-12-29 00:08:02'),
(515, '3729-1', 557, '2022-12-29 04:52:09'),
(515, '3731-1', 560, '2022-12-30 03:24:56'),
(515, '3732-1', 557, '2022-12-31 00:04:39'),
(516, '331', 557, '2022-12-31 00:22:29'),
(515, '3114-1', 557, '2022-12-31 01:11:20'),
(515, '3722-1', 557, '2022-12-31 02:06:06'),
(515, '3726-1', 557, '2022-12-31 02:12:18'),
(515, '3625-1', 557, '2022-12-31 02:17:31'),
(515, '3139-1', 557, '2023-01-04 04:51:53'),
(515, '3614-1', 557, '2023-01-04 04:53:47'),
(515, '3335-1', 568, '2023-01-05 04:10:56'),
(515, '3349-1', 568, '2023-01-05 04:56:00'),
(515, '3378-2', 569, '2023-01-07 14:21:06'),
(515, '3581-1', 346, '2023-01-09 01:26:37'),
(515, '3547-1', 523, '2023-01-09 04:46:48'),
(515, '3589-1', 392, '2023-01-09 05:07:58'),
(515, '3566-1', 346, '2023-01-09 06:05:50'),
(516, '324', 346, '2023-01-09 06:05:59'),
(515, '3749-1', 346, '2023-01-09 06:39:30'),
(515, '3562-1', 554, '2023-01-09 06:45:06'),
(515, '3543-1', 545, '2023-01-17 01:02:45'),
(515, '3751-1', 546, '2023-01-09 17:45:36'),
(515, '3501-1', 536, '2023-01-10 09:58:34'),
(515, '2944-1', 370, '2023-01-11 04:18:27'),
(515, '3753-1', 495, '2023-01-12 02:18:41'),
(515, '254-1', 572, '2023-01-14 02:01:14'),
(515, '3754-1', 542, '2023-01-17 06:02:57'),
(515, '3631-1', 451, '2023-01-19 15:09:48'),
(515, '3789-1', 346, '2023-01-24 06:55:26'),
(515, '3791-1', 346, '2023-01-24 07:02:20'),
(515, '3797-1', 542, '2023-01-24 07:32:24'),
(515, '3810-1', 495, '2023-04-10 06:09:37'),
(515, '3781-1', 346, '2023-07-08 06:44:12'),
(515, '3787-1', 346, '2023-01-26 22:54:59'),
(515, '3818-1', 346, '2023-01-26 23:51:53'),
(515, '3799-1', 346, '2023-01-27 00:00:55'),
(515, '3820-1', 346, '2023-01-27 02:47:46'),
(515, '3339-1', 574, '2023-01-30 03:55:37'),
(515, '3746-1', 339, '2023-09-08 05:00:46'),
(515, '3760-1', 339, '2023-02-07 02:20:20'),
(515, '3398-1', 339, '2023-02-07 03:15:54'),
(516, '291', 339, '2023-02-07 03:20:28'),
(515, '3436-1', 339, '2023-02-07 03:21:04'),
(516, '292', 339, '2023-02-07 03:22:01'),
(515, '3441-1', 339, '2023-02-07 05:02:02'),
(516, '294', 339, '2023-02-07 05:32:49'),
(515, '3400-1', 339, '2023-02-07 05:37:54'),
(516, '296', 339, '2023-02-07 05:38:21'),
(515, '3757-2', 339, '2023-02-07 05:41:51'),
(515, '3168-1', 557, '2023-02-09 12:31:28'),
(515, '3504-1', 557, '2023-02-09 13:45:12'),
(515, '3869-1', 573, '2023-03-03 08:09:59'),
(515, '3824-2', 557, '2023-02-09 14:10:40'),
(515, '3824-2', 575, '2023-02-09 14:11:54'),
(515, '3392-1', 547, '2023-03-24 05:08:52'),
(515, '3845-1', 579, '2023-03-18 10:45:48'),
(515, '3838-1', 339, '2023-02-13 02:10:20'),
(515, '3845-1', 557, '2023-03-03 11:42:20'),
(515, '3847-1', 557, '2023-03-03 11:48:52'),
(515, '3830-1', 549, '2023-03-26 14:11:06'),
(515, '2160-1', 399, '2023-02-13 04:43:03'),
(515, '3849-1', 1, '2023-02-13 05:16:17'),
(515, '3838-1', 1, '2023-02-13 05:17:11'),
(515, '3793-1', 392, '2023-02-13 06:32:51'),
(515, '3839-1', 399, '2023-02-13 07:16:49'),
(515, '3850-1', 579, '2023-03-15 02:53:26'),
(515, '3846-1', 579, '2023-02-14 01:18:04'),
(515, '3849-1', 360, '2023-02-14 11:25:56'),
(515, '3856-1', 323, '2023-05-16 07:00:43'),
(515, '3854-1', 557, '2023-02-16 06:42:15'),
(515, '3861-1', 557, '2023-02-17 07:21:30'),
(515, '3828-1', 544, '2023-03-28 23:50:19'),
(515, '3829-1', 544, '2023-03-28 23:50:39'),
(515, '3863-1', 454, '2023-02-19 14:03:25'),
(515, '3851-1', 454, '2023-02-19 14:19:56'),
(515, '3841-1', 537, '2023-02-21 08:18:13'),
(515, '3504-1', 537, '2023-03-01 05:59:02'),
(515, '3852-1', 339, '2023-03-03 00:05:03'),
(515, '3860-1', 339, '2023-03-14 07:04:18'),
(515, '3864-1', 557, '2023-03-03 02:44:38'),
(516, '346', 557, '2023-03-03 02:47:06'),
(515, '3870-1', 557, '2023-03-03 11:38:16'),
(516, '344', 557, '2023-03-03 11:41:55'),
(515, '3877-1', 450, '2023-03-04 06:44:36'),
(515, '3736-1', 450, '2023-03-04 07:48:27'),
(515, '3880-1', 450, '2023-03-04 08:48:55'),
(515, '3881-1', 557, '2023-03-04 14:25:40'),
(516, '355', 557, '2023-03-04 14:27:24'),
(515, '3879-1', 557, '2023-03-04 14:30:33'),
(516, '354', 557, '2023-03-04 14:31:14'),
(515, '3858-1', 557, '2023-03-04 14:37:12'),
(515, '3757-2', 229, '2023-03-05 07:09:13'),
(515, '3831-1', 229, '2023-03-05 07:10:21'),
(515, '3883-1', 575, '2023-03-06 03:20:18'),
(515, '3168-1', 399, '2023-07-26 02:17:14'),
(515, '3888-1', 575, '2023-03-06 04:07:53'),
(515, '3857-1', 399, '2023-03-25 03:26:40'),
(515, '3860-1', 531, '2023-03-07 08:18:26'),
(515, '3867-1', 337, '2023-03-08 02:01:06'),
(515, '3818-1', 451, '2023-03-08 02:08:08'),
(515, '3871-1', 579, '2023-03-10 04:21:16'),
(515, '3854-1', 399, '2023-03-25 03:27:04'),
(515, '3889-1', 339, '2023-03-14 07:13:35'),
(516, '347', 339, '2023-03-14 07:15:12'),
(515, '3855-1', 339, '2023-03-14 07:20:10'),
(516, '342', 339, '2023-03-14 07:21:47'),
(515, '3891-1', 531, '2023-03-14 07:38:23'),
(515, '3831-1', 339, '2023-03-14 08:05:00'),
(515, '3900-1', 361, '2023-03-14 11:29:03'),
(515, '3903-1', 557, '2023-03-30 13:55:22'),
(515, '3896-1', 557, '2023-03-20 11:00:04'),
(515, '3884-1', 453, '2023-03-17 19:00:46'),
(515, '3885-1', 453, '2023-03-17 19:17:02'),
(515, '3912-1', 557, '2023-03-20 10:21:22'),
(516, '357', 557, '2023-03-20 10:25:31'),
(515, '3911-1', 557, '2023-03-20 10:06:05'),
(516, '356', 557, '2023-03-20 01:42:22'),
(515, '3898-1', 576, '2023-03-20 05:13:52'),
(515, '3910-1', 557, '2023-03-20 10:32:47'),
(515, '3913-1', 537, '2023-03-20 10:41:27'),
(515, '2399-1', 420, '2023-03-21 03:59:06'),
(515, '3894-1', 346, '2023-03-24 02:40:18'),
(515, '3890-1', 346, '2023-03-24 02:43:18'),
(515, '3865-1', 346, '2023-03-24 02:49:02'),
(515, '3643-1', 346, '2023-03-24 04:10:30'),
(515, '3496-1', 346, '2023-03-24 03:32:59'),
(515, '3583-1', 346, '2023-03-24 03:37:26'),
(515, '3925-1', 555, '2023-03-24 04:07:26'),
(515, '3385-1', 547, '2023-03-24 05:09:35'),
(515, '3923-1', 87, '2023-03-24 21:52:31'),
(515, '3914-1', 399, '2023-03-25 03:26:01'),
(515, '3924-1', 582, '2023-03-25 06:45:44'),
(515, '3927-1', 555, '2023-03-25 23:49:54'),
(515, '3921-1', 557, '2023-03-26 02:52:40'),
(515, '3934-1', 557, '2023-03-26 02:58:20'),
(515, '3901-1', 339, '2023-03-26 04:00:31'),
(516, '358', 339, '2023-03-26 04:08:54'),
(515, '3939-1', 531, '2023-03-27 06:41:56'),
(515, '3900-1', 354, '2023-03-26 04:52:01'),
(515, '3837-1', 354, '2023-03-26 04:55:00'),
(515, '3940-1', 339, '2023-03-26 07:24:17'),
(516, '338', 339, '2023-03-26 07:26:43'),
(515, '3941-1', 339, '2023-03-26 07:32:20'),
(515, '3836-1', 574, '2023-03-26 09:46:19'),
(515, '3834-1', 574, '2023-03-26 09:46:19'),
(516, '368', 339, '2023-03-26 07:54:41'),
(515, '3946-1', 161, '2023-03-26 08:00:54'),
(515, '3942-1', 339, '2023-03-26 09:43:37'),
(515, '3942-1', 574, '2023-03-26 09:52:54'),
(515, '3938-1', 346, '2023-03-27 00:18:33'),
(516, '365', 346, '2023-03-27 00:19:30'),
(515, '3895-1', 588, '2023-03-27 00:35:41'),
(515, '3926-1', 588, '2023-03-27 02:54:14'),
(515, '3935-1', 346, '2023-03-27 00:48:53'),
(516, '364', 346, '2023-03-27 00:50:16'),
(515, '3933-1', 87, '2023-03-27 01:08:33'),
(515, '3933-1', 346, '2023-03-27 01:10:39'),
(516, '363', 346, '2023-03-27 01:13:10'),
(515, '3928-1', 587, '2023-03-27 02:54:17'),
(515, '3894-1', 587, '2023-03-27 01:45:58'),
(515, '3952-1', 582, '2023-03-27 02:40:01'),
(515, '3865-1', 582, '2023-03-27 03:54:12'),
(515, '3950-1', 588, '2023-03-27 03:00:13'),
(515, '3314-1', 591, '2023-03-27 13:59:00'),
(515, '3953-1', 585, '2023-03-28 02:02:02'),
(515, '3931-1', 536, '2023-03-28 03:25:52'),
(515, '3331-1', 591, '2023-03-28 06:35:46'),
(515, '3905-1', 337, '2023-03-28 08:14:03'),
(515, '3825-1', 543, '2023-03-28 22:09:52'),
(515, '3827-1', 543, '2023-03-29 00:27:23'),
(515, '3967-1', 544, '2023-03-29 02:07:08'),
(515, '3962-1', 339, '2023-03-31 06:23:59'),
(515, '3973-1', 339, '2023-03-30 03:18:09'),
(516, '370', 339, '2023-03-30 03:18:19'),
(515, '3963-1', 339, '2023-03-30 06:02:57'),
(515, '3968-1', 339, '2023-03-30 06:28:48'),
(515, '3974-1', 591, '2023-03-31 08:02:17'),
(515, '3897-1', 339, '2023-03-30 07:36:15'),
(515, '3957-1', 339, '2023-03-30 07:56:59'),
(515, '3962-1', 591, '2023-03-30 11:45:04'),
(515, '3920-1', 557, '2023-03-30 13:57:51'),
(515, '3971-1', 557, '2023-03-30 13:59:29'),
(515, '3947-1', 339, '2023-03-31 02:32:37'),
(515, '3954-1', 339, '2023-03-31 02:55:11'),
(515, '3974-1', 339, '2023-03-31 06:18:08'),
(515, '3848-1', 576, '2023-03-31 07:22:08'),
(515, '3985-1', 339, '2023-03-31 11:18:24'),
(515, '3920-1', 217, '2023-03-31 23:41:19'),
(515, '2527-1', 217, '2023-03-31 23:55:28'),
(515, '3936-1', 217, '2023-04-01 00:00:22'),
(515, '3983-2', 595, '2023-04-04 08:17:14'),
(515, '4077-1', 579, '2023-04-02 18:50:35'),
(515, '3959-1', 592, '2023-08-05 22:41:29'),
(515, '3721-1', 184, '2023-04-17 03:32:51'),
(515, '3378-2', 455, '2023-04-24 14:22:49'),
(515, '3893-1', 323, '2023-05-02 02:11:59'),
(515, '3907-1', 323, '2023-05-02 02:15:42'),
(515, '3906-1', 323, '2023-05-02 02:17:30'),
(515, '4079-1', 323, '2023-05-02 02:19:24'),
(516, '372', 323, '2023-05-03 02:44:11'),
(516, '373', 323, '2023-05-03 02:47:44'),
(515, '4091-1', 586, '2023-05-06 04:02:09'),
(516, '374', 323, '2023-05-08 02:20:17'),
(516, '375', 323, '2023-05-08 02:23:59'),
(515, '4099-1', 184, '2023-05-16 11:20:29'),
(515, '3856-1', 581, '2023-05-09 02:51:40'),
(515, '3365-1', 524, '2023-05-10 00:52:36'),
(515, '4100-1', 451, '2023-05-10 04:20:13'),
(515, '4101-1', 589, '2023-05-10 04:30:54'),
(515, '4104-1', 323, '2023-05-12 01:37:14'),
(515, '3685-1', 184, '2023-05-16 11:26:36'),
(516, '376', 323, '2023-05-19 01:36:33'),
(515, '4112-1', 184, '2023-05-19 01:42:58'),
(515, '4112-1', 323, '2023-05-19 01:43:44'),
(515, '4099-1', 323, '2023-05-19 01:44:46'),
(515, '4097-1', 323, '2023-05-19 01:51:35'),
(515, '4120-1', 323, '2023-05-19 02:04:59'),
(515, '4219-1', 346, '2023-07-13 06:34:11'),
(515, '4118-1', 323, '2023-05-22 03:22:44'),
(515, '4125-1', 323, '2023-05-22 04:55:10'),
(515, '4119-1', 581, '2023-05-23 01:45:09'),
(515, '3682-1', 581, '2023-05-23 02:06:04'),
(515, '3684-1', 581, '2023-05-23 05:29:56'),
(515, '4127-1', 323, '2023-05-23 05:45:08'),
(515, '2921-1', 704, '2024-04-03 00:38:39'),
(515, '4439-1', 623, '2024-04-02 06:40:42'),
(515, '4689-1', 1, '2024-04-02 06:31:35'),
(515, '4586-1', 643, '2024-03-06 16:02:18'),
(515, '5138-1', 557, '2024-06-19 04:08:02'),
(515, '4454-2', 339, '2023-09-30 15:13:35'),
(515, '4142-3', 500, '2023-08-18 04:08:24'),
(515, '4811-2', 339, '2024-03-14 02:05:36'),
(515, '4108-1', 557, '2024-04-01 04:18:07'),
(515, '4124-1', 557, '2023-06-12 02:30:00'),
(515, '4251-2', 1, '2024-04-01 08:48:20'),
(515, '4142-3', 557, '2023-06-12 02:47:54'),
(515, '4068-1', 604, '2023-06-14 14:50:12'),
(515, '4964-1', 557, '2024-04-16 02:38:09'),
(515, '3956-1', 582, '2023-06-18 13:08:23'),
(515, '4108-1', 597, '2023-06-19 12:47:33'),
(515, '4047-1', 597, '2023-06-19 15:38:44'),
(515, '4148-1', 537, '2023-09-22 05:56:47'),
(515, '2628-1', 465, '2023-06-21 15:40:35'),
(515, '4822-1', 360, '2024-03-15 05:58:27'),
(515, '3633-1', 346, '2023-06-26 23:35:29'),
(515, '4623-1', 704, '2024-04-03 00:37:47'),
(515, '3545-1', 346, '2023-06-26 23:36:24'),
(515, '3931-1', 346, '2023-06-27 01:46:55'),
(515, '4151-1', 608, '2023-06-28 08:50:02'),
(515, '4813-1', 339, '2024-03-14 02:04:04'),
(515, '3983-2', 1, '2023-07-10 05:10:41'),
(515, '4199-2', 613, '2023-07-11 06:48:38'),
(515, '4191-1', 612, '2023-07-11 07:21:24'),
(515, '4217-1', 513, '2023-07-13 04:58:18'),
(515, '4043-1', 616, '2023-07-17 14:04:37'),
(515, '4221-1', 617, '2023-07-31 14:11:55'),
(515, '3685-1', 339, '2023-07-24 05:22:02'),
(515, '2994-1', 339, '2023-07-24 05:39:25'),
(515, '3934-1', 399, '2023-07-26 02:10:21'),
(515, '4148-1', 557, '2023-08-01 03:26:42'),
(515, '4144-1', 557, '2023-08-01 03:36:17'),
(516, '471', 403, '2024-05-25 11:28:14'),
(515, '4973-1', 226, '2024-04-17 05:05:34'),
(515, '4154-1', 557, '2023-08-03 03:50:21'),
(515, '4151-1', 557, '2023-08-03 03:53:32'),
(515, '4156-1', 557, '2024-06-15 05:57:19'),
(516, '469', 403, '2024-05-25 11:23:26'),
(515, '4182-1', 169, '2023-09-06 04:29:58'),
(515, '4043-1', 622, '2023-08-06 11:22:52'),
(515, '4047-1', 622, '2023-08-06 11:25:03'),
(515, '4230-1', 486, '2023-08-07 03:13:38'),
(515, '4237-1', 557, '2023-08-07 03:17:53'),
(515, '4239-1', 622, '2023-08-07 03:36:09'),
(515, '4229-1', 87, '2023-08-07 04:04:06'),
(515, '4240-1', 557, '2023-08-07 04:17:49'),
(515, '4233-1', 323, '2023-08-07 05:10:55'),
(515, '4227-1', 87, '2023-08-07 05:14:13'),
(515, '4234-1', 323, '2024-04-01 08:43:18'),
(515, '4631-1', 339, '2023-09-30 14:58:09'),
(515, '4244-1', 557, '2023-08-07 06:06:52'),
(516, '377', 557, '2023-08-07 06:14:17'),
(515, '4243-1', 557, '2023-08-07 06:15:27'),
(516, '378', 557, '2023-08-07 06:15:36'),
(515, '4247-1', 537, '2023-08-07 11:16:01'),
(515, '4242-1', 217, '2023-08-08 01:40:32'),
(515, '4251-2', 624, '2023-08-08 07:01:03'),
(515, '4242-1', 557, '2023-08-09 02:56:17'),
(515, '4250-1', 557, '2023-08-09 02:57:23'),
(516, '381', 557, '2023-08-09 02:59:15'),
(515, '4805-1', 169, '2024-03-07 04:38:04'),
(515, '4254-1', 323, '2023-08-21 03:44:00'),
(515, '4221-1', 169, '2023-08-10 06:18:02'),
(515, '4225-1', 169, '2023-08-10 06:50:02'),
(515, '4251-2', 169, '2023-08-10 07:06:49'),
(515, '4228-1', 603, '2023-08-10 09:56:59'),
(515, '4245-1', 603, '2023-08-23 07:59:28'),
(515, '4256-1', 617, '2023-08-11 05:26:17'),
(515, '4259-1', 218, '2023-08-11 10:50:14'),
(515, '4809-1', 169, '2024-05-17 04:05:33'),
(515, '4252-1', 622, '2023-08-15 04:21:14'),
(515, '4257-1', 87, '2023-08-14 02:27:06'),
(515, '4261-1', 557, '2023-08-14 03:38:16'),
(515, '4264-1', 169, '2023-08-15 02:49:55'),
(516, '382', 169, '2023-08-15 02:52:24'),
(515, '4262-1', 169, '2023-08-15 03:02:53'),
(516, '385', 169, '2023-08-15 03:03:14'),
(515, '4270-1', 557, '2023-08-15 03:12:01'),
(515, '4260-1', 175, '2023-08-15 03:31:14'),
(515, '4274-1', 557, '2023-08-15 04:27:33'),
(515, '4258-1', 619, '2023-08-16 06:52:57'),
(515, '4271-1', 617, '2023-08-30 12:56:40'),
(515, '4266-1', 500, '2023-08-18 03:58:49'),
(515, '4051-1', 500, '2023-08-18 04:05:47'),
(515, '4285-1', 557, '2023-08-24 06:03:51'),
(515, '4277-1', 217, '2023-08-21 01:55:31'),
(515, '4281-1', 557, '2023-08-21 04:42:31'),
(516, '386', 557, '2023-08-21 04:46:47'),
(515, '4275-1', 557, '2023-08-21 04:52:51'),
(515, '4279-1', 557, '2023-08-21 04:58:44'),
(515, '4275-1', 622, '2023-08-21 09:59:56'),
(515, '4283-1', 622, '2023-08-21 10:08:00'),
(515, '4285-1', 622, '2023-08-21 10:37:14'),
(515, '4282-1', 627, '2023-08-26 14:06:31'),
(515, '4278-1', 169, '2023-08-22 02:59:13'),
(516, '384', 169, '2023-08-22 03:03:11'),
(515, '4286-1', 624, '2023-08-22 04:11:13'),
(515, '4238-1', 616, '2023-08-25 03:57:05'),
(515, '4738-1', 323, '2024-04-01 08:45:12'),
(515, '4288-1', 557, '2023-08-28 03:39:06'),
(515, '4971-1', 226, '2024-04-17 05:21:24'),
(515, '4339-1', 169, '2023-09-05 06:56:09'),
(515, '4301-2', 636, '2023-08-31 14:08:18'),
(515, '4298-1', 634, '2023-08-31 06:35:02'),
(515, '4341-1', 634, '2023-09-05 07:28:44'),
(515, '4296-1', 169, '2023-08-31 04:59:28'),
(515, '4299-1', 169, '2023-09-04 03:00:30'),
(515, '4298-1', 169, '2023-09-04 03:12:50'),
(515, '4306-3', 169, '2023-09-04 04:43:38'),
(515, '4297-1', 87, '2023-09-04 04:52:09'),
(515, '4311-1', 169, '2023-09-04 04:55:49'),
(515, '4300-1', 169, '2023-09-04 05:06:34'),
(515, '4301-2', 169, '2023-09-04 05:09:24'),
(515, '4312-1', 87, '2023-09-04 05:10:00'),
(515, '4303-2', 169, '2023-09-04 05:13:22'),
(515, '4314-1', 87, '2023-09-04 05:16:38'),
(515, '4260-1', 169, '2023-09-04 05:31:28'),
(515, '4317-1', 169, '2023-09-04 05:35:15'),
(516, '387', 169, '2023-09-04 05:35:29'),
(515, '4318-1', 169, '2023-09-04 06:01:03'),
(516, '390', 169, '2023-09-04 06:01:53'),
(515, '4320-1', 169, '2023-09-04 06:06:32'),
(516, '391', 169, '2023-09-04 06:08:00'),
(515, '4324-1', 635, '2023-09-08 07:32:08'),
(515, '4325-1', 634, '2023-09-04 10:23:23'),
(515, '4327-1', 640, '2023-09-07 01:09:07'),
(515, '4212-1', 87, '2023-09-05 02:28:54'),
(516, '388', 323, '2023-09-05 05:03:20'),
(516, '389', 323, '2023-09-05 05:08:00'),
(515, '4321-1', 557, '2023-09-06 01:05:31'),
(515, '4292-1', 557, '2023-09-06 03:13:15'),
(515, '4345-1', 560, '2023-09-06 03:48:31'),
(515, '4348-1', 557, '2023-09-06 04:15:21'),
(516, '397', 557, '2023-09-06 04:15:35'),
(515, '4347-1', 603, '2023-09-06 06:21:59'),
(515, '3959-1', 1, '2023-09-06 04:24:14'),
(515, '4043-1', 603, '2023-09-06 07:02:06'),
(515, '3959-1', 169, '2023-09-06 07:08:36'),
(515, '4351-1', 624, '2023-09-07 03:36:30'),
(515, '4351-1', 169, '2023-09-07 06:51:49'),
(515, '4343-1', 169, '2023-09-07 06:56:47'),
(515, '4346-3', 169, '2023-09-11 06:20:07'),
(516, '393', 323, '2023-09-07 07:07:06'),
(515, '4346-3', 642, '2023-09-07 07:31:49'),
(515, '4248-1', 339, '2023-09-07 07:32:38'),
(515, '4353-1', 642, '2023-09-07 07:35:04'),
(515, '3833-1', 339, '2023-09-07 07:55:34'),
(515, '4338-1', 625, '2023-09-07 12:06:38'),
(515, '4352-1', 625, '2023-09-07 12:36:12'),
(515, '4359-1', 625, '2023-09-07 12:35:01'),
(515, '4315-1', 625, '2023-09-07 12:38:51'),
(515, '1341-1', 175, '2023-09-07 14:17:27'),
(515, '3983-2', 175, '2023-09-07 14:20:56'),
(515, '3978-1', 339, '2023-09-08 03:53:27'),
(515, '4365-1', 534, '2023-09-08 05:35:56'),
(515, '4408-1', 568, '2023-09-15 09:12:08'),
(515, '4356-1', 169, '2023-09-08 06:09:43'),
(515, '4355-1', 169, '2023-09-08 06:10:22'),
(515, '4365-1', 337, '2023-09-08 06:17:44'),
(515, '4355-1', 635, '2023-09-08 08:15:34'),
(515, '4296-1', 635, '2023-09-08 08:38:36'),
(515, '4368-1', 169, '2023-09-09 13:16:09'),
(515, '4354-1', 623, '2023-09-09 16:15:49'),
(515, '4248-1', 623, '2024-03-04 16:23:11'),
(515, '4319-1', 175, '2023-09-11 01:35:25'),
(515, '4323-1', 175, '2023-09-11 02:15:11'),
(515, '4322-1', 175, '2023-09-11 02:46:47'),
(515, '4322-1', 169, '2023-09-11 06:07:38'),
(515, '4371-1', 169, '2023-09-11 06:30:41'),
(516, '401', 169, '2023-09-11 06:30:51'),
(515, '4370-1', 169, '2023-09-11 06:34:20'),
(516, '402', 169, '2023-09-11 06:34:30'),
(515, '4373-1', 339, '2023-09-11 06:40:13'),
(515, '4424-1', 1, '2024-04-01 08:45:50'),
(516, '398', 339, '2023-09-11 06:41:39'),
(515, '4382-1', 392, '2023-09-13 06:16:50'),
(516, '399', 339, '2023-09-11 06:42:32'),
(515, '4369-1', 339, '2023-09-11 06:46:05'),
(515, '4394-1', 534, '2023-09-11 06:59:04'),
(515, '4396-1', 637, '2023-09-11 08:03:01'),
(515, '4386-1', 636, '2023-09-11 13:09:39'),
(515, '4394-1', 337, '2023-09-14 00:33:40'),
(515, '4387-1', 638, '2023-09-11 10:02:28'),
(515, '4303-2', 638, '2023-09-11 10:07:28'),
(515, '4364-1', 568, '2023-09-11 12:45:02'),
(515, '3746-1', 568, '2023-09-11 12:45:01'),
(515, '4397-1', 568, '2023-09-11 13:22:03'),
(515, '4398-1', 568, '2023-09-11 13:29:24'),
(515, '4378-1', 617, '2023-09-24 11:46:45'),
(516, '462', 403, '2024-05-16 03:36:10'),
(515, '4395-1', 339, '2023-09-13 02:56:52'),
(516, '405', 339, '2023-09-13 02:57:59'),
(515, '4379-1', 619, '2023-09-13 10:36:17'),
(515, '4272-1', 619, '2023-09-13 10:37:25'),
(515, '4522-1', 1, '2024-04-01 08:49:16'),
(515, '4426-1', 339, '2023-09-14 02:49:50'),
(516, '404', 339, '2023-09-14 02:50:43'),
(515, '4071-1', 647, '2023-09-15 16:46:29'),
(515, '4427-1', 623, '2023-09-14 05:32:40'),
(515, '4428-1', 623, '2023-09-14 05:30:10'),
(515, '4415-1', 169, '2023-09-14 06:38:11'),
(516, '403', 169, '2023-09-14 06:38:29'),
(515, '4424-1', 169, '2023-09-14 06:55:51'),
(515, '4697-1', 674, '2023-10-29 14:50:33'),
(515, '4706-1', 704, '2024-04-03 00:53:54'),
(515, '4417-1', 169, '2023-09-14 07:23:49'),
(515, '4425-1', 169, '2023-09-14 07:27:05'),
(515, '4429-1', 642, '2023-09-14 11:58:21'),
(515, '4433-1', 169, '2023-09-15 02:29:49'),
(515, '4043-1', 647, '2023-09-15 16:47:20'),
(515, '4439-1', 339, '2023-09-18 01:56:21'),
(515, '4435-1', 169, '2023-09-18 05:06:04'),
(515, '4442-1', 169, '2023-09-18 05:16:09'),
(515, '4445-1', 169, '2023-09-18 05:24:03'),
(515, '4430-1', 392, '2023-09-18 05:52:33'),
(516, '406', 169, '2023-09-18 08:00:55'),
(515, '4460-1', 646, '2023-09-19 02:08:35'),
(515, '4445-1', 651, '2023-09-19 02:28:28'),
(515, '3993-1', 169, '2023-09-19 06:51:25'),
(515, '4469-1', 87, '2023-09-20 00:26:25'),
(515, '4466-1', 87, '2023-09-20 02:01:25'),
(515, '4468-1', 339, '2023-09-30 05:43:16'),
(515, '4537-1', 1, '2024-04-01 08:47:10'),
(515, '4473-1', 656, '2023-09-20 08:48:18'),
(515, '4474-1', 339, '2023-09-21 02:23:48'),
(515, '4452-1', 653, '2023-09-21 03:33:51'),
(515, '4481-1', 654, '2023-09-21 03:59:27'),
(515, '4480-2', 339, '2023-09-21 04:01:17'),
(515, '4486-1', 336, '2023-09-21 06:06:47'),
(515, '4484-1', 336, '2023-09-21 06:49:08'),
(515, '4491-1', 339, '2023-09-22 06:44:39'),
(515, '4478-1', 360, '2023-09-23 01:23:51'),
(515, '4494-1', 360, '2023-09-23 02:06:22'),
(515, '4696-1', 403, '2024-04-01 04:51:02'),
(515, '4486-1', 361, '2023-09-23 10:29:12'),
(515, '4484-1', 361, '2023-09-23 10:29:53'),
(515, '4456-1', 637, '2023-09-25 01:40:44'),
(515, '4458-1', 636, '2023-09-25 01:46:03'),
(515, '4300-1', 637, '2023-09-25 01:50:14'),
(515, '4461-1', 638, '2023-09-25 01:53:45'),
(515, '4471-1', 655, '2023-09-26 11:25:56'),
(515, '4498-1', 339, '2023-09-26 03:24:33'),
(516, '411', 339, '2023-09-26 03:27:31'),
(515, '4489-1', 339, '2023-09-26 03:27:42'),
(516, '412', 339, '2023-09-26 03:27:58'),
(515, '4499-1', 339, '2023-09-26 03:32:10'),
(516, '413', 339, '2023-09-26 03:32:38'),
(515, '4488-1', 339, '2023-09-26 03:32:53'),
(516, '414', 339, '2023-09-26 03:33:29'),
(515, '4478-1', 362, '2023-09-26 03:46:55'),
(515, '4494-1', 362, '2023-09-26 04:08:40'),
(515, '4495-1', 339, '2023-09-26 04:34:39'),
(516, '409', 339, '2023-09-26 04:35:30'),
(516, '410', 339, '2023-09-26 04:35:59'),
(515, '4496-1', 339, '2023-09-26 04:42:25'),
(516, '415', 339, '2023-09-26 04:42:59'),
(516, '416', 339, '2023-09-26 04:43:29'),
(515, '4487-1', 339, '2023-09-30 06:59:30'),
(515, '4514-1', 356, '2023-09-26 06:55:04'),
(515, '4509-1', 169, '2023-09-26 09:05:50'),
(515, '4510-1', 169, '2023-09-26 09:05:58'),
(515, '4524-1', 655, '2023-09-26 11:33:33'),
(515, '4731-2', 684, '2024-02-12 13:06:21'),
(515, '4524-1', 339, '2023-09-27 03:02:20'),
(515, '4521-1', 339, '2023-09-27 06:02:28'),
(515, '4540-1', 360, '2023-09-27 06:13:41'),
(515, '4542-1', 339, '2023-09-27 07:09:18'),
(516, '419', 339, '2023-09-27 07:10:16'),
(516, '420', 339, '2023-09-27 07:12:53'),
(515, '4802-1', 169, '2024-04-01 02:21:24'),
(515, '4550-1', 655, '2023-09-27 13:59:34'),
(515, '4349-1', 641, '2023-09-27 12:40:09'),
(515, '4060-1', 641, '2023-09-27 12:44:34'),
(515, '4553-1', 557, '2023-09-28 01:22:04'),
(515, '4490-1', 557, '2023-09-28 01:27:33'),
(516, '421', 557, '2023-09-28 01:59:30'),
(515, '4554-1', 339, '2023-09-28 07:07:24'),
(515, '4564-1', 339, '2023-09-28 07:21:18'),
(515, '4519-1', 339, '2023-09-28 07:34:46'),
(516, '418', 339, '2023-09-28 07:35:30'),
(515, '4563-1', 557, '2023-10-10 04:36:52'),
(515, '4569-1', 576, '2023-09-28 07:46:36'),
(516, '424', 339, '2023-09-28 07:56:16'),
(515, '4350-1', 557, '2023-09-28 08:22:22'),
(515, '4562-1', 195, '2023-09-28 09:18:00'),
(515, '4566-1', 356, '2023-09-28 10:02:50'),
(515, '4559-1', 658, '2023-09-28 10:40:26'),
(515, '4465-1', 87, '2023-09-28 11:25:47'),
(515, '4331-1', 621, '2023-09-28 11:42:32'),
(515, '4337-1', 621, '2023-09-28 11:42:40'),
(515, '4440-1', 623, '2024-04-02 06:41:21'),
(515, '4757-1', 675, '2024-01-11 08:07:43'),
(515, '4330-1', 621, '2023-09-28 12:24:54'),
(515, '4335-1', 621, '2023-09-28 12:25:00'),
(515, '4556-1', 658, '2023-09-28 14:11:35'),
(515, '4579-1', 557, '2023-09-28 14:34:07'),
(515, '4571-1', 666, '2023-09-28 14:48:42'),
(515, '4567-1', 666, '2023-09-28 14:50:26'),
(515, '4564-1', 666, '2023-09-28 14:50:22'),
(515, '4572-1', 339, '2023-09-28 14:51:24'),
(516, '423', 339, '2023-09-28 14:51:55'),
(515, '4483-1', 653, '2023-09-29 02:04:17'),
(515, '4500-1', 653, '2023-09-29 02:08:06'),
(515, '4501-1', 653, '2023-09-29 02:08:10'),
(515, '4487-1', 576, '2023-09-29 02:51:47'),
(515, '4751-1', 175, '2024-01-31 07:15:51'),
(515, '4597-1', 339, '2023-09-30 02:56:42'),
(515, '4552-1', 339, '2023-09-30 05:40:44'),
(515, '4583-1', 339, '2023-09-30 06:34:37'),
(515, '4582-1', 666, '2023-09-30 07:28:39'),
(515, '4581-1', 665, '2023-09-30 08:12:19'),
(515, '4502-1', 654, '2023-09-30 08:51:39'),
(515, '4503-1', 654, '2023-09-30 08:51:44'),
(515, '4454-2', 654, '2023-09-30 12:07:40'),
(515, '4573-1', 169, '2023-10-03 03:36:50'),
(516, '408', 169, '2023-10-03 03:36:58'),
(515, '4668-1', 392, '2023-10-03 03:45:56'),
(515, '4666-1', 169, '2023-10-03 03:51:27'),
(515, '4672-1', 392, '2023-10-03 09:25:15'),
(515, '4676-4', 670, '2023-10-08 16:10:23'),
(515, '4673-1', 169, '2023-10-05 02:11:33'),
(516, '425', 169, '2023-10-05 02:11:43'),
(515, '4674-1', 169, '2023-10-05 02:19:33'),
(516, '426', 169, '2023-10-05 02:21:25'),
(515, '4585-1', 704, '2024-04-03 00:38:21'),
(515, '4677-1', 671, '2023-10-06 00:29:38'),
(515, '4681-1', 649, '2023-10-06 05:52:36'),
(515, '4810-1', 695, '2024-02-29 05:45:25'),
(515, '4806-1', 696, '2024-03-15 00:18:26'),
(515, '4473-1', 557, '2023-10-19 13:26:17'),
(515, '4236-1', 557, '2023-10-10 04:33:55'),
(515, '4492-1', 557, '2024-04-05 02:29:45'),
(515, '4684-2', 673, '2023-10-11 01:07:26'),
(515, '4685-1', 169, '2023-10-11 03:17:08'),
(515, '4146-1', 557, '2024-04-01 03:57:59'),
(515, '4678-3', 670, '2023-10-11 04:16:49'),
(515, '4696-1', 675, '2024-03-01 07:59:11'),
(515, '4563-1', 661, '2023-10-25 09:53:50'),
(515, '4437-1', 647, '2023-10-17 15:47:21'),
(515, '4689-1', 672, '2023-10-23 07:43:01'),
(515, '4693-1', 169, '2023-10-25 05:45:26'),
(515, '4393-1', 623, '2024-03-04 16:23:11'),
(515, '4698-1', 87, '2023-11-06 03:51:16'),
(515, '4696-1', 323, '2024-04-03 00:41:53'),
(515, '4665-1', 323, '2023-11-08 03:54:59'),
(515, '4705-1', 323, '2023-11-08 04:10:38'),
(515, '4704-1', 169, '2023-11-08 04:11:20'),
(516, '427', 169, '2023-11-08 04:11:38'),
(515, '4707-1', 674, '2023-12-14 05:43:04'),
(515, '4577-1', 403, '2023-11-15 05:29:52'),
(516, '428', 403, '2023-11-17 03:24:00'),
(515, '4576-1', 403, '2023-11-20 04:08:58'),
(515, '4711-1', 323, '2023-11-21 01:22:39'),
(515, '4363-1', 403, '2023-11-20 06:23:11'),
(515, '4713-1', 184, '2023-11-21 01:31:39'),
(515, '4712-1', 184, '2023-11-21 01:34:28'),
(515, '4724-1', 403, '2023-12-01 03:50:26'),
(516, '429', 403, '2023-12-01 07:21:36'),
(515, '4731-1', 684, '2023-12-13 06:21:20'),
(515, '4729-1', 682, '2023-12-05 05:23:32'),
(515, '4730-1', 682, '2023-12-05 05:23:38'),
(515, '4732-1', 403, '2023-12-05 06:00:57'),
(515, '2671-3', 323, '2024-04-03 00:44:15'),
(515, '4735-2', 685, '2023-12-13 11:30:29'),
(515, '4731-1', 169, '2023-12-14 07:03:03'),
(515, '4749-1', 169, '2023-12-14 07:14:01'),
(515, '4810-1', 704, '2024-04-03 00:52:41'),
(515, '1126-1', 687, '2023-12-26 14:23:49'),
(515, '4747-1', 704, '2024-04-03 00:54:53'),
(515, '4741-1', 323, '2024-04-03 01:04:37'),
(515, '4708-1', 323, '2024-04-03 00:45:08'),
(515, '4737-1', 323, '2024-01-09 01:58:02'),
(515, '4806-1', 704, '2024-04-03 00:55:37'),
(515, '4146-1', 704, '2024-04-03 00:57:17'),
(516, '468', 403, '2024-05-17 02:30:04'),
(515, '4809-1', 1, '2024-06-24 09:52:44'),
(515, '4824-1', 339, '2024-04-03 03:01:14'),
(516, '436', 339, '2024-04-03 03:01:49'),
(515, '4823-1', 339, '2024-04-03 03:09:16'),
(516, '434', 339, '2024-04-03 03:09:45'),
(515, '4827-1', 339, '2024-04-03 03:27:58'),
(515, '4831-1', 700, '2024-04-03 05:49:15'),
(516, '438', 339, '2024-04-03 04:16:55'),
(515, '4833-1', 362, '2024-04-03 04:23:47'),
(516, '440', 339, '2024-04-03 04:33:41'),
(515, '4834-1', 356, '2024-04-03 04:39:30'),
(516, '442', 339, '2024-04-03 04:47:55'),
(515, '4828-1', 655, '2024-04-03 05:22:50'),
(515, '4839-1', 655, '2024-04-03 05:48:34'),
(515, '4702-1', 557, '2024-04-04 04:02:36'),
(515, '4842-1', 339, '2024-04-04 04:49:26'),
(516, '444', 339, '2024-04-04 06:30:01'),
(515, '4706-1', 557, '2024-04-05 02:38:15'),
(515, '4850-1', 700, '2024-04-05 02:39:57'),
(515, '4806-1', 557, '2024-05-22 10:27:23'),
(515, '4432-1', 169, '2024-04-05 05:21:49'),
(515, '4888-1', 169, '2024-04-05 05:42:42'),
(515, '4692-1', 169, '2024-04-05 06:06:54'),
(515, '4706-1', 575, '2024-04-07 15:34:56'),
(515, '4867-1', 355, '2024-04-06 21:22:18'),
(516, '446', 339, '2024-04-06 21:42:17'),
(516, '448', 339, '2024-04-06 22:30:44'),
(515, '4870-1', 339, '2024-04-07 10:08:41'),
(515, '4910-2', 339, '2024-04-07 10:19:52'),
(516, '450', 339, '2024-04-07 10:33:43'),
(516, '452', 339, '2024-04-07 13:32:29'),
(515, '4945-1', 633, '2024-04-08 08:40:58'),
(516, '454', 339, '2024-04-08 15:45:45'),
(515, '4492-1', 537, '2024-04-16 02:08:19'),
(515, '4975-1', 420, '2024-04-17 05:41:54'),
(515, '4977-1', 420, '2024-04-17 06:03:53'),
(515, '4720-1', 557, '2024-04-17 06:21:27'),
(515, '5026-1', 695, '2024-05-17 08:38:15'),
(515, '4810-1', 557, '2024-05-15 05:05:46'),
(515, '4985-2', 184, '2024-04-17 08:17:03'),
(515, '4897-1', 684, '2024-04-28 06:04:37'),
(515, '1486-1', 1, '2024-05-14 23:55:28'),
(515, '3978-1', 1, '2024-05-15 04:59:41'),
(516, '456', 557, '2024-05-15 03:27:19'),
(515, '4985-2', 557, '2024-05-15 05:02:52'),
(515, '4999-1', 557, '2024-05-15 05:04:24'),
(515, '5001-1', 226, '2024-05-15 05:17:19'),
(515, '5005-1', 420, '2024-05-15 06:09:30'),
(515, '5003-1', 184, '2024-05-16 04:37:24'),
(515, '5006-1', 557, '2024-05-15 06:20:08'),
(516, '465', 557, '2024-05-15 06:21:15'),
(515, '4986-3', 557, '2024-05-15 06:23:12'),
(515, '5007-1', 195, '2024-05-15 06:52:32'),
(516, '459', 557, '2024-05-15 06:55:00'),
(515, '5011-1', 217, '2024-05-16 01:32:14'),
(515, '4981-1', 217, '2024-05-16 02:26:15'),
(515, '4979-1', 217, '2024-05-16 01:50:08'),
(515, '5016-1', 217, '2024-05-16 02:33:59'),
(515, '4987-1', 403, '2024-05-16 03:37:00'),
(515, '5015-1', 557, '2024-05-16 04:14:07'),
(516, '460', 557, '2024-05-16 04:14:50'),
(515, '5016-1', 557, '2024-05-16 04:18:32'),
(515, '5017-1', 557, '2024-05-16 04:19:12'),
(516, '461', 557, '2024-05-16 04:20:18'),
(515, '5014-1', 557, '2024-05-16 04:23:05'),
(516, '467', 557, '2024-05-16 04:23:52'),
(515, '5009-1', 560, '2024-05-16 04:51:14'),
(515, '5028-1', 557, '2024-05-16 06:44:39'),
(516, '466', 557, '2024-05-16 06:47:08'),
(515, '5027-1', 557, '2024-05-16 06:50:36'),
(515, '5030-1', 712, '2024-05-16 08:01:36'),
(515, '5031-1', 557, '2024-05-16 12:33:18'),
(515, '5048-1', 557, '2024-05-17 06:39:41'),
(515, '5024-1', 537, '2024-05-17 23:55:53'),
(515, '5025-1', 575, '2024-05-18 03:31:57'),
(515, '5049-1', 557, '2024-05-20 03:11:06'),
(515, '5032-2', 604, '2024-05-20 08:05:31'),
(515, '5035-1', 604, '2024-05-24 05:50:28'),
(515, '4964-1', 604, '2024-05-20 08:09:00'),
(515, '4970-1', 604, '2024-05-20 08:09:15'),
(515, '4961-1', 557, '2024-05-20 14:12:48'),
(515, '5013-1', 656, '2024-05-21 04:50:59'),
(515, '5076-1', 403, '2024-05-22 04:13:12'),
(515, '5079-1', 557, '2024-05-22 02:38:15'),
(515, '4437-1', 557, '2024-05-22 11:00:16'),
(515, '5104-1', 403, '2024-05-27 01:02:39'),
(515, '5110-1', 226, '2024-05-27 02:49:09'),
(515, '5112-1', 557, '2024-05-27 03:19:27'),
(516, '472', 557, '2024-05-27 03:19:31'),
(515, '5113-1', 715, '2024-05-27 05:00:55'),
(515, '5107-1', 403, '2024-05-27 05:29:13'),
(515, '5122-1', 421, '2024-05-28 01:00:12'),
(515, '5125-1', 403, '2024-05-28 01:38:02'),
(516, '473', 403, '2024-05-28 01:38:15'),
(515, '4719-1', 680, '2024-05-28 01:42:10'),
(515, '4752-1', 680, '2024-05-28 01:51:12'),
(515, '5128-1', 403, '2024-05-28 04:39:27'),
(515, '5145-1', 575, '2024-05-28 11:16:24'),
(515, '5137-1', 604, '2024-05-31 09:54:23'),
(515, '5140-1', 537, '2024-05-29 02:27:20'),
(515, '5075-1', 169, '2024-06-20 02:35:27'),
(515, '4156-1', 611, '2024-06-22 11:46:52'),
(515, '5159-1', 611, '2024-06-20 05:28:28'),
(515, '5156-1', 716, '2024-06-21 02:35:49'),
(515, '5155-1', 716, '2024-06-21 03:35:48'),
(515, '5162-2', 611, '2024-06-22 11:49:04'),
(515, '4802-1', 1, '2024-06-24 07:50:34');

-- --------------------------------------------------------

--
-- Table structure for table `journals`
--

CREATE TABLE `journals` (
  `journal_id` bigint(20) NOT NULL,
  `path` varchar(32) NOT NULL,
  `seq` double NOT NULL DEFAULT '0',
  `primary_locale` varchar(14) NOT NULL,
  `enabled` tinyint(4) NOT NULL DEFAULT '1'
) ENGINE=InnoDB DEFAULT CHARSET=latin1;

--
-- Dumping data for table `journals`
--

INSERT INTO `journals` (`journal_id`, `path`, `seq`, `primary_locale`, `enabled`) VALUES
(1, 'jic', 9, 'en_US', 1),
(2, 'jib', 11, 'en_US', 1),
(3, 'jip', 13, 'en_US', 1),
(4, 'jam', 7, 'en_US', 1),
(5, 'icmepress', 5, 'en_US', 1),
(6, 'jgp', 3, 'en_US', 1),
(7, 'nst', 1, 'en_US', 1);

-- --------------------------------------------------------

--
-- Table structure for table `journal_settings`
--

CREATE TABLE `journal_settings` (
  `journal_id` bigint(20) NOT NULL,
  `locale` varchar(14) NOT NULL DEFAULT '',
  `setting_name` varchar(255) NOT NULL,
  `setting_value` text,
  `setting_type` varchar(6) NOT NULL
) ENGINE=InnoDB DEFAULT CHARSET=latin1;

--
-- Dumping data for table `journal_settings`
--

INSERT INTO `journal_settings` (`journal_id`, `locale`, `setting_name`, `setting_value`, `setting_type`) VALUES
(1, '', 'agenciesEnabledSubmission', '0', 'bool'),
(1, '', 'agenciesEnabledWorkflow', '0', 'bool'),
(1, '', 'agenciesRequired', '0', 'bool'),
(1, '', 'allowRegAuthor', '1', 'bool'),
(1, '', 'allowRegReader', '1', 'bool'),
(1, '', 'allowRegReviewer', '0', 'bool'),
(1, '', 'authorSelectsEditor', '0', 'bool'),
(1, '', 'categories', 'N;', 'object'),
(1, '', 'citationsEnabledSubmission', '1', 'bool'),
(1, '', 'citationsEnabledWorkflow', '1', 'bool'),
(1, '', 'citationsRequired', '1', 'bool'),
(1, '', 'contactEmail', 'farach.khanifah@gmail.com', 'string'),
(1, '', 'contactFax', '', 'string'),
(1, '', 'contactName', 'Farach Khanifah', 'string'),
(1, '', 'contactPhone', '', 'string'),
(1, '', 'copyrightHolderType', 'context', 'string'),
(1, '', 'copyrightNoticeAgree', '1', 'bool'),
(1, '', 'copyrightYearBasis', 'issue', 'string'),
(1, '', 'copySubmissionAckAddress', '', 'string'),
(1, '', 'copySubmissionAckPrimaryContact', '1', 'bool'),
(1, '', 'copySubmissionAckSpecified', '0', 'bool'),
(1, '', 'coverageEnabledSubmission', '0', 'bool'),
(1, '', 'coverageEnabledWorkflow', '0', 'bool'),
(1, '', 'coverageRequired', '0', 'bool'),
(1, '', 'defaultReviewMode', '2', 'int'),
(1, '', 'disableUserReg', '1', 'bool'),
(1, '', 'disciplinesEnabledSubmission', '0', 'bool'),
(1, '', 'disciplinesEnabledWorkflow', '0', 'bool'),
(1, '', 'disciplinesRequired', '0', 'bool'),
(1, '', 'displayCurrentIssue', '1', 'bool'),
(1, '', 'emailFooter', 'The following message is being delivered on behalf of Jurnal Insan Cendekia.\r\n________________________________________________________________________', 'string'),
(1, '', 'emailHeader', 'The following message is being delivered on behalf of Jurnal Insan Cendekia.\r\n________________________________________________________________________', 'string'),
(1, '', 'emailSignature', '<p>The following message is being delivered on behalf of Jurnal Insan Cendekia. ________________________________________________________________________</p>', 'string'),
(1, '', 'enableAnnouncements', '1', 'bool'),
(1, '', 'enableAnnouncementsHomepage', '1', 'bool'),
(1, '', 'enableAuthorSelfArchive', '0', 'bool'),
(1, '', 'enableClockss', '0', 'bool'),
(1, '', 'enableLockss', '1', 'bool'),
(1, '', 'enablePln', '0', 'bool'),
(1, '', 'enablePortico', '0', 'bool'),
(1, '', 'envelopeSender', NULL, 'string'),
(1, '', 'fastTrackFee', '0', 'int'),
(1, '', 'includeCopyrightStatement', '0', 'bool'),
(1, '', 'includeLicense', '1', 'bool'),
(1, '', 'initialNumber', '0', 'int'),
(1, '', 'initialVolume', '0', 'int'),
(1, '', 'initialYear', '0', 'int'),
(1, '', 'issuePerVolume', '0', 'int'),
(1, '', 'itemsPerPage', '5', 'int'),
(1, '', 'journalTheme', 'classicGreen', 'string'),
(1, '', 'keywordsEnabledSubmission', '1', 'bool'),
(1, '', 'keywordsEnabledWorkflow', '1', 'bool'),
(1, '', 'keywordsRequired', '1', 'bool'),
(1, '', 'languagesEnabledSubmission', '1', 'bool'),
(1, '', 'languagesEnabledWorkflow', '1', 'bool'),
(1, '', 'languagesRequired', '1', 'bool'),
(1, '', 'licenseURL', 'http://creativecommons.org/licenses/by-nc-sa/4.0', 'string'),
(1, '', 'mailingAddress', 'Jalan Kemuning 57A Candimulyo Jombang 61413', 'string'),
(1, '', 'mailSubmissionsToReviewers', '0', 'bool'),
(1, '', 'membershipFee', '0', 'int'),
(1, '', 'metaCitations', '1', 'bool'),
(1, '', 'metaCoverage', '0', 'bool'),
(1, '', 'metaDiscipline', '0', 'bool'),
(1, '', 'metaSubject', '0', 'bool'),
(1, '', 'metaSubjectClass', '0', 'bool'),
(1, '', 'metaType', '0', 'bool'),
(1, '', 'navItems', 'N;', 'object'),
(1, '', 'notifyAllAuthorsOnDecision', '0', 'bool'),
(1, '', 'numAnnouncementsHomepage', '1', 'int'),
(1, '', 'numDaysBeforeInviteReminder', '0', 'int'),
(1, '', 'numDaysBeforeSubmitReminder', '0', 'int'),
(1, '', 'numPageLinks', '5', 'int'),
(1, '', 'numWeeksPerResponse', '0', 'int'),
(1, '', 'numWeeksPerReview', '4', 'int'),
(1, '', 'onlineIssn', '2579-8812', 'string'),
(1, '', 'printIssn', '2443-0854', 'string'),
(1, '', 'provideRefLinkInstructions', '0', 'bool'),
(1, '', 'publicationFee', '0', 'int'),
(1, '', 'publicationFormatNumber', '0', 'bool'),
(1, '', 'publicationFormatTitle', '0', 'bool'),
(1, '', 'publicationFormatVolume', '0', 'bool'),
(1, '', 'publicationFormatYear', '0', 'bool'),
(1, '', 'publisherInstitution', 'STIKES Insan Cendekia Medika Jombang', 'string'),
(1, '', 'publisherUrl', '', 'string'),
(1, '', 'publishingMode', '0', 'int'),
(1, '', 'purchaseArticleFee', '0', 'int'),
(1, '', 'rateReviewerOnQuality', '1', 'bool'),
(1, '', 'remindForInvite', '0', 'bool'),
(1, '', 'remindForSubmit', '0', 'bool'),
(1, '', 'requireAuthorCompetingInterests', '0', 'bool'),
(1, '', 'requireReviewerCompetingInterests', '0', 'bool'),
(1, '', 'restrictArticleAccess', '0', 'bool'),
(1, '', 'restrictReviewerFileAccess', '1', 'bool'),
(1, '', 'restrictSiteAccess', '0', 'bool'),
(1, '', 'reviewerAccessKeysEnabled', '0', 'bool'),
(1, '', 'reviewerCompetingInterestsRequired', '0', 'bool'),
(1, '', 'reviewerDatabaseLinks', 'a:1:{i:0;a:2:{s:5:\"title\";s:0:\"\";s:3:\"url\";s:0:\"\";}}', 'object'),
(1, '', 'rightsEnabledSubmission', '0', 'bool'),
(1, '', 'rightsEnabledWorkflow', '0', 'bool'),
(1, '', 'rightsRequired', '0', 'bool'),
(1, '', 'rtAbstract', '1', 'bool'),
(1, '', 'rtAddComment', '1', 'bool'),
(1, '', 'rtCaptureCite', '1', 'bool'),
(1, '', 'rtDefineTerms', '1', 'bool'),
(1, '', 'rtEmailAuthor', '1', 'bool'),
(1, '', 'rtEmailOthers', '1', 'bool'),
(1, '', 'rtPrinterFriendly', '1', 'bool'),
(1, '', 'rtSupplementaryFiles', '1', 'bool'),
(1, '', 'rtViewMetadata', '1', 'bool'),
(1, '', 'showEnsuringLink', '1', 'bool'),
(1, '', 'showGalleyLinks', '0', 'bool'),
(1, '', 'sourceEnabledSubmission', '0', 'bool'),
(1, '', 'sourceEnabledWorkflow', '0', 'bool'),
(1, '', 'sourceRequired', '0', 'bool'),
(1, '', 'styleSheet', 'a:3:{s:4:\"name\";s:9:\"barua.css\";s:10:\"uploadName\";s:14:\"styleSheet.css\";s:12:\"dateUploaded\";s:19:\"2021-06-10 05:16:56\";}', 'object'),
(1, '', 'subjectsEnabledSubmission', '0', 'bool'),
(1, '', 'subjectsEnabledWorkflow', '0', 'bool'),
(1, '', 'subjectsRequired', '0', 'bool'),
(1, '', 'submissionFee', '0', 'int'),
(1, '', 'supportedFormLocales', 'a:1:{i:0;s:5:\"en_US\";}', 'object'),
(1, '', 'supportedLocales', 'a:1:{i:0;s:5:\"en_US\";}', 'object'),
(1, '', 'supportedSubmissionLocales', 'a:1:{i:0;s:5:\"en_US\";}', 'object'),
(1, '', 'supportEmail', 'icmejic@gmail.com', 'string'),
(1, '', 'supportName', 'Farach Khanifah', 'string'),
(1, '', 'supportPhone', '085707053712', 'string'),
(1, '', 'themePluginPath', 'academic_free', 'string'),
(1, '', 'typeEnabledSubmission', '0', 'bool'),
(1, '', 'typeEnabledWorkflow', '0', 'bool'),
(1, '', 'typeRequired', '0', 'bool'),
(1, '', 'useCopyeditors', '0', 'bool'),
(1, '', 'useEditorialBoard', '0', 'bool'),
(1, '', 'useLayoutEditors', '0', 'bool'),
(1, '', 'useProofreaders', '0', 'bool'),
(1, '', 'volumePerYear', '0', 'int'),
(1, 'en_US', 'abbreviation', 'j. insan. cendekia.', 'string'),
(1, 'en_US', 'about', '<p><strong>The Journal of Insan Cendekia (JIC)</strong>&nbsp;is (<em>p-ISSN: <a href=\"https://issn.lipi.go.id/terbit?search=2443-0854\" target=\"_blank\" rel=\"noopener\">2443-0854</a>, e-ISSN: <a href=\"https://issn.lipi.go.id/terbit?search=2443-0854\" target=\"_blank\" rel=\"noopener\">2579-8812</a></em>) is&nbsp;<strong>scientific, peer-reviewed and open access journa</strong>l managed and published by&nbsp;<strong>Institut Teknologi Sains dan Kesehatan Insan Cendekia Medika Jombang</strong></p>', 'string'),
(1, 'en_US', 'acronym', 'JIC', 'string'),
(1, 'en_US', 'additionalHomeContent', '<div id=\"pkp_content_footer\" class=\"pkp_structure_footer_wrapper\" role=\"contentinfo\">\r\n<div class=\"pkp_structure_footer\">\r\n<div class=\"pkp_footer_content\">\r\n<p style=\"text-align: left;\" align=\"center\"><strong>The Journal of Insan Cendekia (JIC) has been indexed by</strong> <strong><br></strong></p>\r\n<table style=\"height: 61px; float: left;\" width=\"500\">\r\n<tbody>\r\n<tr>\r\n<td height=\"50; text-align: center;\"><a href=\"https://sinta.ristekbrin.go.id/journals/detail?id=7254\" target=\"_blank\" rel=\"noopener\"><img style=\"display: block; margin-left: auto; margin-right: auto;\" src=\"https://journal.ipb.ac.id/public/site/images/adminpsp/sinta.jpg\" width=\"131\" height=\"75\"></a></td>\r\n<td style=\"width: 159.863px; text-align: center;\"><a href=\"https://scholar.google.com/citations?user=IHs7cmUAAAAJ&amp;hl=id\" target=\"_blank\" rel=\"noopener\"><img src=\"https://journal.ipb.ac.id/public/site/images/adminpsp/google.png\" width=\"127\" height=\"47\"></a>&nbsp;</td>\r\n<td style=\"width: 159.875px; text-align: center;\">&nbsp;<a href=\"https://www.base-search.net/Search/Results?lookfor=jurnal+insan+cendekia&amp;name=&amp;oaboost=1&amp;newsearch=1&amp;refid=dcbasen\" target=\"_blank\" rel=\"noopener\"><img src=\"https://journal.ipb.ac.id/public/site/images/adminpsp/logo_base11.png\" width=\"105\" height=\"60\"></a></td>\r\n</tr>\r\n<tr>\r\n<td style=\"width: 159.863px; text-align: center;\">&nbsp;<img src=\"https://journal.ipb.ac.id/public/site/images/adminpsp/Dimensions.png\" width=\"141\" height=\"21\"></td>\r\n<td style=\"width: 159.863px; text-align: center;\">&nbsp;<a href=\"https://garuda.kemdikbud.go.id/journal/view/18604\" target=\"_blank\" rel=\"noopener\"><img src=\"https://journal.ipb.ac.id/public/site/images/adminpsp/garuda.png\" width=\"121\" height=\"67\"></a></td>\r\n<td style=\"width: 159.875px; text-align: center;\">&nbsp;<a href=\"https://doi.org/10.35874/jic\" target=\"_blank\" rel=\"noopener\"><img src=\"https://journal.ipb.ac.id/public/site/images/adminpsp/Crossref.png\" width=\"143\" height=\"48\"></a></td>\r\n</tr>\r\n</tbody>\r\n</table>\r\n<hr></div>\r\n</div>\r\n</div>', 'string'),
(1, 'en_US', 'announcementsIntroduction', '<p>Jurnal Insan Cendekia (JIC) merupakan jurnal yang mempublish karya tulis atau hasil penelitian di bidang kesehatan yang diterbitkan oleh ITSKes Insan Cendekia Medika dengan peringkat akreditasi sinta 5. Jurnal JIC terbit setiap enam bulan sekali, dibulan maret dan september. Template JIC berubah mulai volume 10 edisi terbitan maret 2023</p>\r\n<p>&nbsp;</p>\r\n<p>&nbsp;alamat redaksi JIC&nbsp;Jln. Kemuning 57A Candimulyo Jombang dan alamat email&nbsp;<a href=\"mailto:jurnalstikesicme@gmail.com\">jurnalinsancendekia.icme@gmail.com</a></p>', 'string'),
(1, 'en_US', 'authorGuidelines', '<p><strong><span style=\"vertical-align: inherit;\"><span style=\"vertical-align: inherit;\">Pedoman Penulis Jurnal Insan Cendekia</span></span></strong></p>\r\n<p><span style=\"vertical-align: inherit;\"><span style=\"vertical-align: inherit;\">Standar Pelaporan: Naskah merupakan hasil penelitian otentik yang belum pernah dipublikasikan di media publikasi atau penerbit lain.</span></span></p>\r\n<p><span style=\"vertical-align: inherit;\"><span style=\"vertical-align: inherit;\">Naskah yang diterima ditulis dalam standar bahasa Indonesia harus diserahkan melalui Online Submission System menggunakan Open Journal System (OJS) di portal Jurnal Insan Cendekia ( </span></span><a href=\"https://digilib.stikesicme-jbg.ac.id/ojs/index.php/jic/authorguidelines\"><span style=\"vertical-align: inherit;\"><span style=\"vertical-align: inherit;\">https://digilib.stikesicme-jbg.ac.id/ojs/index.php/ jic</span></span></a><span style=\"vertical-align: inherit;\"><span style=\"vertical-align: inherit;\"> ). </span><span style=\"vertical-align: inherit;\">Kemudian, daftar sebagai salah satu penulis di bagian bawah \"Daftar\".</span></span></p>\r\n<p><span style=\"vertical-align: inherit;\"><span style=\"vertical-align: inherit;\">Panjang naskah kurang lebih 12 halaman, tidak kurang dari 10 halaman, ditulis dengan format Times New Roman 12, format kertas A4, margin: top 3; </span><span style=\"vertical-align: inherit;\">tersisa 3,5; </span><span style=\"vertical-align: inherit;\">kanan 3; </span><span style=\"vertical-align: inherit;\">3 bagian bawah, satu kolom, rata, spasi tunggal.</span></span></p>\r\n<p><strong><span style=\"vertical-align: inherit;\"><span style=\"vertical-align: inherit;\">Persiapan Artikel</span></span></strong></p>\r\n<p><span style=\"vertical-align: inherit;\"><span style=\"vertical-align: inherit;\">Naskah harus memuat beberapa aspek artikel ilmiah sebagai berikut: (sub judul sesuai urutan), yaitu: (a) judul artikel, (b) nama pengarang (tanpa judul akademis), (c) pengarang afiliasi alamat, (d) email penulis (e) abstrak dan kata kunci, lima judul utama: Pendahuluan (Pendahuluan), Metode (Metode), Hasil dan Pembahasan (Temuan dan Diskusi), &amp; Daftar Rujukan (Referensi)</span></span></p>\r\n<p><span style=\"vertical-align: inherit;\"><span style=\"vertical-align: inherit;\">Judul naskah harus dibuat sesingkat mungkin dan harus mewakili isi naskah. </span><span style=\"vertical-align: inherit;\">Nama penulis ditulis di bawah judul diikuti dengan afiliasi penulis (nama afiliasi, alamat, kode pos, dan negara) dan alamat email.</span></span></p>\r\n<p><span style=\"vertical-align: inherit;\"><span style=\"vertical-align: inherit;\">Abstrak ditulis dalam dua bahasa: Bahasa Indonesia dan Bahasa Inggris atau hanya dalam Bahasa Inggris jika teks lengkap ditulis dalam Bahasa Inggris, sebagai representasi dari naskah. </span><span style=\"vertical-align: inherit;\">Abstrak tidak boleh melebihi 250 kata untuk setiap format bahasa, ditulis secara naratif yang memuat maksud / tujuan, metode, dan temuan penelitian / artikel, dalam satu paragraf. </span><span style=\"vertical-align: inherit;\">Kata kunci: kata atau frase yang penting, spesifik, atau mewakili artikel.</span></span></p>\r\n<p><strong><span style=\"vertical-align: inherit;\"><span style=\"vertical-align: inherit;\">Pendahuluan (Pendahuluan)</span></span></strong><span style=\"vertical-align: inherit;\"><span style=\"vertical-align: inherit;\"> ; </span><span style=\"vertical-align: inherit;\">Berisi latar belakang, dasar pemikiran, dan / atau urgensi penelitian. </span><span style=\"vertical-align: inherit;\">Referensi (literatur atau penelitian yang relevan), perlu dicantumkan pada bagian ini, hubungannya dengan justifikasi urgensi penelitian, munculnya masalah penelitian, alternatif pemecahannya, dan solusi yang dipilih.</span></span></p>\r\n<p><strong><span style=\"vertical-align: inherit;\"><span style=\"vertical-align: inherit;\">Metode (Metode)</span></span></strong><span style=\"vertical-align: inherit;\"><span style=\"vertical-align: inherit;\"> ; </span><span style=\"vertical-align: inherit;\">Berisi jenis penelitian, waktu dan tempat penelitian, sasaran, subjek, prosedur, instrumen dan teknik analisis data serta hal-hal lain yang berkaitan dengan cara penelitian.</span></span></p>\r\n<p><strong><span style=\"vertical-align: inherit;\"><span style=\"vertical-align: inherit;\">Hasil dan Pembahasan (Temuan dan Diskusi)</span></span></strong><span style=\"vertical-align: inherit;\"><span style=\"vertical-align: inherit;\"> ; </span><span style=\"vertical-align: inherit;\">Hasil penelitian disajikan dalam bentuk grafik, tabel, atau deskriptif. </span><span style=\"vertical-align: inherit;\">Analisis dan interpretasi hasil ini diperlukan sebelum dibahas. </span><span style=\"vertical-align: inherit;\">Pembahasan difokuskan untuk menghubungkan data dan hasil analisisnya terhadap masalah atau tujuan penelitian dan konteks teoritis yang lebih luas. </span><span style=\"vertical-align: inherit;\">Ini juga bisa menjadi jawaban atas pertanyaan mengapa fakta seperti itu ditemukan seperti data. </span><span style=\"vertical-align: inherit;\">Pembahasan ditulis melekat dengan data yang dibahas. </span><span style=\"vertical-align: inherit;\">Pembahasan diupayakan tidak lepas dari data yang dibahas.</span></span></p>\r\n<p><strong><span style=\"vertical-align: inherit;\"><span style=\"vertical-align: inherit;\">Simpulan (Kesimpulan); </span></span></strong><span style=\"vertical-align: inherit;\"><span style=\"vertical-align: inherit;\">Kesimpulan dapat berupa temuan umum yang tepat sesuai dengan masalah penelitian, juga dapat menjadi rekomendasi yang tepat untuk langkah selanjutnya.</span></span></p>\r\n<p><strong><span style=\"vertical-align: inherit;\"><span style=\"vertical-align: inherit;\">Daftar Pustaka (Referensi); </span></span></strong><span style=\"vertical-align: inherit;\"><span style=\"vertical-align: inherit;\">Untuk Kutipan dan bibliografi disarankan menggunakan </span></span><strong><span style=\"vertical-align: inherit;\"><span style=\"vertical-align: inherit;\">aplikasi Manajer Referensi</span></span></strong><span style=\"vertical-align: inherit;\"><span style=\"vertical-align: inherit;\"> , seperti Zotero, Mendeley, atau aplikasi berbayar lainnya. </span><span style=\"vertical-align: inherit;\">Ditulis dalam satu spasi, antar perpustakaan diberi spasi. </span><span style=\"vertical-align: inherit;\">gaya harvard digunakan sebagai acuan dalam sitasi, rujukan, dan format tulisan. </span><span style=\"vertical-align: inherit;\">Referensi artikel berupa jurnal dan non jurnal yang terbit 10 tahun terakhir.</span></span></p>', 'string'),
(1, 'en_US', 'authorInformation', 'Interested in submitting to this journal? We recommend that you review the <a href=\"/ojs/index.php/jib/about\">About the Journal</a> page for the journal\'s section policies, as well as the <a href=\"/ojs/index.php/jib/about/submissions#authorGuidelines\">Author Guidelines</a>. Authors need to <a href=\"/ojs/index.php/jib/user/register\">register</a> with the journal prior to submitting or, if already registered, can simply <a href=\"/ojs/index.php/index/login\">log in</a> and begin the five-step process.', 'string'),
(1, 'en_US', 'authorSelfArchivePolicy', '<p><span style=\"vertical-align: inherit;\"><span style=\"vertical-align: inherit;\">Jurnal ini mengizinkan dan mendorong penulis untuk memposting item yang dikirimkan ke jurnal di situs web pribadi atau repositori institusional baik sebelum dan setelah publikasi, sambil memberikan rincian bibliografi yang menyatakan bahwa, jika berlaku, publikasinya dalam jurnal ini.</span></span></p>', 'string'),
(1, 'en_US', 'contactAffiliation', 'ITSKES Insan Cendekia Medika Jombang', 'string'),
(1, 'en_US', 'copyeditInstructions', 'The copyediting stage is intended to improve the flow, clarity, grammar, wording, and formatting of the article. It represents the last chance for the author to make any substantial changes to the text because the next stage is restricted to typos and formatting corrections. The file to be copyedited is in Word or .rtf format and therefore can easily be edited as a word processing document. The set of instructions displayed here proposes two approaches to copyediting. One is based on Microsoft Word\'s Track Changes feature and requires that the copy editor, editor, and author have access to this program. A second system, which is software independent, has been borrowed, with permission, from the Harvard Educational Review. The journal editor is in a position to modify these instructions, so suggestions can be made to improve the process for this journal.<h4>Copyediting Systems</h4><strong>1. Microsoft Word\'s Track Changes</strong> Under Tools in the menu bar, the feature Track Changes enables the copy editor to make insertions (text appears in color) and deletions (text appears crossed out in color or in the margins as deleted). The copy editor can posit queries to both the author (Author Queries) and to the editor (Editor Queries) by inserting these queries in square brackets. The copyedited version is then uploaded, and the editor is notified. The editor then reviews the text and notifies the author. The editor and author should leave those changes with which they are satisfied. If further changes are necessary, the editor and author can make changes to the initial insertions or deletions, as well as make new insertions or deletions elsewhere in the text. Authors and editors should respond to each of the queries addressed to them, with responses placed inside the square brackets. After the text has been reviewed by editor and author, the copy editor will make a final pass over the text accepting the changes in preparation for the layout and galley stage. <strong>2. Harvard Educational Review </strong> <strong>Instructions for Making Electronic Revisions to the Manuscript</strong> Please follow the following protocol for making electronic revisions to your manuscript: <strong>Responding to suggested changes.</strong>   For each of the suggested changes that you accept, unbold the text.   For each of the suggested changes that you do not accept, re-enter the original text and <strong>bold</strong> it. <strong>Making additions and deletions.</strong>   Indicate additions by <strong>bolding</strong> the new text.   Replace deleted sections with: <strong>[deleted text]</strong>.   If you delete one or more sentence, please indicate with a note, e.g., <strong>[deleted 2 sentences]</strong>. <strong>Responding to Queries to the Author (QAs).</strong>   Keep all QAs intact and bolded within the text. Do not delete them.   To reply to a QA, add a comment after it. Comments should be delimited using: <strong>[Comment:]</strong>   e.g., <strong>[Comment: Expanded discussion of methodology as you suggested]</strong>. <strong>Making comments.</strong>   Use comments to explain organizational changes or major revisions   e.g., <strong>[Comment: Moved the above paragraph from p. 5 to p. 7].</strong>  Note: When referring to page numbers, please use the page numbers from the printed copy of the manuscript that was sent to you. This is important since page numbers may change as a document is revised electronically.<h4>An Illustration of an Electronic Revision</h4><ol><li><strong>Initial copyedit.</strong> The journal copy editor will edit the text to improve flow, clarity, grammar, wording, and formatting, as well as including author queries as necessary. Once the initial edit is complete, the copy editor will upload the revised document through the journal Web site and notify the author that the edited manuscript is available for review.</li><li><strong>Author copyedit.</strong> Before making dramatic departures from the structure and organization of the edited manuscript, authors must check in with the editors who are co-chairing the piece. Authors should accept/reject any changes made during the initial copyediting, as appropriate, and respond to all author queries. When finished with the revisions, authors should rename the file from AuthorNameQA.doc to AuthorNameQAR.doc (e.g., from LeeQA.doc to LeeQAR.doc) and upload the revised document through the journal Web site as directed.</li><li><strong>Final copyedit.</strong> The journal copy editor will verify changes made by the author and incorporate the responses to the author queries to create a final manuscript. When finished, the copy editor will upload the final document through the journal Web site and alert the layout editor to complete formatting.</li></ol>', 'string'),
(1, 'en_US', 'copyrightNotice', '<p><a href=\"http://creativecommons.org/licenses/by-nc-sa/4.0/\" rel=\"license\"><img style=\"border-width: 0;\" src=\"https://i.creativecommons.org/l/by-nc-sa/4.0/88x31.png\" alt=\"Lisensi Creative Commons\"></a><br><span style=\"vertical-align: inherit;\"><span style=\"vertical-align: inherit;\">Karya ini dilisensikan di bawah </span></span><a href=\"http://creativecommons.org/licenses/by-nc-sa/4.0/\" rel=\"license\"><span style=\"vertical-align: inherit;\"><span style=\"vertical-align: inherit;\">Lisensi Internasional Creative Commons Attribution-NonCommercial-ShareAlike 4.0</span></span></a><span style=\"vertical-align: inherit;\"><span style=\"vertical-align: inherit;\"> .</span></span></p>', 'string'),
(1, 'en_US', 'description', '<p style=\"text-align: justify;\"><strong>The Journal of Insan Cendekia (JIC)</strong> is (<em>p-ISSN: <a href=\"https://issn.lipi.go.id/terbit?search=2443-0854\" target=\"_blank\" rel=\"noopener\">2443-0854</a>, e-ISSN: <a href=\"https://issn.lipi.go.id/terbit?search=2443-0854\" target=\"_blank\" rel=\"noopener\">2579-8812</a></em>) is <strong>scientific, peer-reviewed and open access journa</strong>l managed and published by &nbsp;<strong>Institut Teknologi Sains dan Kesehatan Insan Cendekia Medika Jombang</strong>&nbsp;<strong>on March and September</strong>. <strong>The Journal of Insan Cendekia (JIC)</strong>&nbsp;publishes original research and/or literature reviews in the health sector. Nursing, midwifery, public health, health analytics, health management, health information, and health administration are all included in the scope of the health sector. Therefore, all published articles will have a unique <strong>Digital Object Identifier</strong> (DOI) number. <strong>Jurnal Insan Cendekia (JIC)</strong><strong>&nbsp;</strong>provides immediate open access to its content on the principle that making research freely available to the public supports a greater global exchange of knowledge. <strong>The Journal of Insan Cendekia (JIC)</strong>&nbsp;is an open access journal and peer-reviewed that publishes either original article or reviews.</p>\r\n<div class=\"col-9 journal_details\" style=\"float: left; margin-right: 10px; margin-top: 1px; border: 1px dashed #c7500b; padding: 1px;\">\r\n<p><strong>ISSN:</strong> <a href=\"https://issn.lipi.go.id/terbit?search=2443-0854\" target=\"_blank\" rel=\"noopener\">2443-0854</a></p>\r\n<p><strong>E-ISSN:</strong> <a href=\"https://issn.lipi.go.id/terbit?search=2443-0854\" target=\"_blank\" rel=\"noopener\">2579-8812</a></p>\r\n<p><strong>Distribution :</strong> Open Access</p>\r\n<p><strong>Frequency:</strong> Published on March and September</p>\r\n<p><strong>Published by:</strong>&nbsp;ITSKES Insan Cendekia Medika Jombang</p>\r\n</div>', 'string'),
(1, 'en_US', 'donationFeeDescription', 'Donations of any amount to this journal are gratefully received and provide a means for the editors to continue to provide a journal of the highest quality to its readers.', 'string'),
(1, 'en_US', 'donationFeeName', 'Donations to journal', 'string'),
(1, 'en_US', 'editorialTeam', '<div id=\"editorialTeam\">\r\n<p><span style=\"vertical-align: inherit;\"><span style=\"vertical-align: inherit;\">Pemimpin Redaksi </span></span></p>\r\n<ul>\r\n<li class=\"show\">Farach Khanifah (ITSKES Insan Cendekia Medika) <a href=\"Pemimpin%20Redaksi  Farach Khanifah (STIKES Insan Cendekia Medika) (Google scholar) (Sinta ID) Editor  Anita Rahmawati&nbsp;(STIKES Insan Cendekia Medika) (Google scholar) (Sinta ID) Endang Yuswatiningsih&nbsp;(STIKES Insan Cendekia Medika) (Google scholar) (Sinta ID) Ratna Dewi Permatasari&nbsp;(STIKES Insan Cendekia Medika) (Google scholar) (Sinta ID) Any Isro’ani&nbsp;(STIKES Insan Cendekia Medika) (Google scholar) (Sinta ID) Inayatul Aini&nbsp;(STIKES Insan Cendekia Medika) (Google scholar) (Sinta ID) Hartatik&nbsp;(STIKES Insan Cendekia Medika) (Google scholar) (Sinta ID) Reviewer  Awaluddin S (STIKes Insan Cendekia Medika Jombang)&nbsp;(Google scholar) (Sinta ID) Budi Setiawan (Poltekkes Yogyakarta)&nbsp;(Google scholar) (Sinta ID) Deviana Dyah Wulandari (Universitas Nahdhatul Ulama Surabaya)&nbsp;(Google scholar) (Sinta ID) Lusita Puri (STIkes Insan Cendekia)&nbsp;(Google scholar) (Sinta ID) Nuzulul K putri (Universitas Airlangga Surabaya)&nbsp;(Google scholar) (Sinta ID) &nbsp;  &nbsp;\" target=\"_blank\" rel=\"noopener\">(Google scholar)</a> <a href=\"https://sinta.ristekbrin.go.id/authors/detail?id=6658643&amp;view=overview\" target=\"_blank\" rel=\"noopener\">(Sinta ID)</a></li>\r\n</ul>\r\n<p><span style=\"vertical-align: inherit;\"><span style=\"vertical-align: inherit;\">Editor</span></span></p>\r\n<ul>\r\n<li class=\"show\">Anita Rahmawati&nbsp;(ITSKES Insan Cendekia Medika) <a href=\"https://scholar.google.co.id/citations?user=YkPZnVgAAAAJ&amp;hl=en\" target=\"_blank\" rel=\"noopener\">(Google scholar)</a> <a href=\"https://scholar.google.co.id/citations?user=YkPZnVgAAAAJ&amp;hl=en\" target=\"_blank\" rel=\"noopener\">(Sinta ID)</a></li>\r\n<li class=\"show\">Evi Puspita Sari (Patelki) (Google Scholar) (Sinta ID)</li>\r\n<li class=\"show\">Ratna Dewi Permatasari&nbsp;(ITSKES Insan Cendekia Medika)<a href=\"https://scholar.google.co.id/citations?user=S2B4XYEAAAAJ&amp;hl=id\" target=\"_blank\" rel=\"noopener\"> (Google scholar)</a> <a href=\"https://sinta.ristekbrin.go.id/authors/detail?id=6653545&amp;view=overview\" target=\"_blank\" rel=\"noopener\">(Sinta ID)</a></li>\r\n<li class=\"show\">Budi Setiawan (Poltekkes Yogyakarta)&nbsp;<a href=\"https://scholar.google.co.id/citations?user=F6Eod7UAAAAJ&amp;hl=id\" target=\"_blank\" rel=\"noopener\">(Google scholar)</a> <a href=\"https://sinta.ristekbrin.go.id/authors/detail?id=251658&amp;view=overview\" target=\"_blank\" rel=\"noopener\">(Sinta ID)</a></li>\r\n</ul>\r\n<p><span style=\"vertical-align: inherit;\"><span style=\"vertical-align: inherit;\">Reviewer</span></span></p>\r\n<ul>\r\n<li class=\"show\">Endang Y (Institut Teknologi Sains dan Kesehatan Insan Cendekia Medika Jombang)&nbsp;<a href=\"https://scholar.google.co.id/citations?user=5_TPRUkAAAAJ&amp;hl=id\" target=\"_blank\" rel=\"noopener\">(Google scholar)</a> <a href=\"https://sinta.ristekbrin.go.id/authors/detail?id=6700710&amp;view=overview\" target=\"_blank\" rel=\"noopener\">(Sinta ID)</a></li>\r\n<li class=\"show\">Awaluddin S (Institut Teknologi Sains dan Kesehatan Insan Cendekia Medika Jombang)&nbsp;<a href=\"https://scholar.google.co.id/citations?user=5_TPRUkAAAAJ&amp;hl=id\" target=\"_blank\" rel=\"noopener\">(Google scholar)</a> <a href=\"https://sinta.ristekbrin.go.id/authors/detail?id=6700710&amp;view=overview\" target=\"_blank\" rel=\"noopener\">(Sinta ID)</a></li>\r\n<li class=\"show\">Devyana Dyah Wulandari (Universitas Nahdhatul Ulama Surabaya)&nbsp;<a href=\"https://scholar.google.co.id/citations?user=SLpfFIEAAAAJ&amp;hl=en\" target=\"_blank\" rel=\"noopener\">(Google scholar)</a> <a href=\"https://sinta.ristekbrin.go.id/authors/detail?id=6138041&amp;view=overview\" target=\"_blank\" rel=\"noopener\">(Sinta ID)</a></li>\r\n<li class=\"show\">Lusianah Meinawati (Institut Teknologi Sains dan Kesehatan Insan Cendekia)&nbsp;<a href=\"https://scholar.google.co.id/citations?user=vw6EAQcAAAAJ&amp;hl=id\" target=\"_blank\" rel=\"noopener\">(Google scholar)</a> <a href=\"https://sinta.ristekbrin.go.id/authors/detail?id=6737170&amp;view=overview\" target=\"_blank\" rel=\"noopener\">(Sinta ID)</a></li>\r\n<li class=\"show\">Begum Fauziyah (UIN Maulana Malik Ibrahim Malang) (Google scholar) <a href=\"https://sinta.ristekbrin.go.id/authors/detail?id=5984109&amp;view=overview\" target=\"_blank\" rel=\"noopener\">(Sinta ID)</a></li>\r\n</ul>\r\n<p>&nbsp;</p>\r\n<p>&nbsp;</p>\r\n</div>', 'string'),
(1, 'en_US', 'fastTrackFeeDescription', 'With the payment of this fee, the review, editorial decision, and author notification on this manuscript is guaranteed to take place within 4 weeks.', 'string'),
(1, 'en_US', 'fastTrackFeeName', 'Fast-Track Review', 'string'),
(1, 'en_US', 'homeHeaderTitle', 'Jurnal Insan Cendekia', 'string'),
(1, 'en_US', 'journalPageFooter', '<p><strong>Indexing by<a href=\"https://scholar.google.co.id/citations?hl=en&amp;user=m_7YfhsAAAAJ&amp;authuser=2&amp;scilu=481739427135725161:0&amp;scisig=AMstHGQAAAAAWLY-ceDAXl2xNo7wAh3jd5y-YNfuu9Pk&amp;gmla=AJsN-F78ppV0VFpeHeZg-o9u2sjprDnvf6Olk3JF02if-X3oGR_dru5FaoKd-k_Mt2uONSgmpGLll789MpT9ugBFnWdEvcfxRBHujMV0eaoz45HDp43yKSE&amp;sciund=14917939326372063811\" target=\"_blank\"><strong><img src=\"/ojs/public/site/images/admin_ojs/Google_Scholar_logo_2015.PNG\" alt=\"\" width=\"189\" height=\"72\" /></strong></a></strong></p><p><strong><a href=\"http://creativecommons.org/licenses/by-nc-sa/4.0/\" rel=\"license\"><img style=\"border-width: 0;\" src=\"https://i.creativecommons.org/l/by-nc-sa/4.0/88x31.png\" alt=\"Creative Commons License\" /></a><br />This work is licensed under a <a href=\"http://creativecommons.org/licenses/by-nc-sa/4.0/\" rel=\"license\">Creative Commons Attribution-NonCommercial-ShareAlike 4.0 International License</a>.</strong></p><p><strong>Jumlah Pengunjung OJS STIKES Insan Cendekia Medika Jombang:</strong><!-- Start of StatCounter Code for Default Guide --><script type=\"text/javascript\">// <![CDATA[\r\nvar sc_project=11147494; \r\nvar sc_invisible=0; \r\nvar sc_security=\"53ce114b\"; \r\nvar scJsHost = ((\"https:\" == document.location.protocol) ?\r\n\"https://secure.\" : \"http://www.\");\r\ndocument.write(\"<sc\"+\"ript type=\'text/javascript\' src=\'\" +\r\nscJsHost+\r\n\"statcounter.com/counter/counter.js\'></\"+\"script>\");\r\n// ]]></script></p><noscript>&amp;amp;amp;amp;amp;amp;lt;div class=\"statcounter\"&amp;amp;amp;amp;amp;amp;gt;&amp;amp;amp;amp;amp;amp;lt;a title=\"site stats\" href=\"http://statcounter.com/free-web-stats/\" target=\"_blank\"&amp;amp;amp;amp;amp;amp;gt;&amp;amp;amp;amp;amp;amp;lt;img class=\"statcounter\" src=\"//c.statcounter.com/11147494/0/53ce114b/0/\" alt=\"site stats\"&amp;amp;amp;amp;amp;amp;gt;&amp;amp;amp;amp;amp;amp;lt;/a&amp;amp;amp;amp;amp;amp;gt;&amp;amp;amp;amp;amp;amp;lt;/div&amp;amp;amp;amp;amp;amp;gt;</noscript><p><strong><!-- End of StatCounter Code for Default Guide --></strong></p>', 'string'),
(1, 'en_US', 'journalThumbnail', 'a:6:{s:4:\"name\";s:46:\"cover baru jurnal insan cendekia_page-0001.jpg\";s:10:\"uploadName\";s:26:\"journalThumbnail_en_US.jpg\";s:5:\"width\";i:1240;s:6:\"height\";i:1755;s:12:\"dateUploaded\";s:19:\"2023-06-12 03:03:55\";s:7:\"altText\";s:0:\"\";}', 'object'),
(1, 'en_US', 'librarianInformation', 'We encourage research librarians to list this journal among their library\'s electronic journal holdings. As well, it may be worth noting that this journal\'s open source publishing system is suitable for libraries to host for their faculty members to use with journals they are involved in editing (see <a href=\"http://pkp.sfu.ca/ojs\">Open Journal Systems</a>).', 'string'),
(1, 'en_US', 'lockssLicense', 'This journal utilizes the LOCKSS system to create a distributed archiving system among participating libraries and permits those libraries to create permanent archives of the journal for purposes of preservation and restoration. <a href=\"http://www.lockss.org/\">More...</a>', 'string'),
(1, 'en_US', 'membershipFeeDescription', 'The payment of this fee will enroll you as a member in this association for one year and provide you with free access to this journal.', 'string'),
(1, 'en_US', 'membershipFeeName', 'Association Membership', 'string'),
(1, 'en_US', 'metaDisciplineExamples', 'General Science; Health; Education', 'string'),
(1, 'en_US', 'name', 'Jurnal Insan Cendekia', 'string'),
(1, 'en_US', 'navItems', 'a:1:{i:0;a:2:{s:4:\"name\";s:0:\"\";s:3:\"url\";s:0:\"\";}}', 'object'),
(1, 'en_US', 'pageFooter', '<table style=\"height: 122px;\" width=\"562\">\r\n<tbody>\r\n<tr>\r\n<td style=\"width: 180.512px; text-align: center;\">\r\n<h3>Address:</h3>\r\n<p>Jl. Kemuning No. 57 Candimulyo Jombang, East Java, Indonesia</p>\r\n<p>&nbsp;</p>\r\n</td>\r\n<td style=\"width: 180.512px;\">\r\n<h3 style=\"text-align: center;\">Contact Info:</h3>\r\n<div style=\"text-align: center;\">Telp. +6285707053712</div>\r\n<div style=\"text-align: center;\">Email:&nbsp;<a href=\"mailto:icmejic@gmai.com\">icmejic@gmail.com</a></div>\r\n<div style=\"text-align: center;\">&nbsp;</div>\r\n<div>&nbsp;</div>\r\n</td>\r\n</tr>\r\n</tbody>\r\n</table>\r\n<p style=\"text-align: center;\">&nbsp;</p>\r\n<div class=\"col-4\" style=\"text-align: center;\">&nbsp;</div>\r\n<div class=\"col-4\" style=\"text-align: center;\">&nbsp;</div>', 'string'),
(1, 'en_US', 'pageHeaderLogoImage', 'a:6:{s:4:\"name\";s:7:\"JIC.png\";s:10:\"uploadName\";s:29:\"pageHeaderLogoImage_en_US.png\";s:5:\"width\";i:1466;s:6:\"height\";i:196;s:12:\"dateUploaded\";s:19:\"2021-09-17 07:14:43\";s:7:\"altText\";s:0:\"\";}', 'object'),
(1, 'en_US', 'privacyStatement', '<p><span style=\"vertical-align: inherit;\"><span style=\"vertical-align: inherit;\">Nama dan alamat email yang dimasukkan dalam situs jurnal ini akan digunakan secara eksklusif untuk tujuan jurnal ini dan tidak akan tersedia untuk tujuan lain atau pihak lain mana pun.</span></span></p>', 'string'),
(1, 'en_US', 'proofInstructions', '<p>The proofreading stage is intended to catch any errors in the galley\'s spelling, grammar, and formatting. More substantial changes cannot be made at this stage, unless discussed with the Section Editor. In Layout, click on VIEW PROOF to see the HTML, PDF, and other available file formats used in publishing this item.</p><h4>For Spelling and Grammar Errors</h4><p>Copy the problem word or groups of words and paste them into the Proofreading Corrections box with \"CHANGE-TO\" instructions to the editor as follows:</p><pre>1. CHANGE...\r\n	then the others\r\n	TO...\r\n	than the others</pre><br /><pre>2. CHANGE...\r\n	Malinowsky\r\n	TO...\r\n	Malinowski</pre><br /><h4>For Formatting Errors</h4><p>Describe the location and nature of the problem in the Proofreading Corrections box after typing in the title \"FORMATTING\" as follows:</p><br /><pre>3. FORMATTING\r\n	The numbers in Table 3 are not aligned in the third column.</pre><br /><pre>4. FORMATTING\r\n	The paragraph that begins \"This last topic...\" is not indented.</pre>', 'string'),
(1, 'en_US', 'publicationFeeDescription', 'If this paper is accepted for publication, you will be asked to pay an Article Publication Fee to cover publications costs.', 'string'),
(1, 'en_US', 'publicationFeeName', 'Article Publication', 'string'),
(1, 'en_US', 'publisherNote', 'ICME PRESS', 'string'),
(1, 'en_US', 'purchaseArticleFeeDescription', 'The payment of this fee will enable you to view, download, and print this article.', 'string'),
(1, 'en_US', 'purchaseArticleFeeName', 'Purchase Article', 'string'),
(1, 'en_US', 'readerInformation', '<strong></strong>We encourage readers to sign up for the publishing notification service for this journal. Use the <a href=\"/ojs/index.php/jib/user/register\">Register</a> link at the top of the home page for the journal. This registration will result in the reader receiving the Table of Contents by email for each new issue of the journal. This list also allows the journal to claim a certain level of support or readership. See the journal\'s <a href=\"/ojs/index.php/jib/about/submissions#privacyStatement\">Privacy Statement</a>, which assures readers that their name and email address will not be used for other purposes.', 'string'),
(1, 'en_US', 'refLinkInstructions', '<h4>To Add Reference Linking to the Layout Process</h4><p>When turning a submission into HTML or PDF, make sure that all hyperlinks in the submission are active.</p><h4>A. When the Author Provides a Link with the Reference</h4><ol><li>While the submission is still in its word processing format (e.g., Word), add the phrase VIEW ITEM to the end of the reference that has a URL.</li><li>Turn that phrase into a hyperlink by highlighting it and using Word\'s Insert Hyperlink tool and the URL prepared above.</li></ol><h4>B. Enabling Readers to Search Google Scholar For References</h4><ol><li>While the submission is still in its word processing format (e.g., Word), copy the title of the work referenced in the References list (if it appears to be too common a title—e.g., \"Peace\"—then copy author and title).</li><li>Paste the reference\'s title between the %22\'s, placing a + between each word: http://scholar.google.com/scholar?q=%22PASTE+TITLE+HERE%22</li><li>Add the phrase GS SEARCH to the end of each citation in the submission\'s References list.</li><li>Turn that phrase into a hyperlink by highlighting it and using Word\'s Insert Hyperlink tool and the URL prepared in #2.</li></ol><h4>C. Enabling Readers to Search for References with a DOI</h4><ol><li>While the submission is still in Word, copy a batch of references into CrossRef Text Query http://www.crossref.org/freeTextQuery/.</li><li>Paste each DOI that the Query provides in the following URL (between = and &amp;): http://www.cmaj.ca/cgi/external_ref?access_num=PASTE DOI#HERE&amp;link_type=DOI.</li><li>Add the phrase CrossRef to the end of each citation in the submission\'s References list.</li><li>Turn that phrase into a hyperlink by highlighting the phrase and using Word\'s Insert Hyperlink tool and the appropriate URL prepared in #2.</li></ol>', 'string'),
(1, 'en_US', 'searchDescription', 'Pengelolaan Jurnal Elektronik Jurnal Insan Cendekia STIKES ICME', 'string'),
(1, 'en_US', 'searchKeywords', 'jurnal, online, elektronik, pengelolaan, stikes, icme, jic, jurnal insan cendekia', 'string'),
(1, 'en_US', 'submissionChecklist', 'a:6:{i:0;a:2:{s:5:\"order\";s:1:\"1\";s:7:\"content\";s:165:\"The submission has not been previously published, nor is it before another journal for consideration (or an explanation has been provided in Comments to the Editor).\";}i:1;a:2:{s:5:\"order\";s:1:\"2\";s:7:\"content\";s:95:\"The submission file is in OpenOffice, Microsoft Word, RTF, or WordPerfect document file format.\";}i:2;a:2:{s:5:\"order\";s:1:\"3\";s:7:\"content\";s:60:\"Where available, URLs for the references have been provided.\";}i:3;a:2:{s:5:\"order\";s:1:\"4\";s:7:\"content\";s:239:\"The text is single-spaced; uses a 12-point font; employs italics, rather than underlining (except with URL addresses); and all illustrations, figures, and tables are placed within the text at the appropriate points, rather than at the end.\";}i:4;a:2:{s:5:\"order\";s:1:\"5\";s:7:\"content\";s:218:\"The text adheres to the stylistic and bibliographic requirements outlined in the <a href=\"/ojs/index.php/jic/about/submissions#authorGuidelines\" target=\"_new\">Author Guidelines</a>, which is found in About the Journal.\";}i:5;a:2:{s:5:\"order\";s:1:\"6\";s:7:\"content\";s:244:\"If submitting to a peer-reviewed section of the journal, the instructions in <a href=\"javascript:openHelp(\'http://digilib.stikesicme-jbg.ac.id/ojs/index.php/jic/help/view/editorial/topic/000044\')\">Ensuring a Blind Review</a> have been followed.\";}}', 'object'),
(1, 'en_US', 'submissionFeeDescription', 'Authors are required to pay an Article Submission Fee as part of the submission process to contribute to review costs.', 'string'),
(1, 'en_US', 'submissionFeeName', 'Article Submission', 'string'),
(1, 'en_US', 'waiverPolicy', 'If you do not have funds to pay such fees, you will have an opportunity to waive each fee. We do not want fees to prevent the publication of worthy work.', 'string'),
(2, '', 'agenciesEnabledSubmission', '0', 'bool'),
(2, '', 'agenciesEnabledWorkflow', '0', 'bool'),
(2, '', 'agenciesRequired', '0', 'bool'),
(2, '', 'allowRegAuthor', '1', 'bool'),
(2, '', 'allowRegReader', '1', 'bool'),
(2, '', 'allowRegReviewer', '0', 'bool'),
(2, '', 'authorSelectsEditor', '0', 'bool'),
(2, '', 'boardEnabled', '1', 'bool'),
(2, '', 'categories', 'N;', 'object'),
(2, '', 'citationsEnabledSubmission', '1', 'bool'),
(2, '', 'citationsEnabledWorkflow', '1', 'bool'),
(2, '', 'citationsRequired', '1', 'bool'),
(2, '', 'contactEmail', 'fera.yuli@stikesicme-jbg.ac.id', 'string'),
(2, '', 'contactFax', '', 'string'),
(2, '', 'contactName', 'Fera Yuli Setiyaningsih', 'string'),
(2, '', 'contactPhone', '', 'string'),
(2, '', 'copyrightHolderType', 'author', 'string'),
(2, '', 'copyrightNoticeAgree', '0', 'bool'),
(2, '', 'copyrightYearBasis', 'issue', 'string'),
(2, '', 'copySubmissionAckAddress', '', 'string'),
(2, '', 'copySubmissionAckPrimaryContact', '1', 'bool'),
(2, '', 'copySubmissionAckSpecified', '0', 'bool'),
(2, '', 'coverageEnabledSubmission', '0', 'bool'),
(2, '', 'coverageEnabledWorkflow', '0', 'bool'),
(2, '', 'coverageRequired', '0', 'bool'),
(2, '', 'defaultReviewMode', '2', 'int'),
(2, '', 'disableUserReg', '1', 'bool'),
(2, '', 'disciplinesEnabledSubmission', '1', 'bool'),
(2, '', 'disciplinesEnabledWorkflow', '1', 'bool'),
(2, '', 'disciplinesRequired', '1', 'bool'),
(2, '', 'displayCurrentIssue', '1', 'bool'),
(2, '', 'emailFooter', 'The following message is being delivered on behalf of Jurnal Kebidanan.\r\n________________________________________________________________________', 'string'),
(2, '', 'emailHeader', 'The following message is being delivered on behalf of Jurnal Kebidanan.\r\n________________________________________________________________________', 'string'),
(2, '', 'emailSignature', 'The following message is being delivered on behalf of Jurnal Kebidanan.\r\n________________________________________________________________________', 'string'),
(2, '', 'enableAnnouncements', '1', 'bool'),
(2, '', 'enableAnnouncementsHomepage', '1', 'bool'),
(2, '', 'enableLockss', '1', 'bool'),
(2, '', 'envelopeSender', '', 'string'),
(2, '', 'fastTrackFee', '0', 'int'),
(2, '', 'includeCopyrightStatement', '0', 'bool'),
(2, '', 'includeLicense', '1', 'bool'),
(2, '', 'initialNumber', '0', 'int'),
(2, '', 'initialVolume', '0', 'int'),
(2, '', 'initialYear', '0', 'int'),
(2, '', 'issuePerVolume', '0', 'int'),
(2, '', 'itemsPerPage', '25', 'int'),
(2, '', 'journalTheme', 'classicGreen', 'string'),
(2, '', 'keywordsEnabledSubmission', '1', 'bool'),
(2, '', 'keywordsEnabledWorkflow', '1', 'bool'),
(2, '', 'keywordsRequired', '1', 'bool'),
(2, '', 'languagesEnabledSubmission', '1', 'bool'),
(2, '', 'languagesEnabledWorkflow', '1', 'bool'),
(2, '', 'languagesRequired', '1', 'bool'),
(2, '', 'licenseURL', 'http://creativecommons.org/licenses/by-nc-sa/4.0', 'string'),
(2, '', 'mailingAddress', 'Jalan Kemuning 57A Candimulyo Jombang 61413', 'string'),
(2, '', 'mailSubmissionsToReviewers', '0', 'bool'),
(2, '', 'membershipFee', '0', 'int'),
(2, '', 'metaCitations', '1', 'bool'),
(2, '', 'metaCoverage', '0', 'bool'),
(2, '', 'metaDiscipline', '0', 'bool'),
(2, '', 'metaSubject', '0', 'bool'),
(2, '', 'metaSubjectClass', '0', 'bool'),
(2, '', 'metaType', '0', 'bool'),
(2, '', 'navItems', 'N;', 'object'),
(2, '', 'notifyAllAuthorsOnDecision', '0', 'bool'),
(2, '', 'numAnnouncementsHomepage', '5', 'int'),
(2, '', 'numDaysBeforeInviteReminder', '0', 'int'),
(2, '', 'numDaysBeforeSubmitReminder', '0', 'int'),
(2, '', 'numPageLinks', '10', 'int'),
(2, '', 'numWeeksPerResponse', '0', 'int'),
(2, '', 'numWeeksPerReview', '4', 'int'),
(2, '', 'onlineIssn', '2580-4774', 'string'),
(2, '', 'printIssn', '2088-2505', 'string'),
(2, '', 'provideRefLinkInstructions', '0', 'bool'),
(2, '', 'publicationFee', '0', 'int'),
(2, '', 'publicationFormatNumber', '0', 'bool'),
(2, '', 'publicationFormatTitle', '0', 'bool'),
(2, '', 'publicationFormatVolume', '0', 'bool'),
(2, '', 'publicationFormatYear', '0', 'bool'),
(2, '', 'publisherInstitution', 'ITSKES Insan Cendekia Medika Jombang', 'string'),
(2, '', 'publisherUrl', '', 'string'),
(2, '', 'publishingMode', '0', 'int'),
(2, '', 'purchaseArticleFee', '0', 'int'),
(2, '', 'rateReviewerOnQuality', '1', 'bool'),
(2, '', 'remindForInvite', '0', 'bool'),
(2, '', 'remindForSubmit', '0', 'bool'),
(2, '', 'requireAuthorCompetingInterests', '0', 'bool'),
(2, '', 'requireReviewerCompetingInterests', '0', 'bool'),
(2, '', 'restrictArticleAccess', '0', 'bool'),
(2, '', 'restrictReviewerFileAccess', '1', 'bool'),
(2, '', 'restrictSiteAccess', '0', 'bool'),
(2, '', 'reviewerAccessKeysEnabled', '1', 'bool'),
(2, '', 'reviewerCompetingInterestsRequired', '0', 'bool'),
(2, '', 'reviewerDatabaseLinks', 'a:1:{i:0;a:2:{s:5:\"title\";s:0:\"\";s:3:\"url\";s:0:\"\";}}', 'object'),
(2, '', 'rightsEnabledSubmission', '0', 'bool'),
(2, '', 'rightsEnabledWorkflow', '0', 'bool'),
(2, '', 'rightsRequired', '0', 'bool'),
(2, '', 'rtAbstract', '1', 'bool'),
(2, '', 'rtAddComment', '1', 'bool'),
(2, '', 'rtCaptureCite', '1', 'bool'),
(2, '', 'rtDefineTerms', '1', 'bool'),
(2, '', 'rtEmailAuthor', '1', 'bool'),
(2, '', 'rtEmailOthers', '1', 'bool'),
(2, '', 'rtPrinterFriendly', '1', 'bool'),
(2, '', 'rtSupplementaryFiles', '1', 'bool'),
(2, '', 'rtViewMetadata', '1', 'bool'),
(2, '', 'showEnsuringLink', '1', 'bool'),
(2, '', 'showGalleyLinks', '0', 'bool'),
(2, '', 'sourceEnabledSubmission', '0', 'bool'),
(2, '', 'sourceEnabledWorkflow', '0', 'bool'),
(2, '', 'sourceRequired', '0', 'bool'),
(2, '', 'styleSheet', 'a:3:{s:4:\"name\";s:26:\"styleSheetHeaderFooter.css\";s:10:\"uploadName\";s:14:\"styleSheet.css\";s:12:\"dateUploaded\";s:19:\"2020-11-17 21:41:58\";}', 'object'),
(2, '', 'subjectsEnabledSubmission', '0', 'bool'),
(2, '', 'subjectsEnabledWorkflow', '0', 'bool'),
(2, '', 'subjectsRequired', '0', 'bool'),
(2, '', 'submissionFee', '0', 'int'),
(2, '', 'supportedFormLocales', 'a:1:{i:0;s:5:\"en_US\";}', 'object'),
(2, '', 'supportedLocales', 'a:1:{i:0;s:5:\"en_US\";}', 'object'),
(2, '', 'supportedSubmissionLocales', 'a:1:{i:0;s:5:\"en_US\";}', 'object'),
(2, '', 'supportEmail', 'fera.yuli@stikesicme-jbg.ac.id', 'string'),
(2, '', 'supportName', 'Fera Yuli Setiyaningsih', 'string'),
(2, '', 'supportPhone', '', 'string'),
(2, '', 'themePluginPath', 'defaultManuscript', 'string'),
(2, '', 'typeEnabledSubmission', '0', 'bool'),
(2, '', 'typeEnabledWorkflow', '0', 'bool'),
(2, '', 'typeRequired', '0', 'bool'),
(2, '', 'useCopyeditors', '0', 'bool'),
(2, '', 'useEditorialBoard', '0', 'bool'),
(2, '', 'useLayoutEditors', '0', 'bool'),
(2, '', 'useProofreaders', '0', 'bool'),
(2, '', 'volumePerYear', '0', 'int'),
(2, 'en_US', 'abbreviation', 'j. kebidanan.', 'string');
INSERT INTO `journal_settings` (`journal_id`, `locale`, `setting_name`, `setting_value`, `setting_type`) VALUES
(2, 'en_US', 'about', '<div id=\"focusAndScope\">\r\n<h3><span style=\"vertical-align: inherit;\"><span style=\"vertical-align: inherit;\">Fokus dan Ruang Lingkup</span></span></h3>\r\n<p><span style=\"vertical-align: inherit;\"><span style=\"vertical-align: inherit;\">Kebidanan</span></span></p>\r\n</div>\r\n<div id=\"publicationFrequency\">\r\n<h3><span style=\"vertical-align: inherit;\"><span style=\"vertical-align: inherit;\">Frekuensi Publikasi</span></span></h3>\r\n<p><strong><span style=\"vertical-align: inherit;\"><span style=\"vertical-align: inherit;\">Jurnal Kebidanan</span></span></strong><span style=\"vertical-align: inherit;\"><span style=\"vertical-align: inherit;\"> terbit bulan Maret dan September tiap tahun.</span></span></p>\r\n</div>\r\n<div id=\"openAccessPolicy\">\r\n<h3><span style=\"vertical-align: inherit;\"><span style=\"vertical-align: inherit;\">Kebijakan Akses Terbuka</span></span></h3>\r\n<p><span style=\"vertical-align: inherit;\"><span style=\"vertical-align: inherit;\">Jurnal ini memberikan akses terbuka langsung ke isinya dengan prinsip bahwa membuat penelitian tersedia secara gratis untuk publik mendukung pertukaran pengetahuan global yang lebih besar.</span></span></p>\r\n</div>\r\n<div id=\"custom-0\">\r\n<h3><span style=\"vertical-align: inherit;\"><span style=\"vertical-align: inherit;\">Jurnal Kebidanan</span></span></h3>\r\n<p><strong><span style=\"vertical-align: inherit;\"><span style=\"vertical-align: inherit;\">Jurnal Kebidanan</span></span></strong><span style=\"vertical-align: inherit;\"><span style=\"vertical-align: inherit;\"> &nbsp;merupakan salah satu jurnal dalam bidang ilmu kebidanan&nbsp;yang berisi artikel-artikel tentang ilmu kebidanan dan kesehatan yang diterbitkan oleh&nbsp; Institut Teknologi Sains dan Kesehatan Insan Cendekia Medika Jombang.</span></span></p>\r\n</div>', 'string'),
(2, 'en_US', 'acronym', 'JIB', 'string'),
(2, 'en_US', 'additionalHomeContent', '<p style=\"text-align: center;\"><strong>Jurnal Kebidanan indexed by:</strong></p>\r\n<h4><strong><a href=\"https://scholar.google.com/citations?user=MtZ7HksAAAAJ&amp;hl=id&amp;authuser=2\" target=\"_blank\" rel=\"noopener\"><img src=\"/ojs/public/site/images/admin_ojs/googlescholar1.png\"></a>&nbsp;&nbsp;&nbsp;<a href=\"https://garuda.kemdikbud.go.id/journal/view/15835\" target=\"_blank\" rel=\"noopener\"><img src=\"/ojs/public/site/images/admin_ojs/garuda12.png\"></a>&nbsp;&nbsp;<img src=\"/ojs/public/site/images/admin_ojs/crossref-logo-landscape-1001.png\">&nbsp;&nbsp;<a title=\"Dimensions\" href=\"https://app.dimensions.ai/discover/publication?search_mode=content&amp;and_facet_source_title=jour.1374257\" target=\"_blank\" rel=\"noopener\"><img src=\"/ojs/public/site/images/admin_ojs/dimensions4.png\" width=\"154\" height=\"27\"></a></strong></h4>', 'string'),
(2, 'en_US', 'announcementsIntroduction', '<p><strong>Jurnal Kebidanan</strong>&nbsp;merupakan jurnal ilmiah dalam bidang kesehatan terutama pada kesehatan remaja, ibu hamil, ibu nifas, bersalin, KB, menopause, bayi baru lahir, neonatus dan balita, studi kasus</p>\r\n<p><strong>Jurnal Kebidanan</strong> memuat artikel hasil penelitian yang menyajikan informasi dalam bidang kebidanan</p>\r\n<p><strong>Jurnal Kebidanan&nbsp;</strong>pertama kali terbit tahun 2011 <strong>versi cetak&nbsp;</strong>dengan p-ISSN 2088-2505 <strong>versi online&nbsp;</strong>dengan e-ISSN 2580-4774</p>\r\n<p><strong>Jurnal Kebidanan</strong> diterbitkan setiap enam bulan sekali pada bulan Maret dan September</p>\r\n<p><strong>Jurnal Kebidanan&nbsp;</strong>mengalami perubahan template pada volume 10 No. 2 tahun 2020</p>\r\n<p><strong>Jurnal Kebidanan&nbsp;</strong>mulai mempublish 5 artikel pada volume 10 No.2 tahun 2020. selanjutnya jurnal kebidanan akan publish 10 artikel dimulai pada volume 12 No. 1 tahun 2022.</p>\r\n<p><strong>Jurnal Kebidanan&nbsp;</strong>telah terakreditasi <strong>SINTA 5&nbsp;</strong>dengan No.5162/E4/AK.04/2021 pada tanggal 27 Desember 2021 mulai dari volume 9 nomor 1 tahun 2019 sampai volume 13 nomer 2 tahun 2023</p>\r\n<p><strong>Jurnal kebidanan</strong> melakukan perubahan cover mulai pada terbitan Maret 2023</p>\r\n<p>&nbsp;</p>\r\n<p>Alamat Redaksi Jurnal Kebidanan :</p>\r\n<p>Lembaga Penelitian dan Pengabdian Masyarakat</p>\r\n<p>ITSKes Insan Cendekia Medika Jombang</p>\r\n<p>Jl. Kemuning No. 57 A Candimulyo Jombang</p>\r\n<p>Email : jurnalkebidanan@stikesicme-jbg.ac.id</p>\r\n<p>&nbsp;</p>', 'string'),
(2, 'en_US', 'authorInformation', '<p>Interested in submitting to this journal? We recommend that you review the <a href=\"/ojs/index.php/jib/about\">About the Journal</a> page for the journal\'s section policies, as well as the <a href=\"/ojs/index.php/jib/about/submissions#authorGuidelines\">Author Guidelines</a>. Authors need to <a href=\"/ojs/index.php/jib/user/register\">register</a> with the journal prior to submitting or, if already registered, can simply <a href=\"/ojs/index.php/index/login\">log in</a> and begin the five-step process.</p>', 'string'),
(2, 'en_US', 'authorSelfArchivePolicy', 'This journal permits and encourages authors to post items submitted to the journal on personal websites or institutional repositories both prior to and after publication, while providing bibliographic details that credit, if applicable, its publication in this journal.', 'string'),
(2, 'en_US', 'competingInterests', '<p>Kami&nbsp; dan yakin dalam tata kelola jurnal ilmiah, konflik kepentingan dan subjektifitas penulis akan selalu ada, namun untuk menjaga dan menghargai kerja profesional dari setiap pihak yang terlibat pada jurnal kebidanan ini</p>', 'string'),
(2, 'en_US', 'contactAffiliation', 'STIKES Insan Cendekia Medika Jombang', 'string'),
(2, 'en_US', 'contactTitle', 'S.ST.M.Keb', 'string'),
(2, 'en_US', 'copyeditInstructions', 'The copyediting stage is intended to improve the flow, clarity, grammar, wording, and formatting of the article. It represents the last chance for the author to make any substantial changes to the text because the next stage is restricted to typos and formatting corrections. The file to be copyedited is in Word or .rtf format and therefore can easily be edited as a word processing document. The set of instructions displayed here proposes two approaches to copyediting. One is based on Microsoft Word\'s Track Changes feature and requires that the copy editor, editor, and author have access to this program. A second system, which is software independent, has been borrowed, with permission, from the Harvard Educational Review. The journal editor is in a position to modify these instructions, so suggestions can be made to improve the process for this journal.<h4>Copyediting Systems</h4><strong>1. Microsoft Word\'s Track Changes</strong> Under Tools in the menu bar, the feature Track Changes enables the copy editor to make insertions (text appears in color) and deletions (text appears crossed out in color or in the margins as deleted). The copy editor can posit queries to both the author (Author Queries) and to the editor (Editor Queries) by inserting these queries in square brackets. The copyedited version is then uploaded, and the editor is notified. The editor then reviews the text and notifies the author. The editor and author should leave those changes with which they are satisfied. If further changes are necessary, the editor and author can make changes to the initial insertions or deletions, as well as make new insertions or deletions elsewhere in the text. Authors and editors should respond to each of the queries addressed to them, with responses placed inside the square brackets. After the text has been reviewed by editor and author, the copy editor will make a final pass over the text accepting the changes in preparation for the layout and galley stage. <strong>2. Harvard Educational Review </strong> <strong>Instructions for Making Electronic Revisions to the Manuscript</strong> Please follow the following protocol for making electronic revisions to your manuscript: <strong>Responding to suggested changes.</strong>   For each of the suggested changes that you accept, unbold the text.   For each of the suggested changes that you do not accept, re-enter the original text and <strong>bold</strong> it. <strong>Making additions and deletions.</strong>   Indicate additions by <strong>bolding</strong> the new text.   Replace deleted sections with: <strong>[deleted text]</strong>.   If you delete one or more sentence, please indicate with a note, e.g., <strong>[deleted 2 sentences]</strong>. <strong>Responding to Queries to the Author (QAs).</strong>   Keep all QAs intact and bolded within the text. Do not delete them.   To reply to a QA, add a comment after it. Comments should be delimited using: <strong>[Comment:]</strong>   e.g., <strong>[Comment: Expanded discussion of methodology as you suggested]</strong>. <strong>Making comments.</strong>   Use comments to explain organizational changes or major revisions   e.g., <strong>[Comment: Moved the above paragraph from p. 5 to p. 7].</strong>  Note: When referring to page numbers, please use the page numbers from the printed copy of the manuscript that was sent to you. This is important since page numbers may change as a document is revised electronically.<h4>An Illustration of an Electronic Revision</h4><ol><li><strong>Initial copyedit.</strong> The journal copy editor will edit the text to improve flow, clarity, grammar, wording, and formatting, as well as including author queries as necessary. Once the initial edit is complete, the copy editor will upload the revised document through the journal Web site and notify the author that the edited manuscript is available for review.</li><li><strong>Author copyedit.</strong> Before making dramatic departures from the structure and organization of the edited manuscript, authors must check in with the editors who are co-chairing the piece. Authors should accept/reject any changes made during the initial copyediting, as appropriate, and respond to all author queries. When finished with the revisions, authors should rename the file from AuthorNameQA.doc to AuthorNameQAR.doc (e.g., from LeeQA.doc to LeeQAR.doc) and upload the revised document through the journal Web site as directed.</li><li><strong>Final copyedit.</strong> The journal copy editor will verify changes made by the author and incorporate the responses to the author queries to create a final manuscript. When finished, the copy editor will upload the final document through the journal Web site and alert the layout editor to complete formatting.</li></ol>', 'string'),
(2, 'en_US', 'copyrightNotice', '<a href=\"http://creativecommons.org/licenses/by-nc-sa/4.0/\" rel=\"license\"><img style=\"border-width: 0;\" src=\"https://i.creativecommons.org/l/by-nc-sa/4.0/88x31.png\" alt=\"Creative Commons License\" /></a><br />This work is licensed under a <a href=\"http://creativecommons.org/licenses/by-nc-sa/4.0/\" rel=\"license\">Creative Commons Attribution-NonCommercial-ShareAlike 4.0 International License</a>.', 'string'),
(2, 'en_US', 'description', '<p><strong><span style=\"vertical-align: inherit;\"><span style=\"vertical-align: inherit;\">Jurnal Kebidanan</span></span></strong><span style=\"vertical-align: inherit;\"><span style=\"vertical-align: inherit;\"> &nbsp;merupakan salah satu jurnal terbitan Institut Teknologi Sains dan Kesehatan Insan Cendekia Medika yang berisi artikel-artikel tentang ilmu kebidanan.<img src=\"/ojs/public/site/images/admin_ojs/jurnal_jib.jpg\"></span></span></p>', 'string'),
(2, 'en_US', 'donationFeeDescription', 'Donations of any amount to this journal are gratefully received and provide a means for the editors to continue to provide a journal of the highest quality to its readers.', 'string'),
(2, 'en_US', 'donationFeeName', 'Donations to journal', 'string'),
(2, 'en_US', 'editorialTeam', '<div id=\"group\">\r\n<h4><span style=\"vertical-align: inherit;\"><span style=\"vertical-align: inherit;\">Pemimpin Redaksi</span></span></h4>\r\n<p><span style=\"vertical-align: inherit;\"><span style=\"vertical-align: inherit;\">Ratna Dewi Permatasari, (<a href=\"https://scholar.google.com/citations?user=S2B4XYEAAAAJ&amp;hl=id&amp;authuser=1\" target=\"_blank\" rel=\"noopener\">Google Scholar ID</a>), (<a href=\"https://sinta.ristekbrin.go.id/authors/detail?id=6653545&amp;view=overview\" target=\"_blank\" rel=\"noopener\">SINTA ID</a>), STIKES Insan Cendekia Medika Jombang</span></span></p>\r\n<p><span style=\"vertical-align: inherit;\"><span style=\"vertical-align: inherit;\">Editor</span></span></p>\r\n<p><span style=\"vertical-align: inherit;\"><span style=\"vertical-align: inherit;\">Fera Yuli Setiyaningsih, (<a href=\"https://scholar.google.com/citations?user=CIQRUuwAAAAJ&amp;hl=id\" target=\"_blank\" rel=\"noopener\">Google Scholar ID</a>), (<a href=\"https://sinta.kemdikbud.go.id/profile\" target=\"_blank\" rel=\"noopener\">SINTA ID</a>),&nbsp;STIKES Insan Cendekia Medika Jombang</span></span></p>\r\n<p><span style=\"vertical-align: inherit;\"><span style=\"vertical-align: inherit;\">Tri Purwanti, (<a href=\"https://scholar.google.co.id/citations?user=qq0lA1UAAAAJ&amp;hl=id\" target=\"_blank\" rel=\"noopener\">Google Scholar ID</a>), (<a href=\"https://sinta.ristekbrin.go.id/authors/detail?id=6709426&amp;view=overview\" target=\"_blank\" rel=\"noopener\">SINTA ID</a>),&nbsp;STIKES Insan Cendekia Medika Jombang</span></span></p>\r\n<p>Nurjayanti, (<a href=\"https://scholar.google.co.id/citations?user=4aYzASkAAAAJ&amp;hl=id\" target=\"_blank\" rel=\"noopener\">Google Scholar ID</a>), (<a href=\"https://sinta.ristekbrin.go.id/authors/detail?id=6695723&amp;view=overview\" target=\"_blank\" rel=\"noopener\">SINTA ID</a>), STIKES Aifa Husada&nbsp;</p>\r\n<p><span style=\"vertical-align: inherit;\"><span style=\"vertical-align: inherit;\">Kiftyah,&nbsp;(<a href=\"https://scholar.google.com/citations?user=dSbg6dUAAAAJ&amp;hl=id\" target=\"_blank\" rel=\"noopener\">Google Scholar ID</a>), (<a href=\"https://sinta.ristekbrin.go.id/authors/detail?id=6109048&amp;view=overview\" target=\"_blank\" rel=\"noopener\">SINTA ID</a>), STIKES Dian Husada Mojokerjo</span></span></p>\r\n<p>&nbsp;</p>\r\n<p>&nbsp;</p>\r\n</div>', 'string'),
(2, 'en_US', 'fastTrackFeeDescription', 'With the payment of this fee, the review, editorial decision, and author notification on this manuscript is guaranteed to take place within 4 weeks.', 'string'),
(2, 'en_US', 'fastTrackFeeName', 'Fast-Track Review', 'string'),
(2, 'en_US', 'homeHeaderTitle', 'Jurnal Kebidanan', 'string'),
(2, 'en_US', 'journalPageFooter', '<p><strong>Indexing by</strong><strong><a href=\"https://scholar.google.co.id/citations?user=pJvRV0cAAAAJ&amp;hl=en&amp;authuser=6\" target=\"_blank\"><strong><img src=\"/ojs/public/site/images/admin_ojs/Google_Scholar_logo_2015.PNG\" alt=\"\" width=\"189\" height=\"72\" /></strong></a></strong></p><strong><a href=\"http://creativecommons.org/licenses/by-nc-sa/4.0/\" rel=\"license\"><img style=\"border-width: 0;\" src=\"https://i.creativecommons.org/l/by-nc-sa/4.0/88x31.png\" alt=\"Creative Commons License\" /></a><br />This work is licensed under a <a href=\"http://creativecommons.org/licenses/by-nc-sa/4.0/\" rel=\"license\">Creative Commons Attribution-NonCommercial-ShareAlike 4.0 International License</a>.</strong><br style=\"border-width: 0;\" /><p><strong>Jumlah Pengunjung OJS STIKES Insan Cendekia Medika Jombang:</strong><!-- Start of StatCounter Code for Default Guide --><script type=\"text/javascript\">// <![CDATA[\r\nvar sc_project=11147494; \r\nvar sc_invisible=0; \r\nvar sc_security=\"53ce114b\"; \r\nvar scJsHost = ((\"https:\" == document.location.protocol) ?\r\n\"https://secure.\" : \"http://www.\");\r\ndocument.write(\"<sc\"+\"ript type=\'text/javascript\' src=\'\" +\r\nscJsHost+\r\n\"statcounter.com/counter/counter.js\'></\"+\"script>\");\r\n// ]]></script></p><noscript>&amp;amp;amp;amp;amp;amp;lt;div class=\"statcounter\"&amp;amp;amp;amp;amp;amp;gt;&amp;amp;amp;amp;amp;amp;lt;a title=\"site stats\" href=\"http://statcounter.com/free-web-stats/\" target=\"_blank\"&amp;amp;amp;amp;amp;amp;gt;&amp;amp;amp;amp;amp;amp;lt;img class=\"statcounter\" src=\"//c.statcounter.com/11147494/0/53ce114b/0/\" alt=\"site stats\"&amp;amp;amp;amp;amp;amp;gt;&amp;amp;amp;amp;amp;amp;lt;/a&amp;amp;amp;amp;amp;amp;gt;&amp;amp;amp;amp;amp;amp;lt;/div&amp;amp;amp;amp;amp;amp;gt;</noscript><!-- End of StatCounter Code for Default Guide -->', 'string'),
(2, 'en_US', 'journalThumbnail', 'a:6:{s:4:\"name\";s:16:\"cover jurnal.png\";s:10:\"uploadName\";s:26:\"journalThumbnail_en_US.png\";s:5:\"width\";i:842;s:6:\"height\";i:497;s:12:\"dateUploaded\";s:19:\"2021-03-22 14:30:11\";s:7:\"altText\";s:0:\"\";}', 'object'),
(2, 'en_US', 'librarianInformation', '<p>We encourage research librarians to list this journal among their library\'s electronic journal holdings. As well, it may be worth noting that this journal\'s open source publishing system is suitable for libraries to host for their faculty members to use with journals they are involved in editing (see <a href=\"http://pkp.sfu.ca/ojs\">Open Journal Systems</a>).</p>', 'string'),
(2, 'en_US', 'lockssLicense', 'This journal utilizes the LOCKSS system to create a distributed archiving system among participating libraries and permits those libraries to create permanent archives of the journal for purposes of preservation and restoration. <a href=\"http://www.lockss.org/\">More...</a>', 'string'),
(2, 'en_US', 'membershipFeeDescription', 'The payment of this fee will enroll you as a member in this association for one year and provide you with free access to this journal.', 'string'),
(2, 'en_US', 'membershipFeeName', 'Association Membership', 'string'),
(2, 'en_US', 'metaDisciplineExamples', 'Health; Education; Midwifery', 'string'),
(2, 'en_US', 'name', 'Jurnal Kebidanan', 'string'),
(2, 'en_US', 'navItems', 'a:1:{i:0;a:2:{s:4:\"name\";s:0:\"\";s:3:\"url\";s:0:\"\";}}', 'object'),
(2, 'en_US', 'pageFooter', '<p style=\"text-align: center;\"><strong>Jurnal Kebidanan indexed by:</strong></p>\r\n<h4 style=\"text-align: center;\"><strong><a href=\"https://scholar.google.com/citations?user=MtZ7HksAAAAJ&amp;hl=id&amp;authuser=2\" target=\"_blank\" rel=\"noopener\"><img src=\"/ojs/public/site/images/admin_ojs/googlescholar1.png\"></a>&nbsp; &nbsp; &nbsp;<a href=\"http://garuda.ristekdikti.go.id/journal/view/15835\"><img src=\"/ojs/public/site/images/admin_ojs/garuda12.png\" width=\"215\" height=\"50\"></a>&nbsp; <a title=\"Dimensions\" href=\"https://app.dimensions.ai/discover/publication?search_mode=content&amp;and_facet_source_title=jour.1374257\" target=\"_blank\" rel=\"noopener\"><img src=\"https://journal.unipdu.ac.id/public/site/images/mutrofin/dimensions.png\" width=\"140\" height=\"23\"></a> &nbsp;<img src=\"/ojs/public/site/images/admin_ojs/crossref-logo-landscape-1001.png\"></strong></h4>\r\n<p style=\"text-align: center;\"><a href=\"http://creativecommons.org/licenses/by-nc/4.0/\" rel=\"license\"><img style=\"border-width: 0;\" src=\"https://i.creativecommons.org/l/by-nc/4.0/88x31.png\" alt=\"Creative Commons License\"></a><br><strong>This work is licensed under a <a href=\"http://creativecommons.org/licenses/by-nc/4.0/\" rel=\"license\">Creative Commons Attribution-NonCommercial 4.0 International License</a>.</strong></p>\r\n<p style=\"text-align: center;\"><strong>e-ISSN <a title=\"EISSN\" href=\"http://u.lipi.go.id/1486526436\" target=\"_blank\" rel=\"noopener\">2580-4774</a> p-ISSN <a title=\"PISSN\" href=\"http://u.lipi.go.id/1300076123\" target=\"_blank\" rel=\"noopener\">2088-2505</a></strong></p>\r\n<p style=\"text-align: center;\"><strong><a title=\"Statcounter\" href=\"http://statcounter.com/p12505096/?guest=1\" target=\"_blank\" rel=\"noopener\">Visitor Jurnal Kebidanan:</a></strong></p>\r\n<!-- Default Statcounter code for Jurnal Kebidanan\r\nhttps://digilib.stikesicme-jbg.ac.id/ojs/index.php/jib/ --><noscript><div class=\"statcounter\"><a title=\"Web Analytics\r\nMade Easy - StatCounter\" href=\"https://statcounter.com/\"\r\ntarget=\"_blank\"><img class=\"statcounter\"\r\nsrc=\"https://c.statcounter.com/12505096/0/908cbba1/0/\"\r\nalt=\"Web Analytics Made Easy -\r\nStatCounter\"></a></div></noscript><!-- End of Statcounter Code -->\r\n<p style=\"text-align: center;\"><a href=\"https://statcounter.com/p12505096/?guest=1\">View My Stats</a></p>\r\n<p style=\"text-align: center;\">&nbsp;</p>\r\n<p style=\"text-align: center;\"><strong><br><a title=\"Web Analytics\" href=\"https://statcounter.com/\" target=\"_blank\" rel=\"noopener\"><img style=\"display: block; margin-left: auto; margin-right: auto;\" src=\"https://c.statcounter.com/11147494/0/53ce114b/0/\" alt=\"Web Analytics\"></a></strong></p>', 'string'),
(2, 'en_US', 'pageHeaderLogoImage', 'a:6:{s:4:\"name\";s:14:\"benner jib.jpg\";s:10:\"uploadName\";s:29:\"pageHeaderLogoImage_en_US.jpg\";s:5:\"width\";i:3503;s:6:\"height\";i:1072;s:12:\"dateUploaded\";s:19:\"2022-11-04 12:00:29\";s:7:\"altText\";s:0:\"\";}', 'object'),
(2, 'en_US', 'privacyStatement', '<p>The names and email addresses entered in this journal site will be used exclusively for the stated purposes of this journal and will not be made available for any other purpose or to any other party.</p>', 'string'),
(2, 'en_US', 'proofInstructions', '<p>The proofreading stage is intended to catch any errors in the galley\'s spelling, grammar, and formatting. More substantial changes cannot be made at this stage, unless discussed with the Section Editor. In Layout, click on VIEW PROOF to see the HTML, PDF, and other available file formats used in publishing this item.</p><h4>For Spelling and Grammar Errors</h4><p>Copy the problem word or groups of words and paste them into the Proofreading Corrections box with \"CHANGE-TO\" instructions to the editor as follows:</p><pre>1. CHANGE...\r\n	then the others\r\n	TO...\r\n	than the others</pre><br /><pre>2. CHANGE...\r\n	Malinowsky\r\n	TO...\r\n	Malinowski</pre><br /><h4>For Formatting Errors</h4><p>Describe the location and nature of the problem in the Proofreading Corrections box after typing in the title \"FORMATTING\" as follows:</p><br /><pre>3. FORMATTING\r\n	The numbers in Table 3 are not aligned in the third column.</pre><br /><pre>4. FORMATTING\r\n	The paragraph that begins \"This last topic...\" is not indented.</pre>', 'string'),
(2, 'en_US', 'publicationFeeDescription', 'If this paper is accepted for publication, you will be asked to pay an Article Publication Fee to cover publications costs.', 'string'),
(2, 'en_US', 'publicationFeeName', 'Article Publication', 'string'),
(2, 'en_US', 'publisherNote', 'ICME PRESS', 'string'),
(2, 'en_US', 'purchaseArticleFeeDescription', 'The payment of this fee will enable you to view, download, and print this article.', 'string'),
(2, 'en_US', 'purchaseArticleFeeName', 'Purchase Article', 'string'),
(2, 'en_US', 'readerInformation', '<p>We encourage readers to sign up for the publishing notification service for this journal. Use the <a href=\"/ojs/index.php/jib/user/register\">Register</a> link at the top of the home page for the journal. This registration will result in the reader receiving the Table of Contents by email for each new issue of the journal. This list also allows the journal to claim a certain level of support or readership. See the journal\'s <a href=\"/ojs/index.php/jib/about/submissions#privacyStatement\">Privacy Statement</a>, which assures readers that their name and email address will not be used for other purposes.</p>', 'string'),
(2, 'en_US', 'refLinkInstructions', '<h4>To Add Reference Linking to the Layout Process</h4><p>When turning a submission into HTML or PDF, make sure that all hyperlinks in the submission are active.</p><h4>A. When the Author Provides a Link with the Reference</h4><ol><li>While the submission is still in its word processing format (e.g., Word), add the phrase VIEW ITEM to the end of the reference that has a URL.</li><li>Turn that phrase into a hyperlink by highlighting it and using Word\'s Insert Hyperlink tool and the URL prepared above.</li></ol><h4>B. Enabling Readers to Search Google Scholar For References</h4><ol><li>While the submission is still in its word processing format (e.g., Word), copy the title of the work referenced in the References list (if it appears to be too common a title—e.g., \"Peace\"—then copy author and title).</li><li>Paste the reference\'s title between the %22\'s, placing a + between each word: http://scholar.google.com/scholar?q=%22PASTE+TITLE+HERE%22</li><li>Add the phrase GS SEARCH to the end of each citation in the submission\'s References list.</li><li>Turn that phrase into a hyperlink by highlighting it and using Word\'s Insert Hyperlink tool and the URL prepared in #2.</li></ol><h4>C. Enabling Readers to Search for References with a DOI</h4><ol><li>While the submission is still in Word, copy a batch of references into CrossRef Text Query http://www.crossref.org/freeTextQuery/.</li><li>Paste each DOI that the Query provides in the following URL (between = and &amp;): http://www.cmaj.ca/cgi/external_ref?access_num=PASTE DOI#HERE&amp;link_type=DOI.</li><li>Add the phrase CrossRef to the end of each citation in the submission\'s References list.</li><li>Turn that phrase into a hyperlink by highlighting the phrase and using Word\'s Insert Hyperlink tool and the appropriate URL prepared in #2.</li></ol>', 'string'),
(2, 'en_US', 'reviewGuidelines', '<p>Panduan Reviewer :</p>\r\n<p>1. Kontribusi terhadap keputusan Editorial:</p>\r\n<p>Peer review membantu editor dalam membuat keputusan editorial dan melalui editorial komunikasi dengan penulis juga dapat membantu penulis dalam memperbaiki naskahnya.</p>\r\n<p>2. Kecepatan:</p>\r\n<p>Setiap reviewer terpilih diharapkan dapat memberikan proses review lebih cepat, sehingga membantu publikasi dan penulis</p>\r\n<p>3. Objektifitas:</p>\r\n<p>Ulasan reviewer harus dilakukan secara objektif, mengekspresikan analisis dengan jelas dengan argument pendukung</p>\r\n<p>4. Kerahasiaan:</p>\r\n<p>Setiap manuskrip yang diterima untuk diperiksa harus diperlakukan sebagai dokumen rahasia. tidak boleh ditunjukkan atau didiskusikan dengan orang lain kecuali yang diberi wewenang oleh editor.</p>', 'string'),
(2, 'en_US', 'searchDescription', 'Pengelolaan Jurnal Elektronik Jurnal Kebidanan STIKES ICME', 'string'),
(2, 'en_US', 'searchKeywords', 'jurnal, online, elektronik, pengelolaan, stikes, icme,  jurnal kebidanan', 'string'),
(2, 'en_US', 'submissionChecklist', 'a:6:{i:0;a:2:{s:5:\"order\";s:1:\"1\";s:7:\"content\";s:165:\"The submission has not been previously published, nor is it before another journal for consideration (or an explanation has been provided in Comments to the Editor).\";}i:1;a:2:{s:5:\"order\";s:1:\"2\";s:7:\"content\";s:95:\"The submission file is in OpenOffice, Microsoft Word, RTF, or WordPerfect document file format.\";}i:2;a:2:{s:5:\"order\";s:1:\"3\";s:7:\"content\";s:60:\"Where available, URLs for the references have been provided.\";}i:3;a:2:{s:5:\"order\";s:1:\"4\";s:7:\"content\";s:239:\"The text is single-spaced; uses a 12-point font; employs italics, rather than underlining (except with URL addresses); and all illustrations, figures, and tables are placed within the text at the appropriate points, rather than at the end.\";}i:4;a:2:{s:5:\"order\";s:1:\"5\";s:7:\"content\";s:218:\"The text adheres to the stylistic and bibliographic requirements outlined in the <a href=\"/ojs/index.php/jib/about/submissions#authorGuidelines\" target=\"_new\">Author Guidelines</a>, which is found in About the Journal.\";}i:5;a:2:{s:5:\"order\";s:1:\"6\";s:7:\"content\";s:244:\"If submitting to a peer-reviewed section of the journal, the instructions in <a href=\"javascript:openHelp(\'http://digilib.stikesicme-jbg.ac.id/ojs/index.php/jib/help/view/editorial/topic/000044\')\">Ensuring a Blind Review</a> have been followed.\";}}', 'object'),
(2, 'en_US', 'submissionFeeDescription', 'Authors are required to pay an Article Submission Fee as part of the submission process to contribute to review costs.', 'string'),
(2, 'en_US', 'submissionFeeName', 'Article Submission', 'string'),
(2, 'en_US', 'waiverPolicy', 'If you do not have funds to pay such fees, you will have an opportunity to waive each fee. We do not want fees to prevent the publication of worthy work.', 'string'),
(3, '', 'agenciesEnabledSubmission', '0', 'bool'),
(3, '', 'agenciesEnabledWorkflow', '0', 'bool'),
(3, '', 'agenciesRequired', '0', 'bool'),
(3, '', 'allowRegAuthor', '1', 'bool'),
(3, '', 'allowRegReader', '1', 'bool'),
(3, '', 'allowRegReviewer', '0', 'bool'),
(3, '', 'authorSelectsEditor', '0', 'bool'),
(3, '', 'boardEnabled', '1', 'bool'),
(3, '', 'categories', 'N;', 'object'),
(3, '', 'citationsEnabledSubmission', '1', 'bool'),
(3, '', 'citationsEnabledWorkflow', '1', 'bool'),
(3, '', 'citationsRequired', '1', 'bool'),
(3, '', 'contactEmail', 'fera.yuli@gmail.com', 'string'),
(3, '', 'contactFax', '', 'string'),
(3, '', 'contactName', 'Fera Yuli', 'string'),
(3, '', 'contactPhone', '', 'string'),
(3, '', 'copyrightHolderType', '', 'string'),
(3, '', 'copyrightNoticeAgree', '0', 'bool'),
(3, '', 'copyrightYearBasis', '', 'string'),
(3, '', 'copySubmissionAckAddress', '', 'string'),
(3, '', 'copySubmissionAckPrimaryContact', '1', 'bool'),
(3, '', 'copySubmissionAckSpecified', '0', 'bool'),
(3, '', 'coverageEnabledSubmission', '0', 'bool'),
(3, '', 'coverageEnabledWorkflow', '0', 'bool'),
(3, '', 'coverageRequired', '0', 'bool'),
(3, '', 'defaultReviewMode', '2', 'int'),
(3, '', 'disableUserReg', '1', 'bool'),
(3, '', 'disciplinesEnabledSubmission', '1', 'bool'),
(3, '', 'disciplinesEnabledWorkflow', '1', 'bool'),
(3, '', 'disciplinesRequired', '1', 'bool'),
(3, '', 'displayCurrentIssue', '1', 'bool'),
(3, '', 'emailFooter', 'The following message is being delivered on behalf of Jurnal Keperawatan.\r\n________________________________________________________________________', 'string'),
(3, '', 'emailHeader', 'The following message is being delivered on behalf of Jurnal Keperawatan.\r\n________________________________________________________________________', 'string'),
(3, '', 'emailSignature', 'The following message is being delivered on behalf of Jurnal Keperawatan.\r\n________________________________________________________________________', 'string'),
(3, '', 'enableAnnouncements', '1', 'bool'),
(3, '', 'enableAnnouncementsHomepage', '1', 'bool'),
(3, '', 'enableLockss', '1', 'bool'),
(3, '', 'envelopeSender', '', 'string'),
(3, '', 'fastTrackFee', '0', 'int'),
(3, '', 'includeCopyrightStatement', '0', 'bool'),
(3, '', 'includeLicense', '1', 'bool'),
(3, '', 'initialNumber', '0', 'int'),
(3, '', 'initialVolume', '0', 'int'),
(3, '', 'initialYear', '0', 'int'),
(3, '', 'issuePerVolume', '0', 'int'),
(3, '', 'itemsPerPage', '25', 'int'),
(3, '', 'journalTheme', 'classicGreen', 'string'),
(3, '', 'keywordsEnabledSubmission', '1', 'bool'),
(3, '', 'keywordsEnabledWorkflow', '1', 'bool'),
(3, '', 'keywordsRequired', '1', 'bool'),
(3, '', 'languagesEnabledSubmission', '1', 'bool'),
(3, '', 'languagesEnabledWorkflow', '1', 'bool'),
(3, '', 'languagesRequired', '1', 'bool'),
(3, '', 'licenseURL', 'http://creativecommons.org/licenses/by-nc-sa/4.0', 'string'),
(3, '', 'mailingAddress', 'jurnalkeperawatan@stikesicme-jbg.ac.id', 'string'),
(3, '', 'mailSubmissionsToReviewers', '0', 'bool'),
(3, '', 'membershipFee', '0', 'int'),
(3, '', 'metaCitations', '1', 'bool'),
(3, '', 'metaCoverage', '0', 'bool'),
(3, '', 'metaDiscipline', '0', 'bool'),
(3, '', 'metaSubject', '0', 'bool'),
(3, '', 'metaSubjectClass', '0', 'bool'),
(3, '', 'metaType', '0', 'bool'),
(3, '', 'navItems', 'N;', 'object'),
(3, '', 'notifyAllAuthorsOnDecision', '0', 'bool'),
(3, '', 'numAnnouncementsHomepage', '5', 'int'),
(3, '', 'numDaysBeforeInviteReminder', '0', 'int'),
(3, '', 'numDaysBeforeSubmitReminder', '0', 'int'),
(3, '', 'numPageLinks', '10', 'int'),
(3, '', 'numWeeksPerResponse', '0', 'int'),
(3, '', 'numWeeksPerReview', '4', 'int'),
(3, '', 'onlineIssn', '2580-4782', 'string'),
(3, '', 'printIssn', '2088-2173', 'string'),
(3, '', 'provideRefLinkInstructions', '0', 'bool'),
(3, '', 'publicationFee', '0', 'int'),
(3, '', 'publicationFormatNumber', '0', 'bool'),
(3, '', 'publicationFormatTitle', '0', 'bool'),
(3, '', 'publicationFormatVolume', '0', 'bool'),
(3, '', 'publicationFormatYear', '0', 'bool'),
(3, '', 'publisherInstitution', 'STIKES Insan Cendekia Medika Jombang', 'string'),
(3, '', 'publisherUrl', '', 'string'),
(3, '', 'publishingMode', '0', 'int'),
(3, '', 'purchaseArticleFee', '0', 'int'),
(3, '', 'rateReviewerOnQuality', '0', 'bool'),
(3, '', 'remindForInvite', '0', 'bool'),
(3, '', 'remindForSubmit', '0', 'bool'),
(3, '', 'requireAuthorCompetingInterests', '0', 'bool'),
(3, '', 'requireReviewerCompetingInterests', '0', 'bool'),
(3, '', 'restrictArticleAccess', '0', 'bool'),
(3, '', 'restrictReviewerFileAccess', '0', 'bool'),
(3, '', 'restrictSiteAccess', '0', 'bool'),
(3, '', 'reviewerAccessKeysEnabled', '1', 'bool'),
(3, '', 'reviewerCompetingInterestsRequired', '0', 'bool'),
(3, '', 'reviewerDatabaseLinks', 'a:1:{i:0;a:2:{s:5:\"title\";s:0:\"\";s:3:\"url\";s:0:\"\";}}', 'object'),
(3, '', 'rightsEnabledSubmission', '0', 'bool'),
(3, '', 'rightsEnabledWorkflow', '0', 'bool'),
(3, '', 'rightsRequired', '0', 'bool'),
(3, '', 'rtAbstract', '1', 'bool'),
(3, '', 'rtAddComment', '1', 'bool'),
(3, '', 'rtCaptureCite', '1', 'bool'),
(3, '', 'rtDefineTerms', '1', 'bool'),
(3, '', 'rtEmailAuthor', '1', 'bool'),
(3, '', 'rtEmailOthers', '1', 'bool'),
(3, '', 'rtPrinterFriendly', '1', 'bool'),
(3, '', 'rtSupplementaryFiles', '1', 'bool'),
(3, '', 'rtViewMetadata', '1', 'bool'),
(3, '', 'showEnsuringLink', '0', 'bool'),
(3, '', 'showGalleyLinks', '0', 'bool'),
(3, '', 'sourceEnabledSubmission', '0', 'bool'),
(3, '', 'sourceEnabledWorkflow', '0', 'bool'),
(3, '', 'sourceRequired', '0', 'bool'),
(3, '', 'styleSheet', 'a:3:{s:4:\"name\";s:19:\"css header full.css\";s:10:\"uploadName\";s:14:\"styleSheet.css\";s:12:\"dateUploaded\";s:19:\"2021-04-19 00:46:26\";}', 'object'),
(3, '', 'subjectsEnabledSubmission', '0', 'bool'),
(3, '', 'subjectsEnabledWorkflow', '0', 'bool'),
(3, '', 'subjectsRequired', '0', 'bool'),
(3, '', 'submissionFee', '0', 'int'),
(3, '', 'supportedFormLocales', 'a:1:{i:0;s:5:\"en_US\";}', 'object'),
(3, '', 'supportedLocales', 'a:1:{i:0;s:5:\"en_US\";}', 'object'),
(3, '', 'supportedSubmissionLocales', 'a:1:{i:0;s:5:\"en_US\";}', 'object'),
(3, '', 'supportEmail', 'hartatikicme@gmail.com', 'string'),
(3, '', 'supportName', 'Hartatik', 'string'),
(3, '', 'supportPhone', '', 'string'),
(3, '', 'themePluginPath', 'defaultManuscript', 'string'),
(3, '', 'typeEnabledSubmission', '0', 'bool'),
(3, '', 'typeEnabledWorkflow', '0', 'bool'),
(3, '', 'typeRequired', '0', 'bool'),
(3, '', 'useCopyeditors', '0', 'bool'),
(3, '', 'useEditorialBoard', '0', 'bool'),
(3, '', 'useLayoutEditors', '0', 'bool'),
(3, '', 'useProofreaders', '0', 'bool'),
(3, '', 'volumePerYear', '0', 'int'),
(3, 'en_US', 'abbreviation', 'j. keperawatan.', 'string'),
(3, 'en_US', 'about', '<div id=\"publicationFrequency\">\r\n<h3>Publication Frequency</h3>\r\n<p><strong>Jurnal Keperawatan</strong> terbit setiap bulan Maret dan September tiap tahun.</p>\r\n</div>\r\n<div id=\"openAccessPolicy\">\r\n<h3>Open Access Policy</h3>\r\n<p>This journal provides immediate open access to its content on the principle that making research freely available to the public supports a greater global exchange of knowledge.</p>\r\n</div>\r\n<div id=\"custom-0\">\r\n<h3>Jurnal Keperawatan</h3>\r\n<p><strong>Jurnal Keperawatan</strong>&nbsp;merupakan salah satu jurnal terbitan Institut Teknologi Sains dan Kesehatan Insan Cendekia Medika yang berisi artikel-artikel tentang ilmu keperawatan, yang meliputi :</p>\r\n<p>1. Keperawatan Medikal Bedah dan Gawat Darurat</p>\r\n<p>2. Keperawatan Anak dan Maternitas</p>\r\n<p>3. Keperawatan Jiwa</p>\r\n<p>4. Keperawatan Komunitas, Keluarga dan Gerontik</p>\r\n<p>5. Manajemen Keperawatan</p>\r\n</div>', 'string'),
(3, 'en_US', 'acronym', 'JKP', 'string'),
(3, 'en_US', 'additionalHomeContent', '<h4>&nbsp;</h4>', 'string'),
(3, 'en_US', 'announcementsIntroduction', '<p><img src=\"/ojs/public/site/images/admin_jik/BANNER_JIK.png\" width=\"851\" height=\"159\"></p>\r\n<p><strong>Jurnal Keperawatan</strong> merupakan jurnal ilmiah dibidang kesehatan yang diterbitkan oleh STIKES Insan Cendekia Medika Jombang.</p>\r\n<p><strong>Jurnal Keperawatan memuat artikel dari hasil penelitian yang menyajikan informasi di bidang keperawatan</strong></p>\r\n<p>&nbsp;</p>\r\n<p><strong>Jurnal Keperawatan</strong>&nbsp;pertama kali terbit tahun 2011 <strong>versi cetak</strong> dengan <strong>p-ISSN</strong> <strong><a title=\"p-ISSN\" href=\"http://u.lipi.go.id/1300079660\" target=\"_blank\" rel=\"noopener\">2088-2173</a></strong> dan <strong>versi online</strong> dengan <strong>e-ISSN</strong>&nbsp;<a href=\"http://u.lipi.go.id/1486526689\">2580-4782</a></p>\r\n<p><strong>Jurnal Keperawatan</strong> diterbitkan setiap enam bulan sekali pada bulan Maret dan September.</p>\r\n<p><strong>Jurnal Keperawatan</strong> &nbsp;mengalami perubahan template pada Volume 17 Nomor 2 tahun 2019.</p>\r\n<p><strong>Jurnal Keperawatan</strong> telah terakreditasi <strong>SINTA 4</strong>&nbsp; dengan Nomor 164/E/KPT/2021 pada tanggal 27 Desember 2021 mulai dari Volume 17 Nomor 1 2019 sampai Volume 21 Nomor 2 tahun 2023&nbsp;</p>\r\n<p>&nbsp;Jurnal Keperawatan membuka edisi khusus Hari Ulang Tahun PPNI yang ke-48 pada volume 20 nomor 2 bulan Mei 2022.</p>\r\n<p><strong>Alamat Redaksi Jurnal Keperawatan</strong> :</p>\r\n<p>Lembaga Penelitian dan Pengabdian Kepada Masyarakat</p>\r\n<p>STIKES Insan Cendekia Medika Jombang</p>\r\n<p>Jln. Kemuning 57A Candimulyo Jombang</p>\r\n<p>Email : jurnalkeperawatan@stikesicme-jbg.ac.id</p>\r\n<p>&nbsp;</p>', 'string'),
(3, 'en_US', 'authorInformation', 'Interested in submitting to this journal? We recommend that you review the <a href=\"/ojs/index.php/jip/about\">About the Journal</a> page for the journal\'s section policies, as well as the <a href=\"/ojs/index.php/jip/about/submissions#authorGuidelines\">Author Guidelines</a>. Authors need to <a href=\"/ojs/index.php/jip/user/register\">register</a> with the journal prior to submitting or, if already registered, can simply <a href=\"/ojs/index.php/index/login\">log in</a> and begin the five-step process.', 'string'),
(3, 'en_US', 'authorSelfArchivePolicy', 'This journal permits and encourages authors to post items submitted to the journal on personal websites or institutional repositories both prior to and after publication, while providing bibliographic details that credit, if applicable, its publication in this journal.', 'string'),
(3, 'en_US', 'contactAffiliation', 'STIKES Insan Cendekia Medika Jombang', 'string'),
(3, 'en_US', 'copyeditInstructions', 'The copyediting stage is intended to improve the flow, clarity, grammar, wording, and formatting of the article. It represents the last chance for the author to make any substantial changes to the text because the next stage is restricted to typos and formatting corrections. The file to be copyedited is in Word or .rtf format and therefore can easily be edited as a word processing document. The set of instructions displayed here proposes two approaches to copyediting. One is based on Microsoft Word\'s Track Changes feature and requires that the copy editor, editor, and author have access to this program. A second system, which is software independent, has been borrowed, with permission, from the Harvard Educational Review. The journal editor is in a position to modify these instructions, so suggestions can be made to improve the process for this journal.<h4>Copyediting Systems</h4><strong>1. Microsoft Word\'s Track Changes</strong> Under Tools in the menu bar, the feature Track Changes enables the copy editor to make insertions (text appears in color) and deletions (text appears crossed out in color or in the margins as deleted). The copy editor can posit queries to both the author (Author Queries) and to the editor (Editor Queries) by inserting these queries in square brackets. The copyedited version is then uploaded, and the editor is notified. The editor then reviews the text and notifies the author. The editor and author should leave those changes with which they are satisfied. If further changes are necessary, the editor and author can make changes to the initial insertions or deletions, as well as make new insertions or deletions elsewhere in the text. Authors and editors should respond to each of the queries addressed to them, with responses placed inside the square brackets. After the text has been reviewed by editor and author, the copy editor will make a final pass over the text accepting the changes in preparation for the layout and galley stage. <strong>2. Harvard Educational Review </strong> <strong>Instructions for Making Electronic Revisions to the Manuscript</strong> Please follow the following protocol for making electronic revisions to your manuscript: <strong>Responding to suggested changes.</strong>   For each of the suggested changes that you accept, unbold the text.   For each of the suggested changes that you do not accept, re-enter the original text and <strong>bold</strong> it. <strong>Making additions and deletions.</strong>   Indicate additions by <strong>bolding</strong> the new text.   Replace deleted sections with: <strong>[deleted text]</strong>.   If you delete one or more sentence, please indicate with a note, e.g., <strong>[deleted 2 sentences]</strong>. <strong>Responding to Queries to the Author (QAs).</strong>   Keep all QAs intact and bolded within the text. Do not delete them.   To reply to a QA, add a comment after it. Comments should be delimited using: <strong>[Comment:]</strong>   e.g., <strong>[Comment: Expanded discussion of methodology as you suggested]</strong>. <strong>Making comments.</strong>   Use comments to explain organizational changes or major revisions   e.g., <strong>[Comment: Moved the above paragraph from p. 5 to p. 7].</strong>  Note: When referring to page numbers, please use the page numbers from the printed copy of the manuscript that was sent to you. This is important since page numbers may change as a document is revised electronically.<h4>An Illustration of an Electronic Revision</h4><ol><li><strong>Initial copyedit.</strong> The journal copy editor will edit the text to improve flow, clarity, grammar, wording, and formatting, as well as including author queries as necessary. Once the initial edit is complete, the copy editor will upload the revised document through the journal Web site and notify the author that the edited manuscript is available for review.</li><li><strong>Author copyedit.</strong> Before making dramatic departures from the structure and organization of the edited manuscript, authors must check in with the editors who are co-chairing the piece. Authors should accept/reject any changes made during the initial copyediting, as appropriate, and respond to all author queries. When finished with the revisions, authors should rename the file from AuthorNameQA.doc to AuthorNameQAR.doc (e.g., from LeeQA.doc to LeeQAR.doc) and upload the revised document through the journal Web site as directed.</li><li><strong>Final copyedit.</strong> The journal copy editor will verify changes made by the author and incorporate the responses to the author queries to create a final manuscript. When finished, the copy editor will upload the final document through the journal Web site and alert the layout editor to complete formatting.</li></ol>', 'string'),
(3, 'en_US', 'copyrightNotice', '<a href=\"http://creativecommons.org/licenses/by-nc-sa/4.0/\" rel=\"license\"><img style=\"border-width: 0;\" src=\"https://i.creativecommons.org/l/by-nc-sa/4.0/88x31.png\" alt=\"Creative Commons License\" /></a><br />This work is licensed under a <a href=\"http://creativecommons.org/licenses/by-nc-sa/4.0/\" rel=\"license\">Creative Commons Attribution-NonCommercial-ShareAlike 4.0 International License</a>.', 'string'),
(3, 'en_US', 'description', '<p><strong>Jurnal Keperawatan</strong>&nbsp;merupakan salah satu jurnal terbitan Institut Teknologi Sains dan Kesehatan Insan Cendekia Medika yang berisi artikel-artikel tentang ilmu keperawatan.</p>\r\n<p><img src=\"/ojs/public/site/images/fera_ziya/COVER_BARU_JURNAL_PERAWAT2.jpg\"></p>', 'string'),
(3, 'en_US', 'donationFeeDescription', 'Donations of any amount to this journal are gratefully received and provide a means for the editors to continue to provide a journal of the highest quality to its readers.', 'string'),
(3, 'en_US', 'donationFeeName', 'Donations to journal', 'string'),
(3, 'en_US', 'fastTrackFeeDescription', 'With the payment of this fee, the review, editorial decision, and author notification on this manuscript is guaranteed to take place within 4 weeks.', 'string'),
(3, 'en_US', 'fastTrackFeeName', 'Fast-Track Review', 'string'),
(3, 'en_US', 'homeHeaderTitle', 'Jurnal Keperawatan', 'string'),
(3, 'en_US', 'journalPageFooter', '<p><strong>Indexing by<a href=\"https://scholar.google.co.id/citations?user=jfnRhFMAAAAJ&amp;hl=en\" target=\"_blank\"><img src=\"/ojs/public/site/images/admin_ojs/Google_Scholar_logo_2015.PNG\" alt=\"\" width=\"189\" height=\"72\" /></a></strong></p><strong><a href=\"http://creativecommons.org/licenses/by-nc-sa/4.0/\" rel=\"license\"><img style=\"border-width: 0;\" src=\"https://i.creativecommons.org/l/by-nc-sa/4.0/88x31.png\" alt=\"Creative Commons License\" /></a><br />This work is licensed under a <a href=\"http://creativecommons.org/licenses/by-nc-sa/4.0/\" rel=\"license\">Creative Commons Attribution-NonCommercial-ShareAlike 4.0 International License</a>.</strong><br /><p><strong>Jumlah Pengunjung OJS STIKES Insan Cendekia Medika Jombang:</strong><!-- Start of StatCounter Code for Default Guide --><script type=\"text/javascript\">// <![CDATA[\r\nvar sc_project=11147494; \r\nvar sc_invisible=0; \r\nvar sc_security=\"53ce114b\"; \r\nvar scJsHost = ((\"https:\" == document.location.protocol) ?\r\n\"https://secure.\" : \"http://www.\");\r\ndocument.write(\"<sc\"+\"ript type=\'text/javascript\' src=\'\" +\r\nscJsHost+\r\n\"statcounter.com/counter/counter.js\'></\"+\"script>\");\r\n// ]]></script></p><noscript>&amp;amp;amp;amp;amp;amp;lt;div class=\"statcounter\"&amp;amp;amp;amp;amp;amp;gt;&amp;amp;amp;amp;amp;amp;lt;a title=\"site stats\" href=\"http://statcounter.com/free-web-stats/\" target=\"_blank\"&amp;amp;amp;amp;amp;amp;gt;&amp;amp;amp;amp;amp;amp;lt;img class=\"statcounter\" src=\"//c.statcounter.com/11147494/0/53ce114b/0/\" alt=\"site stats\"&amp;amp;amp;amp;amp;amp;gt;&amp;amp;amp;amp;amp;amp;lt;/a&amp;amp;amp;amp;amp;amp;gt;&amp;amp;amp;amp;amp;amp;lt;/div&amp;amp;amp;amp;amp;amp;gt;</noscript><!-- End of StatCounter Code for Default Guide -->', 'string'),
(3, 'en_US', 'journalThumbnail', 'a:6:{s:4:\"name\";s:12:\"LOGO JIK.png\";s:10:\"uploadName\";s:26:\"journalThumbnail_en_US.png\";s:5:\"width\";i:1250;s:6:\"height\";i:1493;s:12:\"dateUploaded\";s:19:\"2021-05-01 23:43:54\";s:7:\"altText\";s:0:\"\";}', 'object'),
(3, 'en_US', 'librarianInformation', 'We encourage research librarians to list this journal among their library\'s electronic journal holdings. As well, it may be worth noting that this journal\'s open source publishing system is suitable for libraries to host for their faculty members to use with journals they are involved in editing (see <a href=\"http://pkp.sfu.ca/ojs\">Open Journal Systems</a>).', 'string'),
(3, 'en_US', 'lockssLicense', 'This journal utilizes the LOCKSS system to create a distributed archiving system among participating libraries and permits those libraries to create permanent archives of the journal for purposes of preservation and restoration. <a href=\"http://www.lockss.org/\">More...</a>', 'string'),
(3, 'en_US', 'membershipFeeDescription', 'The payment of this fee will enroll you as a member in this association for one year and provide you with free access to this journal.', 'string'),
(3, 'en_US', 'membershipFeeName', 'Association Membership', 'string'),
(3, 'en_US', 'metaDisciplineExamples', 'Nursing; Health; Education', 'string'),
(3, 'en_US', 'name', 'Jurnal Keperawatan', 'string'),
(3, 'en_US', 'navItems', 'a:1:{i:0;a:2:{s:4:\"name\";s:0:\"\";s:3:\"url\";s:0:\"\";}}', 'object');
INSERT INTO `journal_settings` (`journal_id`, `locale`, `setting_name`, `setting_value`, `setting_type`) VALUES
(3, 'en_US', 'pageFooter', '<div id=\"pkp_content_footer\" class=\"pkp_structure_footer_wrapper\" role=\"contentinfo\">\r\n<div class=\"pkp_structure_footer\">\r\n<div class=\"pkp_footer_content\">\r\n<p align=\"center\"><strong> JURNAL KEPERAWATAN TELAH TERINDEX:</strong></p>\r\n<p align=\"center\"><strong><a title=\"Google Scholar\" href=\"https://scholar.google.com/citations?hl=id&amp;user=F4JC0UwAAAAJ&amp;view_op=list_works&amp;gmla=AJsN-F4hL0HAad7edw7tyde4XR_TDL3ztyeQMq7pRWlMdcUUFNH6BQnbYkPb_wIU5JPZYwxePQbog4_W2vIJHRjr-7TH_RfIPQ\" target=\"_blank\" rel=\"noopener\"><img src=\"https://scholar.google.com/intl/en/scholar/images/1x/scholar_logo_64dp.png\" width=\"5\" height=\"50\"></a>&nbsp;&nbsp;&nbsp;&nbsp;<a href=\"https://garuda.ristekbrin.go.id/journal/view/19977\" target=\"_blank\" rel=\"noopener\"><img src=\"https://garuda.ristekbrin.go.id/assets/img/garuda1.png\" width=\"50\" height=\"15\"></a>&nbsp;&nbsp;<a title=\"Dimensions\" href=\"https://app.dimensions.ai/discover/publication?search_mode=content&amp;and_facet_source_title=jour.1338031\" target=\"_blank\" rel=\"noopener\"><img src=\"https://www.dimensions.ai/wp-content/themes/dimensions-2019/dist/images/dimensions-logo-400x80.png\" width=\"50\" height=\"15\"></a></strong></p>\r\n<hr>\r\n<p align=\"center\"><strong>Diterbitkan oleh Lembaga Penelitian dan Pengabdian Masyarakat (LPPM)<br>INSTITUT TEKNOLOGI SAINS DAN KESEHATAN CENDEKIA MEDIKA JOMBANG<br>Website :&nbsp;<a href=\"http://www.stikesicme-jbg.ac.id\" target=\"_blank\" rel=\"noopener\">https://itskesicme.ac.id/</a></strong></p>\r\n<hr>\r\n<p align=\"center\"><strong><a href=\"http://creativecommons.org/licenses/by/4.0/\" rel=\"license\"><img src=\"http://i.creativecommons.org/l/by/4.0/88x31.png\" alt=\"Creative Commons License\"></a><br>Jurnal ini dibawah lisensi&nbsp;<a href=\"http://creativecommons.org/licenses/by/4.0/\" rel=\"license\">Creative Commons Attribution 4.0 International License</a>.</strong></p>\r\n<p align=\"center\"><strong>e-ISSN <a title=\"e-ISSN\" href=\"http://u.lipi.go.id/1486526689\" target=\"_blank\" rel=\"noopener\">2580-4782</a>&nbsp; |&nbsp; p-ISSN <a title=\"p-ISSN\" href=\"http://u.lipi.go.id/1300079660\" target=\"_blank\" rel=\"noopener\">2088-2173</a></strong></p>\r\n<hr></div>\r\n</div>\r\n</div>\r\n<p>&nbsp;</p>', 'string'),
(3, 'en_US', 'pageHeaderLogoImage', 'a:6:{s:4:\"name\";s:17:\"banner j.kep.jpeg\";s:10:\"uploadName\";s:29:\"pageHeaderLogoImage_en_US.jpg\";s:5:\"width\";i:1600;s:6:\"height\";i:295;s:12:\"dateUploaded\";s:19:\"2024-05-21 12:53:53\";s:7:\"altText\";s:0:\"\";}', 'object'),
(3, 'en_US', 'privacyStatement', '<p><span style=\"vertical-align: inherit;\"><span style=\"vertical-align: inherit;\"><span style=\"vertical-align: inherit;\"><span style=\"vertical-align: inherit;\">Nama dan alamat email yang dimasukkan dalam situs jurnal ini akan digunakan secara eksklusif untuk tujuan jurnal ini dan tidak akan tersedia untuk tujuan lain atau pihak lain mana pun.</span></span></span></span></p>', 'string'),
(3, 'en_US', 'proofInstructions', '<p>The proofreading stage is intended to catch any errors in the galley\'s spelling, grammar, and formatting. More substantial changes cannot be made at this stage, unless discussed with the Section Editor. In Layout, click on VIEW PROOF to see the HTML, PDF, and other available file formats used in publishing this item.</p><h4>For Spelling and Grammar Errors</h4><p>Copy the problem word or groups of words and paste them into the Proofreading Corrections box with \"CHANGE-TO\" instructions to the editor as follows:</p><pre>1. CHANGE...\r\n	then the others\r\n	TO...\r\n	than the others</pre><br /><pre>2. CHANGE...\r\n	Malinowsky\r\n	TO...\r\n	Malinowski</pre><br /><h4>For Formatting Errors</h4><p>Describe the location and nature of the problem in the Proofreading Corrections box after typing in the title \"FORMATTING\" as follows:</p><br /><pre>3. FORMATTING\r\n	The numbers in Table 3 are not aligned in the third column.</pre><br /><pre>4. FORMATTING\r\n	The paragraph that begins \"This last topic...\" is not indented.</pre>', 'string'),
(3, 'en_US', 'publicationFeeDescription', 'If this paper is accepted for publication, you will be asked to pay an Article Publication Fee to cover publications costs.', 'string'),
(3, 'en_US', 'publicationFeeName', 'Article Publication', 'string'),
(3, 'en_US', 'publisherNote', 'ICME PRESS', 'string'),
(3, 'en_US', 'purchaseArticleFeeDescription', 'The payment of this fee will enable you to view, download, and print this article.', 'string'),
(3, 'en_US', 'purchaseArticleFeeName', 'Purchase Article', 'string'),
(3, 'en_US', 'readerInformation', 'We encourage readers to sign up for the publishing notification service for this journal. Use the <a href=\"/ojs/index.php/jip/user/register\">Register</a> link at the top of the home page for the journal. This registration will result in the reader receiving the Table of Contents by email for each new issue of the journal. This list also allows the journal to claim a certain level of support or readership. See the journal\'s <a href=\"/ojs/index.php/jip/about/submissions#privacyStatement\">Privacy Statement</a>, which assures readers that their name and email address will not be used for other purposes.', 'string'),
(3, 'en_US', 'refLinkInstructions', '<h4>To Add Reference Linking to the Layout Process</h4><p>When turning a submission into HTML or PDF, make sure that all hyperlinks in the submission are active.</p><h4>A. When the Author Provides a Link with the Reference</h4><ol><li>While the submission is still in its word processing format (e.g., Word), add the phrase VIEW ITEM to the end of the reference that has a URL.</li><li>Turn that phrase into a hyperlink by highlighting it and using Word\'s Insert Hyperlink tool and the URL prepared above.</li></ol><h4>B. Enabling Readers to Search Google Scholar For References</h4><ol><li>While the submission is still in its word processing format (e.g., Word), copy the title of the work referenced in the References list (if it appears to be too common a title—e.g., \"Peace\"—then copy author and title).</li><li>Paste the reference\'s title between the %22\'s, placing a + between each word: http://scholar.google.com/scholar?q=%22PASTE+TITLE+HERE%22</li><li>Add the phrase GS SEARCH to the end of each citation in the submission\'s References list.</li><li>Turn that phrase into a hyperlink by highlighting it and using Word\'s Insert Hyperlink tool and the URL prepared in #2.</li></ol><h4>C. Enabling Readers to Search for References with a DOI</h4><ol><li>While the submission is still in Word, copy a batch of references into CrossRef Text Query http://www.crossref.org/freeTextQuery/.</li><li>Paste each DOI that the Query provides in the following URL (between = and &amp;): http://www.cmaj.ca/cgi/external_ref?access_num=PASTE DOI#HERE&amp;link_type=DOI.</li><li>Add the phrase CrossRef to the end of each citation in the submission\'s References list.</li><li>Turn that phrase into a hyperlink by highlighting the phrase and using Word\'s Insert Hyperlink tool and the appropriate URL prepared in #2.</li></ol>', 'string'),
(3, 'en_US', 'reviewGuidelines', '<p>1. identitas author tidak ditampilkan dalam artikel</p>\r\n<p>2. reviewer hanya mereview substansi artikel (judul, abstrak, pendahuluan, metode, hasil, pembahasan, kesimpulan, referensi)</p>\r\n<p>3. pastikan komentarnya untuk memberi masukan untuk kualitas artikel lebih baik dengan sopan dan ada dasarnya</p>\r\n<p>4. komentar yang diberikan tidak menjatuhkan penulis namun&nbsp; bersifat memberi saran atau edukasi yang membangun untuk meningkatkan kualitas artikel penulis</p>\r\n<p>5. setiap memberikan vonis pelanggaran harus ada bukti yang nyata</p>\r\n<p>6. harus memberikan narasi setiap substansi bukan hanya sekedar komentar singkat (seperti ya, tidak, lanjutkan)</p>\r\n<p>7. pastikan review harus menolak artikel tidak mereviewer artikelnya sendiri</p>\r\n<p>8. reviewer harus menjaga kerahasiaan penulis dengan tidak menyebarluaskan hasil koreksi, saran, dan rekomendasi atas artikel yang ditelaahnya</p>\r\n<p>9. reviewer mendorong penulis untuk memperbaiki naskahnya</p>\r\n<p>10. menelaah kembali artikel yang delah diperbaiki oleh penulis dengan standart yang telah ditentukan</p>\r\n<p>11. menelaah naskah secara tepat waktu sesuai dengan gaya selingkung jurnal dan berdasarkan kaidah ilmiah (metode, pengumpulan data, legalitas penulis, penarikan kesimpulan, dll)</p>', 'string'),
(3, 'en_US', 'searchDescription', 'Pengelolaan Jurnal Elektronik Jurnal Keperawatan STIKES ICME', 'string'),
(3, 'en_US', 'searchKeywords', 'jurnal, online, elektronik, pengelolaan, stikes, icme, jurnal keperawatan', 'string'),
(3, 'en_US', 'submissionChecklist', 'a:6:{i:0;a:2:{s:5:\"order\";s:1:\"1\";s:7:\"content\";s:165:\"The submission has not been previously published, nor is it before another journal for consideration (or an explanation has been provided in Comments to the Editor).\";}i:1;a:2:{s:5:\"order\";s:1:\"2\";s:7:\"content\";s:95:\"The submission file is in OpenOffice, Microsoft Word, RTF, or WordPerfect document file format.\";}i:2;a:2:{s:5:\"order\";s:1:\"3\";s:7:\"content\";s:60:\"Where available, URLs for the references have been provided.\";}i:3;a:2:{s:5:\"order\";s:1:\"4\";s:7:\"content\";s:239:\"The text is single-spaced; uses a 12-point font; employs italics, rather than underlining (except with URL addresses); and all illustrations, figures, and tables are placed within the text at the appropriate points, rather than at the end.\";}i:4;a:2:{s:5:\"order\";s:1:\"5\";s:7:\"content\";s:218:\"The text adheres to the stylistic and bibliographic requirements outlined in the <a href=\"/ojs/index.php/jip/about/submissions#authorGuidelines\" target=\"_new\">Author Guidelines</a>, which is found in About the Journal.\";}i:5;a:2:{s:5:\"order\";s:1:\"6\";s:7:\"content\";s:244:\"If submitting to a peer-reviewed section of the journal, the instructions in <a href=\"javascript:openHelp(\'http://digilib.stikesicme-jbg.ac.id/ojs/index.php/jip/help/view/editorial/topic/000044\')\">Ensuring a Blind Review</a> have been followed.\";}}', 'object'),
(3, 'en_US', 'submissionFeeDescription', 'Authors are required to pay an Article Submission Fee as part of the submission process to contribute to review costs.', 'string'),
(3, 'en_US', 'submissionFeeName', 'Article Submission', 'string'),
(3, 'en_US', 'waiverPolicy', 'If you do not have funds to pay such fees, you will have an opportunity to waive each fee. We do not want fees to prevent the publication of worthy work.', 'string'),
(4, '', 'agenciesEnabledSubmission', '0', 'bool'),
(4, '', 'agenciesEnabledWorkflow', '0', 'bool'),
(4, '', 'agenciesRequired', '0', 'bool'),
(4, '', 'citationsEnabledSubmission', '0', 'bool'),
(4, '', 'citationsEnabledWorkflow', '0', 'bool'),
(4, '', 'citationsRequired', '0', 'bool'),
(4, '', 'contactEmail', 'any.isroaini@gmail.com', 'string'),
(4, '', 'contactName', 'Any Isro\'aini', 'string'),
(4, '', 'contactPhone', '081559748893', 'string'),
(4, '', 'copyrightHolderType', 'author', 'string'),
(4, '', 'copyrightNoticeAgree', '0', 'bool'),
(4, '', 'copyrightYearBasis', NULL, 'string'),
(4, '', 'copySubmissionAckAddress', '', 'string'),
(4, '', 'copySubmissionAckPrimaryContact', '0', 'bool'),
(4, '', 'coverageEnabledSubmission', '0', 'bool'),
(4, '', 'coverageEnabledWorkflow', '0', 'bool'),
(4, '', 'coverageRequired', '0', 'bool'),
(4, '', 'defaultReviewMode', '2', 'int'),
(4, '', 'disableUserReg', '1', 'bool'),
(4, '', 'disciplinesEnabledSubmission', '0', 'bool'),
(4, '', 'disciplinesEnabledWorkflow', '0', 'bool'),
(4, '', 'disciplinesRequired', '0', 'bool'),
(4, '', 'emailSignature', '<br/>\n________________________________________________________________________<br/>\n<a href=\"{$contextUrl}\">{$contextName}</a>', 'string'),
(4, '', 'enableAnnouncements', '1', 'bool'),
(4, '', 'enableAnnouncementsHomepage', '1', 'bool'),
(4, '', 'enableAuthorSelfArchive', '0', 'bool'),
(4, '', 'enableClockss', '0', 'bool'),
(4, '', 'enableLockss', '0', 'bool'),
(4, '', 'enablePln', '1', 'bool'),
(4, '', 'enablePortico', '0', 'bool'),
(4, '', 'itemsPerPage', '25', 'int'),
(4, '', 'keywordsEnabledSubmission', '1', 'bool'),
(4, '', 'keywordsEnabledWorkflow', '1', 'bool'),
(4, '', 'keywordsRequired', '0', 'bool'),
(4, '', 'languagesEnabledSubmission', '0', 'bool'),
(4, '', 'languagesEnabledWorkflow', '0', 'bool'),
(4, '', 'languagesRequired', '0', 'bool'),
(4, '', 'licenseURL', 'http://creativecommons.org/licenses/by/4.0', 'string'),
(4, '', 'mailingAddress', 'Jl. Kemuning No. 57 A Candimulyo Jombang Jawa Timur Indonesia', 'string'),
(4, '', 'membershipFee', '0', 'int'),
(4, '', 'navItems', 'N;', 'object'),
(4, '', 'numAnnouncementsHomepage', '1', 'int'),
(4, '', 'numDaysBeforeInviteReminder', '0', 'int'),
(4, '', 'numDaysBeforeSubmitReminder', '0', 'int'),
(4, '', 'numPageLinks', '10', 'int'),
(4, '', 'numWeeksPerResponse', '0', 'int'),
(4, '', 'numWeeksPerReview', '4', 'int'),
(4, '', 'onlineIssn', '2827-8410', 'string'),
(4, '', 'printIssn', '2828-1454', 'string'),
(4, '', 'publicationFee', '0', 'int'),
(4, '', 'publisherInstitution', 'INSTITUT TEKNOLOGI SAINS DAN KESEHATAN INSAN CENDEKIA MEDIKA JOMBANG', 'string'),
(4, '', 'purchaseArticleFee', '0', 'int'),
(4, '', 'restrictArticleAccess', '0', 'bool'),
(4, '', 'restrictReviewerFileAccess', '0', 'bool'),
(4, '', 'restrictSiteAccess', '0', 'bool'),
(4, '', 'reviewerAccessKeysEnabled', '0', 'bool'),
(4, '', 'reviewerCompetingInterestsRequired', '0', 'bool'),
(4, '', 'rightsEnabledSubmission', '0', 'bool'),
(4, '', 'rightsEnabledWorkflow', '0', 'bool'),
(4, '', 'rightsRequired', '0', 'bool'),
(4, '', 'rtAbstract', '1', 'bool'),
(4, '', 'rtAddComment', '1', 'bool'),
(4, '', 'rtCaptureCite', '1', 'bool'),
(4, '', 'rtDefineTerms', '1', 'bool'),
(4, '', 'rtEmailAuthor', '1', 'bool'),
(4, '', 'rtEmailOthers', '1', 'bool'),
(4, '', 'rtPrinterFriendly', '1', 'bool'),
(4, '', 'rtSupplementaryFiles', '1', 'bool'),
(4, '', 'rtViewMetadata', '1', 'bool'),
(4, '', 'showEnsuringLink', '0', 'bool'),
(4, '', 'sourceEnabledSubmission', '0', 'bool'),
(4, '', 'sourceEnabledWorkflow', '0', 'bool'),
(4, '', 'sourceRequired', '0', 'bool'),
(4, '', 'styleSheet', 'a:3:{s:4:\"name\";s:19:\"css header full.css\";s:10:\"uploadName\";s:14:\"styleSheet.css\";s:12:\"dateUploaded\";s:19:\"2021-03-11 10:28:00\";}', 'object'),
(4, '', 'subjectsEnabledSubmission', '0', 'bool'),
(4, '', 'subjectsEnabledWorkflow', '0', 'bool'),
(4, '', 'subjectsRequired', '0', 'bool'),
(4, '', 'supportedFormLocales', 'a:1:{i:0;s:5:\"en_US\";}', 'object'),
(4, '', 'supportedLocales', 'a:1:{i:0;s:5:\"en_US\";}', 'object'),
(4, '', 'supportedSubmissionLocales', 'a:1:{i:0;s:5:\"en_US\";}', 'object'),
(4, '', 'supportEmail', 'any.isroaini@gmail.com', 'string'),
(4, '', 'supportName', 'Any Isro\'aini', 'string'),
(4, '', 'supportPhone', '', 'string'),
(4, '', 'themePluginPath', 'defaultManuscript', 'string'),
(4, '', 'typeEnabledSubmission', '0', 'bool'),
(4, '', 'typeEnabledWorkflow', '0', 'bool'),
(4, '', 'typeRequired', '0', 'bool'),
(4, 'en_US', 'abbreviation', 'j.abdimedika', 'string'),
(4, 'en_US', 'about', '<div id=\"content\">\r\n<div id=\"aboutPeople\">\r\n<h3>People</h3>\r\n<ul>\r\n<li class=\"show\"><a href=\"https://digilib.itskesicme.ac.id/ojs/index.php/jam/about/contact\" target=\"_blank\" rel=\"noopener\">Contact</a></li>\r\n<li id=\"editorialTeamLink\" class=\"show\"><a href=\"https://ejournal.itskesicme.ac.id/ojs/index.php/jam/Editorial_Board\" target=\"_blank\" rel=\"noopener\">Editorial Team</a></li>\r\n<li class=\"show\"><a href=\"https://ejournal.itskesicme.ac.id/ojs/index.php/jam/Editorial_Board\" target=\"_blank\" rel=\"noopener\">Reviewers</a></li>\r\n</ul>\r\n</div>\r\n<div id=\"aboutPolicies\">\r\n<h3>Policies</h3>\r\n<ul>\r\n<li class=\"show\"><a href=\"https://ejournal.itskesicme.ac.id/ojs/index.php/jam/Focus_and_Scope\" target=\"_blank\" rel=\"noopener\">Focus and Scope</a></li>\r\n<li class=\"show\"><a href=\"https://ejournal.itskesicme.ac.id/ojs/index.php/jam/Publication_Ethics\" target=\"_blank\" rel=\"noopener\">Section Policies</a></li>\r\n<li class=\"show\"><a href=\"https://ejournal.itskesicme.ac.id/ojs/index.php/jam/Peer_Review_Process\" target=\"_blank\" rel=\"noopener\">Peer Review Process</a></li>\r\n<li class=\"show\"><a href=\"https://ejournal.itskesicme.ac.id/ojs/index.php/jam/Publication_Ethics\" target=\"_blank\" rel=\"noopener\">Open Access Policy</a></li>\r\n<li class=\"show\"><a href=\"https://digilib.itskesicme.ac.id/ojs/index.php/jam/issue/archive\" target=\"_blank\" rel=\"noopener\">Archiving</a></li>\r\n</ul>\r\n</div>\r\n<div id=\"aboutSubmissions\">\r\n<h3>Submissions</h3>\r\n<ul>\r\n<li class=\"show\"><a href=\"https://ejournal.itskesicme.ac.id/ojs/index.php/jam/user/register?source=\" target=\"_blank\" rel=\"noopener\">Online Submissions</a></li>\r\n<li class=\"show\"><a href=\"https://ejournal.itskesicme.ac.id/ojs/index.php/jam/Author_Guidelines\" target=\"_blank\" rel=\"noopener\">Author Guidelines</a></li>\r\n<li class=\"show\"><a href=\"https://ejournal.itskesicme.ac.id/ojs/index.php/jam/Plagiarism_Policy\" target=\"_blank\" rel=\"noopener\">Copyright Notice</a></li>\r\n<li class=\"show\"><a href=\"https://ejournal.itskesicme.ac.id/ojs/index.php/jam/Publication_Ethics\" target=\"_blank\" rel=\"noopener\">Privacy Statement</a></li>\r\n<li class=\"show\"><a href=\"https://ejournal.itskesicme.ac.id/ojs/index.php/jam/Article_Processing_Charge\" target=\"_blank\" rel=\"noopener\">Author Fees</a></li>\r\n</ul>\r\n</div>\r\n<div id=\"aboutOther\">\r\n<h3>Other</h3>\r\n<ul>\r\n<li class=\"show\"><a>Journal Sponsorship</a></li>\r\n<li class=\"show\"><a>Journal History</a></li>\r\n<li class=\"show\"><a>Site Map</a></li>\r\n<li class=\"show\"><a>About this Publishing System</a></li>\r\n</ul>\r\n</div>\r\n</div>', 'string'),
(4, 'en_US', 'acronym', 'jam', 'string'),
(4, 'en_US', 'announcementsIntroduction', '<h4>Call for Papers May 2023</h4>\r\n<p>The Editorial Board of <strong>Jurnal Abdi Medika</strong> invites the author to submit their article <a href=\"https://ejournal.itskesicme.ac.id/ojs/index.php/jam/user/register?source=\" target=\"_blank\" rel=\"noopener\"><strong>here</strong></a>. Future Issues<strong> for&nbsp;<strong> May 2023</strong>, Volume 3, issues 1.</strong></p>\r\n<p><img src=\"/ojs/public/site/images/admin_jam/Cover_Mei_2023.jpg\"></p>', 'string'),
(4, 'en_US', 'authorInformation', 'Interested in submitting to this journal? We recommend that you review the <a href=\"https://digilib.stikesicme-jbg.ac.id/ojs/index.php/jab/about\">About the Journal</a> page for the journal\'s section policies, as well as the <a href=\"https://digilib.stikesicme-jbg.ac.id/ojs/index.php/jab/about/submissions#authorGuidelines\">Author Guidelines</a>. Authors need to <a href=\"https://digilib.stikesicme-jbg.ac.id/ojs/index.php/jab/user/register\">register</a> with the journal prior to submitting or, if already registered, can simply <a href=\"https://digilib.stikesicme-jbg.ac.id/ojs/index.php/index/login\">log in</a> and begin the five-step process.', 'string'),
(4, 'en_US', 'authorSelfArchivePolicy', '<p>This journal permits and encourages authors to post items submitted to the journal on personal websites or institutional repositories both prior to and after publication, while providing bibliographic details that credit, if applicable, its publication in this journal.</p>', 'string'),
(4, 'en_US', 'clockssLicense', 'This journal utilizes the CLOCKSS system to create a distributed archiving system among participating libraries and permits those libraries to create permanent archives of the journal for purposes of preservation and restoration. <a href=\"http://clockss.org/\">More...</a>', 'string'),
(4, 'en_US', 'contactAffiliation', 'ITSKes Insan Cendekia Medika Jombang', 'string'),
(4, 'en_US', 'copyeditInstructions', 'The copyediting stage is intended to improve the flow, clarity, grammar, wording, and formatting of the article. It represents the last chance for the author to make any substantial changes to the text because the next stage is restricted to typos and formatting corrections.\n\nThe file to be copyedited is in Word or .rtf format and therefore can easily be edited as a word processing document. The set of instructions displayed here proposes two approaches to copyediting. One is based on Microsoft Word\'s Track Changes feature and requires that the copy editor, editor, and author have access to this program. A second system, which is software independent, has been borrowed, with permission, from the Harvard Educational Review. The journal editor is in a position to modify these instructions, so suggestions can be made to improve the process for this journal.\n\n\n<h4>Copyediting Systems</h4>\n\n<strong>1. Microsoft Word\'s Track Changes</strong>\n\nUnder Tools in the menu bar, the feature Track Changes enables the copy editor to make insertions (text appears in color) and deletions (text appears crossed out in color or in the margins as deleted). The copy editor can posit queries to both the author (Author Queries) and to the editor (Editor Queries) by inserting these queries in square brackets. The copyedited version is then uploaded, and the editor is notified. The editor then reviews the text and notifies the author.\n\nThe editor and author should leave those changes with which they are satisfied. If further changes are necessary, the editor and author can make changes to the initial insertions or deletions, as well as make new insertions or deletions elsewhere in the text. Authors and editors should respond to each of the queries addressed to them, with responses placed inside the square brackets.\n\nAfter the text has been reviewed by editor and author, the copy editor will make a final pass over the text accepting the changes in preparation for the layout and galley stage.\n\n\n<strong>2. Harvard Educational Review</strong>\n\n<strong>Instructions for Making Electronic Revisions to the Manuscript</strong>\n\nPlease follow the following protocol for making electronic revisions to your manuscript:\n\n<strong>Responding to suggested changes.</strong>\n&nbsp; For each of the suggested changes that you accept, unbold the text.\n&nbsp; For each of the suggested changes that you do not accept, re-enter the original text and <strong>bold</strong> it.\n\n<strong>Making additions and deletions.</strong>\n&nbsp; Indicate additions by <strong>bolding</strong> the new text.\n&nbsp; Replace deleted sections with: <strong>[deleted text]</strong>.\n&nbsp; If you delete one or more sentence, please indicate with a note, e.g., <strong>[deleted 2 sentences]</strong>.\n\n<strong>Responding to Queries to the Author (QAs).</strong>\n&nbsp; Keep all QAs intact and bolded within the text. Do not delete them.\n&nbsp; To reply to a QA, add a comment after it. Comments should be delimited using:\n<strong>[Comment:]</strong>\n&nbsp; e.g., <strong>[Comment: Expanded discussion of methodology as you suggested]</strong>.\n\n<strong>Making comments.</strong>\n&nbsp; Use comments to explain organizational changes or major revisions\n&nbsp; e.g., <strong>[Comment: Moved the above paragraph from p. 5 to p. 7].</strong>\n&nbsp; Note: When referring to page numbers, please use the page numbers from the printed copy of the manuscript that was sent to you. This is important since page numbers may change as a document is revised electronically.\n\n<h4>An Illustration of an Electronic Revision</h4>\n\n<ol>\n<li><strong>Initial copyedit.</strong> The journal copy editor will edit the text to improve flow, clarity, grammar, wording, and formatting, as well as including author queries as necessary. Once the initial edit is complete, the copy editor will upload the revised document through the journal Web site and notify the author that the edited manuscript is available for review.</li>\n<li><strong>Author copyedit.</strong> Before making dramatic departures from the structure and organization of the edited manuscript, authors must check in with the editors who are co-chairing the piece. Authors should accept/reject any changes made during the initial copyediting, as appropriate, and respond to all author queries. When finished with the revisions, authors should rename the file from AuthorNameQA.doc to AuthorNameQAR.doc (e.g., from LeeQA.doc to LeeQAR.doc) and upload the revised document through the journal Web site as directed.</li>\n<li><strong>Final copyedit.</strong> The journal copy editor will verify changes made by the author and incorporate the responses to the author queries to create a final manuscript. When finished, the copy editor will upload the final document through the journal Web site and alert the layout editor to complete formatting.</li>\n</ol>', 'string'),
(4, 'en_US', 'customHeaders', '<style>\r\n	.pkp_brand_footer {\r\n		display: none;\r\n	}\r\n</style>', 'string'),
(4, 'en_US', 'description', '<h2>JURNAL ABDI MEDIKA</h2>\r\n<div id=\"content\">\r\n<div id=\"journalDescription\">\r\n<p><strong>Abdi Medika Journal</strong> is a community service publication published by the <strong>Institute for Research and Community Service of Institute Of Health, Technology and Science ITSKes Insan Cendekia Medika Jombang</strong>. <strong>Abdi Medika Journal</strong> provides articles on the outcomes of community service that benefit the larger community.</p>\r\n<p><img src=\"/ojs/public/site/images/admin_jam/COVER_JURNAL_ABDI_MEDIKA_BARU_-_Copy1.jpg\"></p>\r\n</div>\r\n</div>', 'string'),
(4, 'en_US', 'editorialTeam', '<div id=\"group\">\r\n<div id=\"group\">\r\n<h4>Editor in Chief</h4>\r\n<h4>Any Isro\'aini, (<a title=\"Google Scholar\" href=\"https://scholar.google.com/citations?user=2DbrOw4AAAAJ&amp;hl=id\" target=\"_blank\" rel=\"noopener\">Google Scholar</a>), (<a title=\"Sinta ID\" href=\"https://sinta.ristekbrin.go.id/authors/detail?id=6653605&amp;view=overview\" target=\"_blank\" rel=\"noopener\">Sinta ID</a>), ITSKes Insan Cendekia Medika Jombang, Indonesia</h4>\r\n<p><strong>Editor&nbsp;</strong></p>\r\n<p><strong>Leo Yosdimyati Romli,&nbsp; (<a title=\"Google Scholar\" href=\"https://scholar.google.co.id/citations?user=lNOniTUAAAAJ&amp;hl=id\" target=\"_blank\" rel=\"noopener\">Google Scholar</a>), (<a title=\"Sinta ID\" href=\"https://sinta.ristekbrin.go.id/authors/detail?id=6653609&amp;view=overview\" target=\"_blank\" rel=\"noopener\">Sinta ID</a>), ITSKes Insan Cendekia Medika Jombang</strong></p>\r\n<p><strong>Hartatik, (<a title=\"Google Scholar\" href=\"https://scholar.google.co.id/citations?user=Df31SboAAAAJ&amp;hl=id\" target=\"_blank\" rel=\"noopener\">Google Scholar</a>), (<a title=\"Sinta ID\" href=\"https://sinta.ristekbrin.go.id/authors/detail?id=6762316&amp;view=overview\" target=\"_blank\" rel=\"noopener\">Sinta ID</a>),&nbsp;ITSKes Insan Cendekia Medika Jombang</strong></p>\r\n<p><strong>Tri Purwanti, (<a title=\"Google Scholar\" href=\"https://scholar.google.co.id/citations?user=qq0lA1UAAAAJ&amp;hl=id\" target=\"_blank\" rel=\"noopener\">Google Scholar</a>), (<a title=\"Sinta ID\" href=\"https://sinta.ristekbrin.go.id/authors/detail?id=6709426&amp;view=overview\" target=\"_blank\" rel=\"noopener\">Sinta ID</a>), ITSKes</strong><strong>&nbsp;Insan Cendekia Medika Jombang</strong></p>\r\n<p><strong>Fera Yuli Setiyaningsih, (<a title=\"Google Scholar\" href=\"https://scholar.google.co.id/citations?user=CIQRUuwAAAAJ&amp;hl=id\" target=\"_blank\" rel=\"noopener\">Google Scholar</a>), (<a title=\"Sinta ID\" href=\"https://sinta.ristekbrin.go.id/authors/detail?id=6692471&amp;view=overview\" target=\"_blank\" rel=\"noopener\">Sinta ID</a>), ITSKes Insan Cendekia Medika Jombang</strong></p>\r\n<p>&nbsp;</p>\r\n</div>\r\n<div id=\"group\">\r\n<h4>Grafik Design</h4>\r\n<h4>M. Sholeh, ITSKes Insan Cendekia Medika Jombang, Indonesia</h4>\r\n<p>&nbsp;</p>\r\n<div class=\"member\">\r\n<p><strong>Reviewer</strong></p>\r\n<p><strong>Hariyono,&nbsp;(<a title=\"Google Scholar\" href=\"https://scholar.google.co.id/citations?user=T393Q_AAAAAJ&amp;hl=id\" target=\"_blank\" rel=\"noopener\">Google Scholar</a>), (<a title=\"Sinta ID\" href=\"https://sinta.ristekbrin.go.id/authors/detail?id=6730196&amp;view=overview\" target=\"_blank\" rel=\"noopener\">Sinta ID</a>),</strong>&nbsp;<strong>Universitas Airlangga Surabaya</strong></p>\r\n<p><strong>Dewita,&nbsp;(<a title=\"Google Scholar\" href=\"https://scholar.google.co.id/citations?user=QsI6ulAAAAAJ&amp;hl=id\" target=\"_blank\" rel=\"noopener\">Google Scholar</a>), (<a title=\"Sinta ID\" href=\"https://sinta.ristekbrin.go.id/authors/detail?id=6696378&amp;view=overview\" target=\"_blank\" rel=\"noopener\">Sinta ID</a>), POLTEKES KEMENKES Aceh</strong></p>\r\n<p><strong>Yayuk Eliyana,&nbsp;(<a title=\"Google Scholar\" href=\"https://scholar.google.com/citations?user=WotLC3YAAAAJ&amp;hl=id\" target=\"_blank\" rel=\"noopener\">Google Scholar</a>), (<a title=\"Sinta ID\" href=\"https://sinta.ristekbrin.go.id/authors/detail?id=6161423&amp;view=overview\" target=\"_blank\" rel=\"noopener\">Sinta ID</a>), Universitas Islam Madura</strong></p>\r\n<p><strong>Lusianah Meinawati,&nbsp;(<a title=\"Google Scholar\" href=\"https://scholar.google.co.id/citations?user=vw6EAQcAAAAJ&amp;hl=id\" target=\"_blank\" rel=\"noopener\">Google Scholar</a>), (<a title=\"Sinta ID\" href=\"https://sinta.ristekbrin.go.id/authors/detail?id=6737170&amp;view=overview\" target=\"_blank\" rel=\"noopener\">Sinta ID</a>), ITSKes Insan Cendekia Medika Jombang</strong></p>\r\n<p>&nbsp;</p>\r\n</div>\r\n</div>\r\n</div>\r\n<div id=\"group\">&nbsp;</div>', 'string'),
(4, 'en_US', 'journalThumbnail', 'a:6:{s:4:\"name\";s:27:\"LOGO JURNAL ABDI MEDIKA.png\";s:10:\"uploadName\";s:26:\"journalThumbnail_en_US.png\";s:5:\"width\";i:673;s:6:\"height\";i:606;s:12:\"dateUploaded\";s:19:\"2021-03-11 09:21:08\";s:7:\"altText\";s:0:\"\";}', 'object'),
(4, 'en_US', 'librarianInformation', 'We encourage research librarians to list this journal among their library\'s electronic journal holdings. As well, it may be worth noting that this journal\'s open source publishing system is suitable for libraries to host for their faculty members to use with journals they are involved in editing (see <a href=\"http://pkp.sfu.ca/ojs\">Open Journal Systems</a>).', 'string'),
(4, 'en_US', 'lockssLicense', 'This journal utilizes the LOCKSS system to create a distributed archiving system among participating libraries and permits those libraries to create permanent archives of the journal for purposes of preservation and restoration. <a href=\"http://www.lockss.org/\">More...</a>', 'string'),
(4, 'en_US', 'metaCitations', '1', 'string'),
(4, 'en_US', 'name', 'Jurnal Abdi Medika', 'string'),
(4, 'en_US', 'openAccessPolicy', 'This journal provides immediate open access to its content on the principle that making research freely available to the public supports a greater global exchange of knowledge.', 'string'),
(4, 'en_US', 'pageFooter', '<div class=\"pkp_structure_footer\">\r\n<div class=\"pkp_footer_content\">\r\n<p style=\"text-align: center;\" align=\"center\"><strong>INDEXING OF THE JOURNAL ABDI MEDIKA:</strong></p>\r\n<p style=\"text-align: center;\" align=\"center\">E-ISSN : <a href=\"https://issn.lipi.go.id/terbit/detail/20220121271334147\" target=\"_blank\" rel=\"noopener\">2827-8410</a> ||&nbsp; P-ISSN : <a href=\"https://issn.lipi.go.id/terbit/detail/20220204011071211\" target=\"_blank\" rel=\"noopener\">2828-1454</a></p>\r\n<table style=\"margin-left: auto; margin-right: auto;\">\r\n<tbody>\r\n<tr>\r\n<td><a href=\"https://scholar.google.com/citations?user=U4VuvoAAAAAJ&amp;hl=id&amp;authuser=3\" target=\"_blank\" rel=\"noopener\"><img style=\"display: block; margin-left: auto; margin-right: auto;\" src=\"https://journal.ipb.ac.id/public/site/images/adminpsp/google.png\" width=\"200\" height=\"40\"></a></td>\r\n<td><a style=\"text-align: center;\" href=\"https://app.dimensions.ai/discover/publication\" target=\"_blank\" rel=\"noopener\"><img src=\"https://www.dimensions.ai/wp-content/themes/dimensions-2019/dist/images/dimensions-logo-400x80.png\" alt=\"dimensions logo\" width=\"200\" height=\"40\"></a></td>\r\n<td style=\"text-align: center;\"><a href=\"https://www.base-search.net/MyResearch/MyPublications\" target=\"_blank\" rel=\"noopener\"><img src=\"https://www.base-search.net/interface/images/base_logo_kl.png\" alt=\"BASE Logo (Link to the Home Page)\" width=\"200\" height=\"40\"></a></td>\r\n</tr>\r\n</tbody>\r\n</table>\r\n<hr>\r\n<p align=\"center\"><strong>Published by the Institute for Community Research and Service (P3M)<br>INSTITUTE OF HEALTH, TECHNOLOGY AND SCIENCE INSAN CENDEKIA MEDIKA JOMBANG<br>Website :&nbsp;<a href=\"http://www.stikesicme-jbg.ac.id\" target=\"_blank\" rel=\"noopener\">www.stikesicme-jbg.ac.id</a></strong></p>\r\n<hr>\r\n<p align=\"center\"><strong><a href=\"http://creativecommons.org/licenses/by/4.0/\" rel=\"license\"><img src=\"http://i.creativecommons.org/l/by/4.0/88x31.png\" alt=\"Creative Commons License\"></a><br>This journal is under license <a href=\"http://creativecommons.org/licenses/by/4.0/\" rel=\"license\">Creative Commons Attribution 4.0 International License</a>.</strong></p>\r\n<hr></div>\r\n</div>\r\n<div id=\"pkp_content_footer\" class=\"pkp_structure_footer_wrapper\" role=\"contentinfo\">\r\n<div class=\"pkp_structure_footer\">\r\n<div class=\"pkp_footer_content\"><hr></div>\r\n</div>\r\n</div>', 'string'),
(4, 'en_US', 'pageHeaderLogoImage', 'a:6:{s:4:\"name\";s:14:\"BANNER JAB.png\";s:10:\"uploadName\";s:29:\"pageHeaderLogoImage_en_US.png\";s:5:\"width\";i:3124;s:6:\"height\";i:577;s:12:\"dateUploaded\";s:19:\"2022-06-02 05:48:52\";s:7:\"altText\";s:0:\"\";}', 'object'),
(4, 'en_US', 'privacyStatement', '<p>The names and email addresses entered in this journal site will be used exclusively for the stated purposes of this journal and will not be made available for any other purpose or to any other party.</p>', 'string'),
(4, 'en_US', 'proofInstructions', '<p>The proofreading stage is intended to catch any errors in the galley\'s spelling, grammar, and formatting. More substantial changes cannot be made at this stage, unless discussed with the Section Editor. In Layout, click on VIEW PROOF to see the HTML, PDF, and other available file formats used in publishing this item.</p>\n	<h4>For Spelling and Grammar Errors</h4>\n\n	<p>Copy the problem word or groups of words and paste them into the Proofreading Corrections box with \"CHANGE-TO\" instructions to the editor as follows:</p>\n\n	<pre>1. CHANGE...\n	then the others\n	TO...\n	than the others</pre>\n	<br />\n	<pre>2. CHANGE...\n	Malinowsky\n	TO...\n	Malinowski</pre>\n	<br />\n\n	<h4>For Formatting Errors</h4>\n\n	<p>Describe the location and nature of the problem in the Proofreading Corrections box after typing in the title \"FORMATTING\" as follows:</p>\n	<br />\n	<pre>3. FORMATTING\n	The numbers in Table 3 are not aligned in the third column.</pre>\n	<br />\n	<pre>4. FORMATTING\n	The paragraph that begins \"This last topic...\" is not indented.</pre>', 'string'),
(4, 'en_US', 'readerInformation', 'We encourage readers to sign up for the publishing notification service for this journal. Use the <a href=\"https://digilib.stikesicme-jbg.ac.id/ojs/index.php/jab/user/register\">Register</a> link at the top of the home page for the journal. This registration will result in the reader receiving the Table of Contents by email for each new issue of the journal. This list also allows the journal to claim a certain level of support or readership. See the journal\'s <a href=\"https://digilib.stikesicme-jbg.ac.id/ojs/index.php/jab/about/submissions#privacyStatement\">Privacy Statement</a>, which assures readers that their name and email address will not be used for other purposes.', 'string'),
(4, 'en_US', 'refLinkInstructions', '<h4>To Add Reference Linking to the Layout Process</h4>\n	<p>When turning a submission into HTML or PDF, make sure that all hyperlinks in the submission are active.</p>\n	<h4>A. When the Author Provides a Link with the Reference</h4>\n	<ol>\n	<li>While the submission is still in its word processing format (e.g., Word), add the phrase VIEW ITEM to the end of the reference that has a URL.</li>\n	<li>Turn that phrase into a hyperlink by highlighting it and using Word\'s Insert Hyperlink tool and the URL prepared in #2.</li>\n	</ol>\n	<h4>B. Enabling Readers to Search Google Scholar For References</h4>\n	<ol>\n		<li>While the submission is still in its word processing format (e.g., Word), copy the title of the work referenced in the References list (if it appears to be too common a title—e.g., \"Peace\"—then copy author and title).</li>\n		<li>Paste the reference\'s title between the %22\'s, placing a + between each word: http://scholar.google.com/scholar?q=%22PASTE+TITLE+HERE%22&hl=en&lr=&btnG=Search.</li>\n\n	<li>Add the phrase GS SEARCH to the end of each citation in the submission\'s References list.</li>\n	<li>Turn that phrase into a hyperlink by highlighting it and using Word\'s Insert Hyperlink tool and the URL prepared in #2.</li>\n	</ol>\n	<h4>C. Enabling Readers to Search for References with a DOI</h4>\n	<ol>\n	<li>While the submission is still in Word, copy a batch of references into CrossRef Text Query http://www.crossref.org/freeTextQuery/.</li>\n	<li>Paste each DOI that the Query provides in the following URL (between = and &): http://www.cmaj.ca/cgi/external_ref?access_num=PASTE DOI#HERE&link_type=DOI.</li>\n	<li>Add the phrase CrossRef to the end of each citation in the submission\'s References list.</li>\n	<li>Turn that phrase into a hyperlink by highlighting the phrase and using Word\'s Insert Hyperlink tool and the appropriate URL prepared in #2.</li>\n	</ol>', 'string'),
(4, 'en_US', 'submissionChecklist', 'a:5:{i:0;a:2:{s:7:\"content\";s:165:\"The submission has not been previously published, nor is it before another journal for consideration (or an explanation has been provided in Comments to the Editor).\";s:5:\"order\";s:1:\"1\";}i:1;a:2:{s:7:\"content\";s:82:\"The submission file is in OpenOffice, Microsoft Word, or RTF document file format.\";s:5:\"order\";s:1:\"2\";}i:2;a:2:{s:7:\"content\";s:60:\"Where available, URLs for the references have been provided.\";s:5:\"order\";s:1:\"3\";}i:3;a:2:{s:7:\"content\";s:239:\"The text is single-spaced; uses a 12-point font; employs italics, rather than underlining (except with URL addresses); and all illustrations, figures, and tables are placed within the text at the appropriate points, rather than at the end.\";s:5:\"order\";s:1:\"4\";}i:4;a:2:{s:7:\"content\";s:99:\"The text adheres to the stylistic and bibliographic requirements outlined in the Author Guidelines.\";s:5:\"order\";s:1:\"5\";}}', 'object'),
(4, 'id_ID', 'authorInformation', 'Tertarik menerbitkan jurnal? Kami merekomendasikan Anda mereview halaman <a href=\"https://digilib.stikesicme-jbg.ac.id/ojs/index.php/jam/about\">Tentang Kami </a>untuk kebijakan bagian jurnal serta <a href=\"https://digilib.stikesicme-jbg.ac.id/ojs/index.php/jam/about/submissions#authorGuidelines\">Petunjuk Penulis </a>. Penulis perlu <a href=\"https://digilib.stikesicme-jbg.ac.id/ojs/index.php/jam/user/register\">Mendaftar </a>dengan jurnal sebelum menyerahkan atau jika sudah terdaftar <a href=\"https://digilib.stikesicme-jbg.ac.id/ojs/index.php/index/login\">login</a>dan mulai proses lima langkah.', 'string'),
(4, 'id_ID', 'authorSelfArchivePolicy', 'Jurnal ini memberi izin dan mendorong penulis untuk memposting item yang diserahkan ke jurnal di website personal atau repositori institusional sebelum dan sesudah penerbitan, sementara itu menyediakan detail bibliografi yang akan memberikan kredit, jika bisa diterapkan, penerbitannya di jurnal ini.', 'string'),
(4, 'id_ID', 'clockssLicense', 'This journal utilizes the CLOCKSS system to create a distributed archiving system among participating libraries and permits those libraries to create permanent archives of the journal for purposes of preservation and restoration. <a href=\"http://clockss.org/\">More...</a>', 'string'),
(4, 'id_ID', 'copyeditInstructions', 'Tahap Copyediting dimaksudkan untuk meningkatkan aliran, kejelasan, tata bahasa, kata-kata, dan pemformatan artikel. Tahap ini mewakili kesempatan terakhir untuk penulis untu membuat perubahan substansial apapun pada teks karena tahap selanjutnya terlarang untuk koreksi format dan kesalahan penulisan.\n\nFile untuk dicopyedit berupa file Word atau .rtf sehingga dapat diedit dengan mudah.  Petunjuk yang ditampilkan berikut menggambarkan dua pendekatan dalam melakukan copyediting.  Pendekatan pertama, berdasarkan fitur Track Changes di Microsoft Word yang membutuhkan copy editor, editor dan penulis memiliki program ini. Pendekatan kedua, tidak tergantung piranti lunak tertentu, dipinjam dengan seijin dari Harvard Educational Review. Editor Jurnal dapat memodifikasi petunjuk berikut ini dalam rangka meningkatkan proses editorial di jurnal ini.\n\n\n<h4>Sistem Copyedit</h4>\n\n<strong>1. Track Changes dari Microsoft Office Word</strong>\n\nDi bawah menu Review di Microsoft Office Word, fitur Track Changes memungkinkan copy editor untuk membuat sisipan (teks diberi warna) dan penghapusan (teks diberi coretan dengan warna atau di margin dan ditandai dengan kata dihapus). Copy editor dapat meninggalkan pertanyaan pada penulis (Pertanyaan ke Penulis) dan pada editor (Pertanyaan ke Editor) dengan menyisipkan pertanyaan-pertanyaan di dalam tanda kurung persegi (tanda [...]). Versi yang sudah dicopyedit kemudian diunggah, dan editor diberitahu. Editor kemudian mereview teks dan memberitahu penulis.\n\nEditor dan penulis cukup membiarkan perubahan yang dibuat copy editor jika telah puas dengan perubahan tersebut. Jika perlu perubahan lebih lanjut, editor dan penulis dapat melakukan perubahan dengan penyisipan dan penghapusan dalam naskah yang telah dicopyedit tersebut. Penulis dan editor harus menjawab setiap pertanyaan dari copy editor dengan mengetikkan responnya di dalam tanda kurung persegi tersebut.\n\nSetelah naskah direview oleh editor dan penulis, copy editor akan melakukan pengecekan terakhir untuk tahap layout dan galley.\n\n\n<strong>2. Harvard Educational Review</strong>\n\n<strong>Instruksi untuk Membuat Revisi Elektronik dalam Naskah</strong>\n\nMohon ikuti protokol berikut dalam membuat revisi elekronik untuk naskah Anda:\n\n<strong>Merespon perubahan yang disarankan.</strong>\n&nbsp; Untuk masing-masing perubahan yang Anda setujui, ubah teks yang ditebalkan ke huruf biasa.\n&nbsp; Untuk masing-masing perubahan yang Anda tidak setuju, masukkan kembali teks asli dan <strong>tebalkan</strong>.\n\n<strong>Menambah dan menghapus.</strong>\n&nbsp; Tandai tambahan dengan <strong>menebalkan</strong>teks baru.\n&nbsp; Gantikan bagian yang dihapus dengan: <strong>[teks dihapus]</strong>.\n&nbsp; Jika Anda menghapus satu kalimat atau lebih, mohon berikan catatan, contoh <strong>[dua kalimat dihapus]</strong>.\n\n<strong>Merespon Pertanyaan untuk Penulis (QA/Queries to the Author).</strong>\n&nbsp; Jaga semua QA tetap utuh dan tercetak tebal.  Jangan dihapus.\n&nbsp; Untuk menjawab QA, tambahkan komentar setelah pertanyaan tersebut. Komentar harus dibatasi dengan menggunakan:\n<strong>[Komentar:]</strong>\n&nbsp; contoh: <strong>[Komentar: memperdalam pembahasan metodologi seperti yang Anda sarankan]</strong>.\n\n<strong>Membuat Komentar.</strong>\n&nbsp; Gunakan komentar untuk menjelaskan perubahan susunan atau revisi besar\n&nbsp; contoh: <strong>[Komentar: Memindahkan paragraf di atas dari hal. 5 ke hal. 7].</strong>\n&nbsp; Catatan: Saat merujuk suatu nomor halaman, gunakan nomor halaman dari print out naskah yang telah dikirimkan ke Anda. Hal ini penting karena nomor halaman bisa berubah saat dokumen direvisi secara elektronik.\n\n<h4>Ilustrasi Revisi Elektronik </h4>\n\n<ol>\n<li><strong>Copyedit Awal.</strong>  Copy editor jurnal akan mengedit teks untuk meningkatkan alur, kejelasan, tata bahasa, diksi dan format, juga termasuk pertanyaan penulis jika perlu. Saat Copyedit Awal selesai, copy editor akan mengunggah dokumen yang sudah direvisi melalui website jurnal dan memberitahu penulis bahwa ada naskah yang telah diedit dan perlu direview kembali oleh penulis.</li>\n<li><strong>Copyedit Penulis.</strong>  Sebelum mengubah drastis struktur dan susunan naskah yang sudah diedit, penulis harus bekerjasama dengan editor yang menangani naskah. Penulis harus menerima atau menolak perubahan apapun yang dibuat selama Copyediting Awal, dan merespon semua Pertanyaan ke Penulis (QA). Saat selesai melakukan revisi, penulis harus mengganti nama file dari NamaPenulisQA.doc menjadi NamaPenulisQAR.doc (contoh: dari LeeQA.doc ke LeeQAR.doc) dan mengunggah dokumen yang telah direvisi melalui website jurnal.</li>\n<li><strong>Copyedit Akhir.</strong>  Copy editor jurnal akan memverifikasi perubahan yang dibuat oleh penulis dan menggabungkan respon pada Pertanyaan ke Penulis untuk membuat naskah final. Saat selesai, copy editor akan mengunggah naskah final melalui website jurnal dan memberitahu editor layout untuk melanjutkan ke finalisasi format.</li>\n</ol>', 'string'),
(4, 'id_ID', 'librarianInformation', 'Kami mendorong pustakawan riset untuk mendaftar jurnal diantara pemegang jurnal eletronik perpustakaan. Begitu juga, ini mungkin berharga bahwa sistem penerbitan sumber terbuka jurnal cocok untuk perpustakaan untuk menjadi tuan rumah untuk anggota fakultas untuk menggunakan jurnal saat mereka terlibat dalam proses editing. (Lihat <a href=\"http://pkp.sfu.ca/ojs\">Open Journal Systems</a>).', 'string'),
(4, 'id_ID', 'lockssLicense', 'OJS sistem LOCKSS berfungsi sebagai sistem pengarsipan terdistribusi antar-perpustakaan yang menggunakan sistem ini dengan tujuan membuat arsip permanen (untuk preservasi dan restorasi). <a href=\"http://www.lockss.org/\">Lanjut...</a>', 'string'),
(4, 'id_ID', 'metaCitations', '1', 'string'),
(4, 'id_ID', 'openAccessPolicy', 'Jurnal ini menyediakan akses terbuka yang pada prinsipnya membuat riset tersedia secara gratis untuk publik dan akan mensupport pertukaran pengetahuan global terbesar.', 'string'),
(4, 'id_ID', 'privacyStatement', 'Nama dan alamat email yang dimasukkan di website ini hanya akan digunakan untuk tujuan yang sudah disebutkan, tidak akan disalahgunakan untuk tujuan lain atau untuk disebarluaskan ke pihak lain.', 'string'),
(4, 'id_ID', 'proofInstructions', '<p>Tahap proofreading dimaksudkan untuk menemukan kesalahan di format, tata bahasa, dan ejaan galley. Perubahan substansi tidak bisa dibuat di tahap ini, kecuali didiskusikan dengan Editor Bagian. Di Layout, klik di VIEW PROOF untuk melihat HTML, PDF, dan format file lain yang tersedia dalam menerbitkan naskah ini.</p>\n	<h4>Untuk kesalahan tata bahasa dan ejaan</h4>\n\n	<p>Salin kata atau frase yang menjadi masalah dan letakkan mereka di kotak Koreksi Proofreading dengan instruksi \"UBAH_KE\" untuk editor seperti contoh berikut ini:</p>\n\n	<pre>1. UBAH...\n	di tulis lengkap\n	KE...\n	ditulis lengkap</pre>\n	<br />\n	<pre>2. UBAH...\n	Malinowsky \n	KE....\n	Malinowski</pre>\n	<br />\n\n	<h4>Untuk kesalahan format </h4>\n	\n	<p>Jelaskan letak kesalahan dalam kotak Koreksi Proofreading setelah mengetik judul \"FORMAT\" seperti contoh berikut ini:</p>\n	<br />\n	<pre>3. FORMAT\n	Nomor dalam Tabel 3 tidak sejajar di kolom ketiga.</pre>\n	<br />\n	<pre>4. FORMAT\n	Paragraf yang dimulai dengan \"Topik terakhir ini...\" tidak menjorok.</pre>', 'string'),
(4, 'id_ID', 'readerInformation', 'Kami mendorong pembaca untuk mendaftarkan diri di layanan notifikasi penerbitan untuk jurnal ini. Gunakan tautan <a href=\"https://digilib.stikesicme-jbg.ac.id/ojs/index.php/jam/user/register\">Daftar</a>di bagian atas beranda jurnal. Dengan mendaftar, pembaca akan memperoleh email berisi Daftar Isi tiap ada terbitan jurnal baru. Daftar ini juga membuat jurnal dapat mengetahui tingkat dukungan atau jumlah pembaca. Lihat jurnal <a href=\"https://digilib.stikesicme-jbg.ac.id/ojs/index.php/jam/about/submissions#privacyStatement\">Pernyataan Privasi</a>, yang meyakinkan pembaca bahwa nama dan alamat email yang didaftarkan tidak akan digunakan untuk tujuan lain.', 'string');
INSERT INTO `journal_settings` (`journal_id`, `locale`, `setting_name`, `setting_value`, `setting_type`) VALUES
(4, 'id_ID', 'refLinkInstructions', '<h4>Menambah Tautan Referensi ke Proses Layout </h4>\n	<p>Saat mengubah naskah menjadi HTML atau PDF, pastikan semua hyperlink dalam naskah aktif.</p>\n	<h4>A. Jika Penulis Memberikan Tautan bersama dengan Referensi</h4>\n	<ol>\n	<li>Saat naskah masih dalam format pengolah kata (contoh: MS Office Word), tambahkan frase LIHAT ITEM di tiap akhir referensi yang mempunyai URL.</li>\n	<li>Ubah frase ke hyperlink dengan meng-highlightnya dan menggunakan alat Insert Hyperlink di Word, masukkan URL yang dipersiapkan di #2.</li>\n	</ol>\n	<h4>B. Memberi Pembaca Akses untuk Mencari Referensi dengan Google Scholar</h4>\n	<ol>\n	<li>Saat naskah masih dalam format pengolah kata (contoh: MS Office Word), salin judul referensi di Daftar Pustaka (jika judulnya tampak terlalu umum, contoh: \"Damai\"-salin nama penulis dan judul).</li>\n	<li>Tempel judul referensi antara %22, tambahkan tanda \"+\" di antara kata-kata: http://scholar.google.com/scholar?q=%22TULIS+JUDUL+DI+SINI%22&hl=en&lr=&btnG=Search.</li>\n\n	<li>Tambahkan frase GS SEARCH di tiap akhir referensi di daftar pustaka naskah.</li>\n	<li>Ubah frase itu ke hyperlink dengan meng-highlightnya dan menggunakan alat Insert Hyperlink di Word, masukkan URL yang dipersiapkan di #2.</li>\n	</ol>\n	<h4>C. Memberi Pembaca Akses untuk Mencari Referensi dengan DOI</h4>\n	<ol>\n	<li>Saat naskah masih dalam format pengolah kata (contoh: MS Office Word), salin sejumlah referensi ke dalam CrossRef Text Query http://www.crossref.org/freeTextQuery/.</li>\n	<li>Tempel tiap DOI yang dihasilkan di URL berikut ini (di antara = and &): http://www.cmaj.ca/cgi/external_ref?access_num=TULIS_DOI_DISINI&link_type=DOI.</li>\n	<li>Tambahkan frase CrossRef di akhir tiap sitasi di daftar pustaka naskah.</li>\n	<li>Ubah frase menjadi hyperlink dengan memilih frase dan menggunakan alat Insert Hyperlink di Word, masukkan URL yang telah dipersiapkan di #2.</li>\n	</ol>', 'string'),
(4, 'id_ID', 'submissionChecklist', 'a:5:{i:0;a:2:{s:7:\"content\";s:166:\"Naskah belum pernah diterbitkan sebelumnya, dan tidak sedang dalam pertimbangan untuk diterbitkan di jurnal lain (atau sudah dijelaskan dalam Komentar kepada Editor).\";s:5:\"order\";s:1:\"1\";}i:1;a:2:{s:7:\"content\";s:70:\"File naskah dalam format dokumen OpenOffice, Microsoft Word, atau RTF.\";s:5:\"order\";s:1:\"2\";}i:2;a:2:{s:7:\"content\";s:61:\"Referensi yang dapat diakses online telah dituliskan URL-nya.\";s:5:\"order\";s:1:\"3\";}i:3;a:2:{s:7:\"content\";s:257:\"Naskah diketik dengan teks 1 spasi; font 12; menggunakan huruf miring, bukan huruf bergaris bawah (kecuali alamat URL); dan semua ilustrasi, gambar, dan tabel diletakkan dalam teks pada tempat yang diharapkan, bukan dikelompokkan tersendiri di akhir naskah.\";s:5:\"order\";s:1:\"4\";}i:4;a:2:{s:7:\"content\";s:93:\"Pengetikan naskah dan sitasi mengikuti gaya selingkung yang disyaratkan dalam Panduan Penulis\";s:5:\"order\";s:1:\"5\";}}', 'object'),
(5, '', 'agenciesEnabledSubmission', '0', 'bool'),
(5, '', 'agenciesEnabledWorkflow', '0', 'bool'),
(5, '', 'agenciesRequired', '0', 'bool'),
(5, '', 'citationsEnabledSubmission', '0', 'bool'),
(5, '', 'citationsEnabledWorkflow', '0', 'bool'),
(5, '', 'citationsRequired', '0', 'bool'),
(5, '', 'contactEmail', 'icmepress2019@gmail.com', 'string'),
(5, '', 'contactName', 'Icme Press', 'string'),
(5, '', 'contactPhone', '085648944679', 'string'),
(5, '', 'copySubmissionAckAddress', '', 'string'),
(5, '', 'copySubmissionAckPrimaryContact', '0', 'bool'),
(5, '', 'coverageEnabledSubmission', '0', 'bool'),
(5, '', 'coverageEnabledWorkflow', '0', 'bool'),
(5, '', 'coverageRequired', '0', 'bool'),
(5, '', 'defaultReviewMode', '2', 'int'),
(5, '', 'disableUserReg', '1', 'bool'),
(5, '', 'disciplinesEnabledSubmission', '0', 'bool'),
(5, '', 'disciplinesEnabledWorkflow', '0', 'bool'),
(5, '', 'disciplinesRequired', '0', 'bool'),
(5, '', 'emailSignature', '<br/>\n________________________________________________________________________<br/>\n<a href=\"{$contextUrl}\">{$contextName}</a>', 'string'),
(5, '', 'enableClockss', '0', 'bool'),
(5, '', 'enableLockss', '0', 'bool'),
(5, '', 'enablePln', '1', 'bool'),
(5, '', 'enablePortico', '0', 'bool'),
(5, '', 'itemsPerPage', '25', 'int'),
(5, '', 'keywordsEnabledSubmission', '1', 'bool'),
(5, '', 'keywordsEnabledWorkflow', '1', 'bool'),
(5, '', 'keywordsRequired', '0', 'bool'),
(5, '', 'languagesEnabledSubmission', '0', 'bool'),
(5, '', 'languagesEnabledWorkflow', '0', 'bool'),
(5, '', 'languagesRequired', '0', 'bool'),
(5, '', 'mailingAddress', NULL, 'string'),
(5, '', 'membershipFee', '0', 'int'),
(5, '', 'navItems', 'N;', 'object'),
(5, '', 'numPageLinks', '10', 'int'),
(5, '', 'numWeeksPerReview', '4', 'int'),
(5, '', 'onlineIssn', '', 'string'),
(5, '', 'printIssn', '', 'string'),
(5, '', 'publicationFee', '0', 'int'),
(5, '', 'publisherInstitution', 'ITSKes Insan Cendekia Medika Jombang', 'string'),
(5, '', 'purchaseArticleFee', '0', 'int'),
(5, '', 'restrictArticleAccess', '0', 'bool'),
(5, '', 'restrictSiteAccess', '0', 'bool'),
(5, '', 'rightsEnabledSubmission', '0', 'bool'),
(5, '', 'rightsEnabledWorkflow', '0', 'bool'),
(5, '', 'rightsRequired', '0', 'bool'),
(5, '', 'rtAbstract', '1', 'bool'),
(5, '', 'rtAddComment', '1', 'bool'),
(5, '', 'rtCaptureCite', '1', 'bool'),
(5, '', 'rtDefineTerms', '1', 'bool'),
(5, '', 'rtEmailAuthor', '1', 'bool'),
(5, '', 'rtEmailOthers', '1', 'bool'),
(5, '', 'rtPrinterFriendly', '1', 'bool'),
(5, '', 'rtSupplementaryFiles', '1', 'bool'),
(5, '', 'rtViewMetadata', '1', 'bool'),
(5, '', 'sourceEnabledSubmission', '0', 'bool'),
(5, '', 'sourceEnabledWorkflow', '0', 'bool'),
(5, '', 'sourceRequired', '0', 'bool'),
(5, '', 'styleSheet', 'a:3:{s:4:\"name\";s:19:\"css header full.css\";s:10:\"uploadName\";s:14:\"styleSheet.css\";s:12:\"dateUploaded\";s:19:\"2022-11-08 03:53:53\";}', 'object'),
(5, '', 'subjectsEnabledSubmission', '0', 'bool'),
(5, '', 'subjectsEnabledWorkflow', '0', 'bool'),
(5, '', 'subjectsRequired', '0', 'bool'),
(5, '', 'supportedFormLocales', 'a:1:{i:0;s:5:\"en_US\";}', 'object'),
(5, '', 'supportedLocales', 'a:2:{i:0;s:5:\"en_US\";i:1;s:5:\"id_ID\";}', 'object'),
(5, '', 'supportedSubmissionLocales', 'a:1:{i:0;s:5:\"en_US\";}', 'object'),
(5, '', 'supportEmail', NULL, 'string'),
(5, '', 'supportName', NULL, 'string'),
(5, '', 'supportPhone', NULL, 'string'),
(5, '', 'themePluginPath', 'defaultManuscript', 'string'),
(5, '', 'typeEnabledSubmission', '0', 'bool'),
(5, '', 'typeEnabledWorkflow', '0', 'bool'),
(5, '', 'typeRequired', '0', 'bool'),
(5, 'en_US', 'about', '<p><img src=\"/ojs/public/site/images/admin_ip/Home1.png\"></p>', 'string'),
(5, 'en_US', 'acronym', 'icmepress', 'string'),
(5, 'en_US', 'authorInformation', 'Interested in submitting to this journal? We recommend that you review the <a href=\"https://digilib.itskesicme.ac.id/ojs/index.php/icmepress/about\">About the Journal</a> page for the journal\'s section policies, as well as the <a href=\"https://digilib.itskesicme.ac.id/ojs/index.php/icmepress/about/submissions#authorGuidelines\">Author Guidelines</a>. Authors need to <a href=\"https://digilib.itskesicme.ac.id/ojs/index.php/icmepress/user/register\">register</a> with the journal prior to submitting or, if already registered, can simply <a href=\"https://digilib.itskesicme.ac.id/ojs/index.php/index/login\">log in</a> and begin the five-step process.', 'string'),
(5, 'en_US', 'authorSelfArchivePolicy', 'This journal permits and encourages authors to post items submitted to the journal on personal websites or institutional repositories both prior to and after publication, while providing bibliographic details that credit, if applicable, its publication in this journal.', 'string'),
(5, 'en_US', 'clockssLicense', 'This journal utilizes the CLOCKSS system to create a distributed archiving system among participating libraries and permits those libraries to create permanent archives of the journal for purposes of preservation and restoration. <a href=\"http://clockss.org/\">More...</a>', 'string'),
(5, 'en_US', 'contactAffiliation', 'ITSKes Insan Cendekia Medika Jombang', 'string'),
(5, 'en_US', 'copyeditInstructions', 'The copyediting stage is intended to improve the flow, clarity, grammar, wording, and formatting of the article. It represents the last chance for the author to make any substantial changes to the text because the next stage is restricted to typos and formatting corrections.\n\nThe file to be copyedited is in Word or .rtf format and therefore can easily be edited as a word processing document. The set of instructions displayed here proposes two approaches to copyediting. One is based on Microsoft Word\'s Track Changes feature and requires that the copy editor, editor, and author have access to this program. A second system, which is software independent, has been borrowed, with permission, from the Harvard Educational Review. The journal editor is in a position to modify these instructions, so suggestions can be made to improve the process for this journal.\n\n\n<h4>Copyediting Systems</h4>\n\n<strong>1. Microsoft Word\'s Track Changes</strong>\n\nUnder Tools in the menu bar, the feature Track Changes enables the copy editor to make insertions (text appears in color) and deletions (text appears crossed out in color or in the margins as deleted). The copy editor can posit queries to both the author (Author Queries) and to the editor (Editor Queries) by inserting these queries in square brackets. The copyedited version is then uploaded, and the editor is notified. The editor then reviews the text and notifies the author.\n\nThe editor and author should leave those changes with which they are satisfied. If further changes are necessary, the editor and author can make changes to the initial insertions or deletions, as well as make new insertions or deletions elsewhere in the text. Authors and editors should respond to each of the queries addressed to them, with responses placed inside the square brackets.\n\nAfter the text has been reviewed by editor and author, the copy editor will make a final pass over the text accepting the changes in preparation for the layout and galley stage.\n\n\n<strong>2. Harvard Educational Review</strong>\n\n<strong>Instructions for Making Electronic Revisions to the Manuscript</strong>\n\nPlease follow the following protocol for making electronic revisions to your manuscript:\n\n<strong>Responding to suggested changes.</strong>\n&nbsp; For each of the suggested changes that you accept, unbold the text.\n&nbsp; For each of the suggested changes that you do not accept, re-enter the original text and <strong>bold</strong> it.\n\n<strong>Making additions and deletions.</strong>\n&nbsp; Indicate additions by <strong>bolding</strong> the new text.\n&nbsp; Replace deleted sections with: <strong>[deleted text]</strong>.\n&nbsp; If you delete one or more sentence, please indicate with a note, e.g., <strong>[deleted 2 sentences]</strong>.\n\n<strong>Responding to Queries to the Author (QAs).</strong>\n&nbsp; Keep all QAs intact and bolded within the text. Do not delete them.\n&nbsp; To reply to a QA, add a comment after it. Comments should be delimited using:\n<strong>[Comment:]</strong>\n&nbsp; e.g., <strong>[Comment: Expanded discussion of methodology as you suggested]</strong>.\n\n<strong>Making comments.</strong>\n&nbsp; Use comments to explain organizational changes or major revisions\n&nbsp; e.g., <strong>[Comment: Moved the above paragraph from p. 5 to p. 7].</strong>\n&nbsp; Note: When referring to page numbers, please use the page numbers from the printed copy of the manuscript that was sent to you. This is important since page numbers may change as a document is revised electronically.\n\n<h4>An Illustration of an Electronic Revision</h4>\n\n<ol>\n<li><strong>Initial copyedit.</strong> The journal copy editor will edit the text to improve flow, clarity, grammar, wording, and formatting, as well as including author queries as necessary. Once the initial edit is complete, the copy editor will upload the revised document through the journal Web site and notify the author that the edited manuscript is available for review.</li>\n<li><strong>Author copyedit.</strong> Before making dramatic departures from the structure and organization of the edited manuscript, authors must check in with the editors who are co-chairing the piece. Authors should accept/reject any changes made during the initial copyediting, as appropriate, and respond to all author queries. When finished with the revisions, authors should rename the file from AuthorNameQA.doc to AuthorNameQAR.doc (e.g., from LeeQA.doc to LeeQAR.doc) and upload the revised document through the journal Web site as directed.</li>\n<li><strong>Final copyedit.</strong> The journal copy editor will verify changes made by the author and incorporate the responses to the author queries to create a final manuscript. When finished, the copy editor will upload the final document through the journal Web site and alert the layout editor to complete formatting.</li>\n</ol>', 'string'),
(5, 'en_US', 'customHeaders', '<style>\r\n	.pkp_brand_footer {\r\n		display: none;\r\n	}\r\n</style>', 'string'),
(5, 'en_US', 'description', '<p>ICME Press adalah Penerbit Nasional yang secara profesional fokus menerbitkan buku-buku akademik independen yang memiliki komitmen untuk menyebarluaskan karya penulis Indonesia secara nasional ataupun global, selanjutnya untuk menggenapi pemenuhan terhadap mutu dan kualitas terbitan, kami juga telah berhasil menjadi anggota&nbsp;anggota resmi IKAPI (Ikatan Penerbit Indonesia) Nomor keanggotaan 268/Anggota Luar Biasa/JTI/2020</p>\r\n<p>Sebagai penerbit buku, kami menawarkan kesempatan bagi penulis dan pelaku pendidikan lainnya untuk menjangkau komunitas akademik nasional yang terdiri dari cendekiawan, praktisi, peneliti, dan mahasiswa yang mencakup berbagai bidang studi. Komitmen kami terhadap kualitas dan inovasi secara konsistensi menjaga mutu akademik merupakan pembeda lembaga kami dengan program penerbitan lain. sebagai upaya bentuk diseminasi dan pengukuran dampak, seluruh karya tulis yang kami terbitkan terindeks sejumlah portal akademik.</p>', 'string'),
(5, 'en_US', 'journalThumbnail', 'a:6:{s:4:\"name\";s:8:\"Logo.png\";s:10:\"uploadName\";s:26:\"journalThumbnail_en_US.png\";s:5:\"width\";i:2480;s:6:\"height\";i:2020;s:12:\"dateUploaded\";s:19:\"2022-11-14 07:44:00\";s:7:\"altText\";s:0:\"\";}', 'object'),
(5, 'en_US', 'librarianInformation', 'We encourage research librarians to list this journal among their library\'s electronic journal holdings. As well, it may be worth noting that this journal\'s open source publishing system is suitable for libraries to host for their faculty members to use with journals they are involved in editing (see <a href=\"http://pkp.sfu.ca/ojs\">Open Journal Systems</a>).', 'string'),
(5, 'en_US', 'lockssLicense', 'This journal utilizes the LOCKSS system to create a distributed archiving system among participating libraries and permits those libraries to create permanent archives of the journal for purposes of preservation and restoration. <a href=\"http://www.lockss.org/\">More...</a>', 'string'),
(5, 'en_US', 'metaCitations', '1', 'string'),
(5, 'en_US', 'name', 'ICME PRESS', 'string'),
(5, 'en_US', 'openAccessPolicy', 'This journal provides immediate open access to its content on the principle that making research freely available to the public supports a greater global exchange of knowledge.', 'string'),
(5, 'en_US', 'pageFooter', '<p>Copyright © 2019 IcmePress All Rights Reserved.&nbsp;<strong>|</strong>&nbsp;Designed by @ Fanny</p>', 'string'),
(5, 'en_US', 'pageHeaderLogoImage', 'a:6:{s:4:\"name\";s:26:\"Banner ISBN Website---.jpg\";s:10:\"uploadName\";s:29:\"pageHeaderLogoImage_en_US.jpg\";s:5:\"width\";i:13583;s:6:\"height\";i:2327;s:12:\"dateUploaded\";s:19:\"2022-11-17 04:45:45\";s:7:\"altText\";s:0:\"\";}', 'object'),
(5, 'en_US', 'privacyStatement', '<p>Karya berupa buku/modul serta identitas yang digunakan dalam proses registrasi ISBN ini harus milik pribadi apabila ditemukan suatu masalah berupa pengcopy-an karya orang lain maka pihak penulis siap mendapat sanksi hukum.</p>', 'string'),
(5, 'en_US', 'proofInstructions', '<p>The proofreading stage is intended to catch any errors in the galley\'s spelling, grammar, and formatting. More substantial changes cannot be made at this stage, unless discussed with the Section Editor. In Layout, click on VIEW PROOF to see the HTML, PDF, and other available file formats used in publishing this item.</p>\n	<h4>For Spelling and Grammar Errors</h4>\n\n	<p>Copy the problem word or groups of words and paste them into the Proofreading Corrections box with \"CHANGE-TO\" instructions to the editor as follows:</p>\n\n	<pre>1. CHANGE...\n	then the others\n	TO...\n	than the others</pre>\n	<br />\n	<pre>2. CHANGE...\n	Malinowsky\n	TO...\n	Malinowski</pre>\n	<br />\n\n	<h4>For Formatting Errors</h4>\n\n	<p>Describe the location and nature of the problem in the Proofreading Corrections box after typing in the title \"FORMATTING\" as follows:</p>\n	<br />\n	<pre>3. FORMATTING\n	The numbers in Table 3 are not aligned in the third column.</pre>\n	<br />\n	<pre>4. FORMATTING\n	The paragraph that begins \"This last topic...\" is not indented.</pre>', 'string'),
(5, 'en_US', 'readerInformation', 'We encourage readers to sign up for the publishing notification service for this journal. Use the <a href=\"https://digilib.itskesicme.ac.id/ojs/index.php/icmepress/user/register\">Register</a> link at the top of the home page for the journal. This registration will result in the reader receiving the Table of Contents by email for each new issue of the journal. This list also allows the journal to claim a certain level of support or readership. See the journal\'s <a href=\"https://digilib.itskesicme.ac.id/ojs/index.php/icmepress/about/submissions#privacyStatement\">Privacy Statement</a>, which assures readers that their name and email address will not be used for other purposes.', 'string'),
(5, 'en_US', 'refLinkInstructions', '<h4>To Add Reference Linking to the Layout Process</h4>\n	<p>When turning a submission into HTML or PDF, make sure that all hyperlinks in the submission are active.</p>\n	<h4>A. When the Author Provides a Link with the Reference</h4>\n	<ol>\n	<li>While the submission is still in its word processing format (e.g., Word), add the phrase VIEW ITEM to the end of the reference that has a URL.</li>\n	<li>Turn that phrase into a hyperlink by highlighting it and using Word\'s Insert Hyperlink tool and the URL prepared in #2.</li>\n	</ol>\n	<h4>B. Enabling Readers to Search Google Scholar For References</h4>\n	<ol>\n		<li>While the submission is still in its word processing format (e.g., Word), copy the title of the work referenced in the References list (if it appears to be too common a title—e.g., \"Peace\"—then copy author and title).</li>\n		<li>Paste the reference\'s title between the %22\'s, placing a + between each word: http://scholar.google.com/scholar?q=%22PASTE+TITLE+HERE%22&hl=en&lr=&btnG=Search.</li>\n\n	<li>Add the phrase GS SEARCH to the end of each citation in the submission\'s References list.</li>\n	<li>Turn that phrase into a hyperlink by highlighting it and using Word\'s Insert Hyperlink tool and the URL prepared in #2.</li>\n	</ol>\n	<h4>C. Enabling Readers to Search for References with a DOI</h4>\n	<ol>\n	<li>While the submission is still in Word, copy a batch of references into CrossRef Text Query http://www.crossref.org/freeTextQuery/.</li>\n	<li>Paste each DOI that the Query provides in the following URL (between = and &): http://www.cmaj.ca/cgi/external_ref?access_num=PASTE DOI#HERE&link_type=DOI.</li>\n	<li>Add the phrase CrossRef to the end of each citation in the submission\'s References list.</li>\n	<li>Turn that phrase into a hyperlink by highlighting the phrase and using Word\'s Insert Hyperlink tool and the appropriate URL prepared in #2.</li>\n	</ol>', 'string'),
(5, 'en_US', 'submissionChecklist', 'a:4:{i:0;a:2:{s:7:\"content\";s:98:\"Buku/Modul belum pernah mendapatkan nomor ISBN yang terdaftar dari penerbit lain selain ICME PRESS\";s:5:\"order\";i:6;}i:1;a:2:{s:7:\"content\";s:102:\"File buku yang akan di registrasikan sudah di upload dalam bentuk file Ms. Word  ke website ICME PRESS\";s:5:\"order\";i:7;}i:2;a:2:{s:7:\"content\";s:160:\"Autor diwajibkan mencontoh template buku yang telah ditentukan apabila tidak sesuai dengan template yang telah ditentukan maka pihak ICME PRESS berhak me-reject\";s:5:\"order\";i:9;}i:3;a:2:{s:7:\"content\";s:114:\"Silahkan melengkapi berkas tambahan berupa surat permohonan dan surat keaslian karya dengan datang ke ruangan LPPM\";s:5:\"order\";i:10;}}', 'object'),
(6, '', 'agenciesEnabledSubmission', '0', 'bool'),
(6, '', 'agenciesEnabledWorkflow', '0', 'bool'),
(6, '', 'agenciesRequired', '0', 'bool'),
(6, '', 'citationsEnabledSubmission', '0', 'bool'),
(6, '', 'citationsEnabledWorkflow', '0', 'bool'),
(6, '', 'citationsRequired', '0', 'bool'),
(6, '', 'copySubmissionAckAddress', '', 'string'),
(6, '', 'copySubmissionAckPrimaryContact', '0', 'bool'),
(6, '', 'coverageEnabledSubmission', '0', 'bool'),
(6, '', 'coverageEnabledWorkflow', '0', 'bool'),
(6, '', 'coverageRequired', '0', 'bool'),
(6, '', 'defaultReviewMode', '2', 'int'),
(6, '', 'disableUserReg', '1', 'bool'),
(6, '', 'disciplinesEnabledSubmission', '0', 'bool'),
(6, '', 'disciplinesEnabledWorkflow', '0', 'bool'),
(6, '', 'disciplinesRequired', '0', 'bool'),
(6, '', 'emailSignature', '<br/>\n________________________________________________________________________<br/>\n<a href=\"{$contextUrl}\">{$contextName}</a>', 'string'),
(6, '', 'itemsPerPage', '25', 'int'),
(6, '', 'keywordsEnabledSubmission', '1', 'bool'),
(6, '', 'keywordsEnabledWorkflow', '1', 'bool'),
(6, '', 'keywordsRequired', '0', 'bool'),
(6, '', 'languagesEnabledSubmission', '0', 'bool'),
(6, '', 'languagesEnabledWorkflow', '0', 'bool'),
(6, '', 'languagesRequired', '0', 'bool'),
(6, '', 'membershipFee', '0', 'int'),
(6, '', 'navItems', 'N;', 'object'),
(6, '', 'numPageLinks', '10', 'int'),
(6, '', 'numWeeksPerReview', '4', 'int'),
(6, '', 'onlineIssn', '', 'string'),
(6, '', 'printIssn', '', 'string'),
(6, '', 'publicationFee', '0', 'int'),
(6, '', 'publisherInstitution', 'INSTITUT TEKNOLOGI SAINS DAN KESEHATAN INSAN CENDEKIA MEDIKA JOMBANG', 'string'),
(6, '', 'purchaseArticleFee', '0', 'int'),
(6, '', 'restrictArticleAccess', '0', 'bool'),
(6, '', 'restrictSiteAccess', '0', 'bool'),
(6, '', 'rightsEnabledSubmission', '0', 'bool'),
(6, '', 'rightsEnabledWorkflow', '0', 'bool'),
(6, '', 'rightsRequired', '0', 'bool'),
(6, '', 'rtAbstract', '1', 'bool'),
(6, '', 'rtAddComment', '1', 'bool'),
(6, '', 'rtCaptureCite', '1', 'bool'),
(6, '', 'rtDefineTerms', '1', 'bool'),
(6, '', 'rtEmailAuthor', '1', 'bool'),
(6, '', 'rtEmailOthers', '1', 'bool'),
(6, '', 'rtPrinterFriendly', '1', 'bool'),
(6, '', 'rtSupplementaryFiles', '1', 'bool'),
(6, '', 'rtViewMetadata', '1', 'bool'),
(6, '', 'sourceEnabledSubmission', '0', 'bool'),
(6, '', 'sourceEnabledWorkflow', '0', 'bool'),
(6, '', 'sourceRequired', '0', 'bool'),
(6, '', 'styleSheet', 'a:3:{s:4:\"name\";s:19:\"css header full.css\";s:10:\"uploadName\";s:14:\"styleSheet.css\";s:12:\"dateUploaded\";s:19:\"2022-11-09 01:47:36\";}', 'object'),
(6, '', 'subjectsEnabledSubmission', '0', 'bool'),
(6, '', 'subjectsEnabledWorkflow', '0', 'bool'),
(6, '', 'subjectsRequired', '0', 'bool'),
(6, '', 'supportedFormLocales', 'a:1:{i:0;s:5:\"en_US\";}', 'object'),
(6, '', 'supportedLocales', 'a:2:{i:0;s:5:\"en_US\";i:1;s:5:\"id_ID\";}', 'object'),
(6, '', 'supportedSubmissionLocales', 'a:1:{i:0;s:5:\"en_US\";}', 'object'),
(6, '', 'themePluginPath', 'defaultManuscript', 'string'),
(6, '', 'typeEnabledSubmission', '0', 'bool'),
(6, '', 'typeEnabledWorkflow', '0', 'bool'),
(6, '', 'typeRequired', '0', 'bool'),
(6, 'en_US', 'acronym', 'jgp', 'string'),
(6, 'en_US', 'authorInformation', 'Interested in submitting to this journal? We recommend that you review the <a href=\"https://digilib.itskesicme.ac.id/ojs/index.php/jgp/about\">About the Journal</a> page for the journal\'s section policies, as well as the <a href=\"https://digilib.itskesicme.ac.id/ojs/index.php/jgp/about/submissions#authorGuidelines\">Author Guidelines</a>. Authors need to <a href=\"https://digilib.itskesicme.ac.id/ojs/index.php/jgp/user/register\">register</a> with the journal prior to submitting or, if already registered, can simply <a href=\"https://digilib.itskesicme.ac.id/ojs/index.php/index/login\">log in</a> and begin the five-step process.', 'string'),
(6, 'en_US', 'authorSelfArchivePolicy', 'This journal permits and encourages authors to post items submitted to the journal on personal websites or institutional repositories both prior to and after publication, while providing bibliographic details that credit, if applicable, its publication in this journal.', 'string'),
(6, 'en_US', 'clockssLicense', 'This journal utilizes the CLOCKSS system to create a distributed archiving system among participating libraries and permits those libraries to create permanent archives of the journal for purposes of preservation and restoration. <a href=\"http://clockss.org/\">More...</a>', 'string'),
(6, 'en_US', 'copyeditInstructions', 'The copyediting stage is intended to improve the flow, clarity, grammar, wording, and formatting of the article. It represents the last chance for the author to make any substantial changes to the text because the next stage is restricted to typos and formatting corrections.\n\nThe file to be copyedited is in Word or .rtf format and therefore can easily be edited as a word processing document. The set of instructions displayed here proposes two approaches to copyediting. One is based on Microsoft Word\'s Track Changes feature and requires that the copy editor, editor, and author have access to this program. A second system, which is software independent, has been borrowed, with permission, from the Harvard Educational Review. The journal editor is in a position to modify these instructions, so suggestions can be made to improve the process for this journal.\n\n\n<h4>Copyediting Systems</h4>\n\n<strong>1. Microsoft Word\'s Track Changes</strong>\n\nUnder Tools in the menu bar, the feature Track Changes enables the copy editor to make insertions (text appears in color) and deletions (text appears crossed out in color or in the margins as deleted). The copy editor can posit queries to both the author (Author Queries) and to the editor (Editor Queries) by inserting these queries in square brackets. The copyedited version is then uploaded, and the editor is notified. The editor then reviews the text and notifies the author.\n\nThe editor and author should leave those changes with which they are satisfied. If further changes are necessary, the editor and author can make changes to the initial insertions or deletions, as well as make new insertions or deletions elsewhere in the text. Authors and editors should respond to each of the queries addressed to them, with responses placed inside the square brackets.\n\nAfter the text has been reviewed by editor and author, the copy editor will make a final pass over the text accepting the changes in preparation for the layout and galley stage.\n\n\n<strong>2. Harvard Educational Review</strong>\n\n<strong>Instructions for Making Electronic Revisions to the Manuscript</strong>\n\nPlease follow the following protocol for making electronic revisions to your manuscript:\n\n<strong>Responding to suggested changes.</strong>\n&nbsp; For each of the suggested changes that you accept, unbold the text.\n&nbsp; For each of the suggested changes that you do not accept, re-enter the original text and <strong>bold</strong> it.\n\n<strong>Making additions and deletions.</strong>\n&nbsp; Indicate additions by <strong>bolding</strong> the new text.\n&nbsp; Replace deleted sections with: <strong>[deleted text]</strong>.\n&nbsp; If you delete one or more sentence, please indicate with a note, e.g., <strong>[deleted 2 sentences]</strong>.\n\n<strong>Responding to Queries to the Author (QAs).</strong>\n&nbsp; Keep all QAs intact and bolded within the text. Do not delete them.\n&nbsp; To reply to a QA, add a comment after it. Comments should be delimited using:\n<strong>[Comment:]</strong>\n&nbsp; e.g., <strong>[Comment: Expanded discussion of methodology as you suggested]</strong>.\n\n<strong>Making comments.</strong>\n&nbsp; Use comments to explain organizational changes or major revisions\n&nbsp; e.g., <strong>[Comment: Moved the above paragraph from p. 5 to p. 7].</strong>\n&nbsp; Note: When referring to page numbers, please use the page numbers from the printed copy of the manuscript that was sent to you. This is important since page numbers may change as a document is revised electronically.\n\n<h4>An Illustration of an Electronic Revision</h4>\n\n<ol>\n<li><strong>Initial copyedit.</strong> The journal copy editor will edit the text to improve flow, clarity, grammar, wording, and formatting, as well as including author queries as necessary. Once the initial edit is complete, the copy editor will upload the revised document through the journal Web site and notify the author that the edited manuscript is available for review.</li>\n<li><strong>Author copyedit.</strong> Before making dramatic departures from the structure and organization of the edited manuscript, authors must check in with the editors who are co-chairing the piece. Authors should accept/reject any changes made during the initial copyediting, as appropriate, and respond to all author queries. When finished with the revisions, authors should rename the file from AuthorNameQA.doc to AuthorNameQAR.doc (e.g., from LeeQA.doc to LeeQAR.doc) and upload the revised document through the journal Web site as directed.</li>\n<li><strong>Final copyedit.</strong> The journal copy editor will verify changes made by the author and incorporate the responses to the author queries to create a final manuscript. When finished, the copy editor will upload the final document through the journal Web site and alert the layout editor to complete formatting.</li>\n</ol>', 'string'),
(6, 'en_US', 'customHeaders', '<style>\r\n	.pkp_brand_footer {\r\n		display: none;\r\n	}\r\n</style>', 'string'),
(6, 'en_US', 'librarianInformation', 'We encourage research librarians to list this journal among their library\'s electronic journal holdings. As well, it may be worth noting that this journal\'s open source publishing system is suitable for libraries to host for their faculty members to use with journals they are involved in editing (see <a href=\"http://pkp.sfu.ca/ojs\">Open Journal Systems</a>).', 'string'),
(6, 'en_US', 'lockssLicense', 'This journal utilizes the LOCKSS system to create a distributed archiving system among participating libraries and permits those libraries to create permanent archives of the journal for purposes of preservation and restoration. <a href=\"http://www.lockss.org/\">More...</a>', 'string'),
(6, 'en_US', 'metaCitations', '1', 'string'),
(6, 'en_US', 'name', 'GEMPITA', 'string'),
(6, 'en_US', 'openAccessPolicy', 'This journal provides immediate open access to its content on the principle that making research freely available to the public supports a greater global exchange of knowledge.', 'string'),
(6, 'en_US', 'privacyStatement', '<p>The names and email addresses entered in this journal site will be used exclusively for the stated purposes of this journal and will not be made available for any other purpose or to any other party.</p>', 'string'),
(6, 'en_US', 'proofInstructions', '<p>The proofreading stage is intended to catch any errors in the galley\'s spelling, grammar, and formatting. More substantial changes cannot be made at this stage, unless discussed with the Section Editor. In Layout, click on VIEW PROOF to see the HTML, PDF, and other available file formats used in publishing this item.</p>\n	<h4>For Spelling and Grammar Errors</h4>\n\n	<p>Copy the problem word or groups of words and paste them into the Proofreading Corrections box with \"CHANGE-TO\" instructions to the editor as follows:</p>\n\n	<pre>1. CHANGE...\n	then the others\n	TO...\n	than the others</pre>\n	<br />\n	<pre>2. CHANGE...\n	Malinowsky\n	TO...\n	Malinowski</pre>\n	<br />\n\n	<h4>For Formatting Errors</h4>\n\n	<p>Describe the location and nature of the problem in the Proofreading Corrections box after typing in the title \"FORMATTING\" as follows:</p>\n	<br />\n	<pre>3. FORMATTING\n	The numbers in Table 3 are not aligned in the third column.</pre>\n	<br />\n	<pre>4. FORMATTING\n	The paragraph that begins \"This last topic...\" is not indented.</pre>', 'string'),
(6, 'en_US', 'readerInformation', 'We encourage readers to sign up for the publishing notification service for this journal. Use the <a href=\"https://digilib.itskesicme.ac.id/ojs/index.php/jgp/user/register\">Register</a> link at the top of the home page for the journal. This registration will result in the reader receiving the Table of Contents by email for each new issue of the journal. This list also allows the journal to claim a certain level of support or readership. See the journal\'s <a href=\"https://digilib.itskesicme.ac.id/ojs/index.php/jgp/about/submissions#privacyStatement\">Privacy Statement</a>, which assures readers that their name and email address will not be used for other purposes.', 'string'),
(6, 'en_US', 'refLinkInstructions', '<h4>To Add Reference Linking to the Layout Process</h4>\n	<p>When turning a submission into HTML or PDF, make sure that all hyperlinks in the submission are active.</p>\n	<h4>A. When the Author Provides a Link with the Reference</h4>\n	<ol>\n	<li>While the submission is still in its word processing format (e.g., Word), add the phrase VIEW ITEM to the end of the reference that has a URL.</li>\n	<li>Turn that phrase into a hyperlink by highlighting it and using Word\'s Insert Hyperlink tool and the URL prepared in #2.</li>\n	</ol>\n	<h4>B. Enabling Readers to Search Google Scholar For References</h4>\n	<ol>\n		<li>While the submission is still in its word processing format (e.g., Word), copy the title of the work referenced in the References list (if it appears to be too common a title—e.g., \"Peace\"—then copy author and title).</li>\n		<li>Paste the reference\'s title between the %22\'s, placing a + between each word: http://scholar.google.com/scholar?q=%22PASTE+TITLE+HERE%22&hl=en&lr=&btnG=Search.</li>\n\n	<li>Add the phrase GS SEARCH to the end of each citation in the submission\'s References list.</li>\n	<li>Turn that phrase into a hyperlink by highlighting it and using Word\'s Insert Hyperlink tool and the URL prepared in #2.</li>\n	</ol>\n	<h4>C. Enabling Readers to Search for References with a DOI</h4>\n	<ol>\n	<li>While the submission is still in Word, copy a batch of references into CrossRef Text Query http://www.crossref.org/freeTextQuery/.</li>\n	<li>Paste each DOI that the Query provides in the following URL (between = and &): http://www.cmaj.ca/cgi/external_ref?access_num=PASTE DOI#HERE&link_type=DOI.</li>\n	<li>Add the phrase CrossRef to the end of each citation in the submission\'s References list.</li>\n	<li>Turn that phrase into a hyperlink by highlighting the phrase and using Word\'s Insert Hyperlink tool and the appropriate URL prepared in #2.</li>\n	</ol>', 'string'),
(6, 'en_US', 'submissionChecklist', 'a:5:{i:0;a:2:{s:7:\"content\";s:165:\"The submission has not been previously published, nor is it before another journal for consideration (or an explanation has been provided in Comments to the Editor).\";s:5:\"order\";s:1:\"1\";}i:1;a:2:{s:7:\"content\";s:82:\"The submission file is in OpenOffice, Microsoft Word, or RTF document file format.\";s:5:\"order\";s:1:\"2\";}i:2;a:2:{s:7:\"content\";s:60:\"Where available, URLs for the references have been provided.\";s:5:\"order\";s:1:\"3\";}i:3;a:2:{s:7:\"content\";s:239:\"The text is single-spaced; uses a 12-point font; employs italics, rather than underlining (except with URL addresses); and all illustrations, figures, and tables are placed within the text at the appropriate points, rather than at the end.\";s:5:\"order\";s:1:\"4\";}i:4;a:2:{s:7:\"content\";s:99:\"The text adheres to the stylistic and bibliographic requirements outlined in the Author Guidelines.\";s:5:\"order\";s:1:\"5\";}}', 'object'),
(7, '', 'defaultReviewMode', '2', 'int'),
(7, '', 'disableUserReg', '1', 'bool'),
(7, '', 'emailSignature', '<br/>\n________________________________________________________________________<br/>\n<a href=\"{$contextUrl}\">{$contextName}</a>', 'string'),
(7, '', 'itemsPerPage', '25', 'int'),
(7, '', 'keywordsEnabledSubmission', '1', 'bool'),
(7, '', 'keywordsEnabledWorkflow', '1', 'bool'),
(7, '', 'membershipFee', '0', 'int'),
(7, '', 'numPageLinks', '10', 'int'),
(7, '', 'numWeeksPerReview', '4', 'int'),
(7, '', 'onlineIssn', '', 'string'),
(7, '', 'printIssn', '', 'string'),
(7, '', 'publicationFee', '0', 'int'),
(7, '', 'publisherInstitution', 'INSTITUT TEKNOLOGI SAINS DAN KESEHATAN INSAN CENDEKIA MEDIKA JOMBANG', 'string'),
(7, '', 'purchaseArticleFee', '0', 'int'),
(7, '', 'restrictArticleAccess', '0', 'bool'),
(7, '', 'restrictSiteAccess', '0', 'bool'),
(7, '', 'rtAbstract', '1', 'bool'),
(7, '', 'rtAddComment', '1', 'bool'),
(7, '', 'rtCaptureCite', '1', 'bool'),
(7, '', 'rtDefineTerms', '1', 'bool'),
(7, '', 'rtEmailAuthor', '1', 'bool'),
(7, '', 'rtEmailOthers', '1', 'bool'),
(7, '', 'rtPrinterFriendly', '1', 'bool'),
(7, '', 'rtSupplementaryFiles', '1', 'bool'),
(7, '', 'rtViewMetadata', '1', 'bool'),
(7, '', 'supportedFormLocales', 'a:1:{i:0;s:5:\"en_US\";}', 'object'),
(7, '', 'supportedLocales', 'a:2:{i:0;s:5:\"en_US\";i:1;s:5:\"id_ID\";}', 'object'),
(7, '', 'supportedSubmissionLocales', 'a:1:{i:0;s:5:\"en_US\";}', 'object'),
(7, '', 'themePluginPath', 'default', 'string'),
(7, 'en_US', 'acronym', 'nst', 'string'),
(7, 'en_US', 'authorInformation', 'Interested in submitting to this journal? We recommend that you review the <a href=\"https://digilib.itskesicme.ac.id/ojs/index.php/nst/about\">About the Journal</a> page for the journal\'s section policies, as well as the <a href=\"https://digilib.itskesicme.ac.id/ojs/index.php/nst/about/submissions#authorGuidelines\">Author Guidelines</a>. Authors need to <a href=\"https://digilib.itskesicme.ac.id/ojs/index.php/nst/user/register\">register</a> with the journal prior to submitting or, if already registered, can simply <a href=\"https://digilib.itskesicme.ac.id/ojs/index.php/index/login\">log in</a> and begin the five-step process.', 'string'),
(7, 'en_US', 'authorSelfArchivePolicy', 'This journal permits and encourages authors to post items submitted to the journal on personal websites or institutional repositories both prior to and after publication, while providing bibliographic details that credit, if applicable, its publication in this journal.', 'string'),
(7, 'en_US', 'clockssLicense', 'This journal utilizes the CLOCKSS system to create a distributed archiving system among participating libraries and permits those libraries to create permanent archives of the journal for purposes of preservation and restoration. <a href=\"http://clockss.org/\">More...</a>', 'string'),
(7, 'en_US', 'copyeditInstructions', 'The copyediting stage is intended to improve the flow, clarity, grammar, wording, and formatting of the article. It represents the last chance for the author to make any substantial changes to the text because the next stage is restricted to typos and formatting corrections.\n\nThe file to be copyedited is in Word or .rtf format and therefore can easily be edited as a word processing document. The set of instructions displayed here proposes two approaches to copyediting. One is based on Microsoft Word\'s Track Changes feature and requires that the copy editor, editor, and author have access to this program. A second system, which is software independent, has been borrowed, with permission, from the Harvard Educational Review. The journal editor is in a position to modify these instructions, so suggestions can be made to improve the process for this journal.\n\n\n<h4>Copyediting Systems</h4>\n\n<strong>1. Microsoft Word\'s Track Changes</strong>\n\nUnder Tools in the menu bar, the feature Track Changes enables the copy editor to make insertions (text appears in color) and deletions (text appears crossed out in color or in the margins as deleted). The copy editor can posit queries to both the author (Author Queries) and to the editor (Editor Queries) by inserting these queries in square brackets. The copyedited version is then uploaded, and the editor is notified. The editor then reviews the text and notifies the author.\n\nThe editor and author should leave those changes with which they are satisfied. If further changes are necessary, the editor and author can make changes to the initial insertions or deletions, as well as make new insertions or deletions elsewhere in the text. Authors and editors should respond to each of the queries addressed to them, with responses placed inside the square brackets.\n\nAfter the text has been reviewed by editor and author, the copy editor will make a final pass over the text accepting the changes in preparation for the layout and galley stage.\n\n\n<strong>2. Harvard Educational Review</strong>\n\n<strong>Instructions for Making Electronic Revisions to the Manuscript</strong>\n\nPlease follow the following protocol for making electronic revisions to your manuscript:\n\n<strong>Responding to suggested changes.</strong>\n&nbsp; For each of the suggested changes that you accept, unbold the text.\n&nbsp; For each of the suggested changes that you do not accept, re-enter the original text and <strong>bold</strong> it.\n\n<strong>Making additions and deletions.</strong>\n&nbsp; Indicate additions by <strong>bolding</strong> the new text.\n&nbsp; Replace deleted sections with: <strong>[deleted text]</strong>.\n&nbsp; If you delete one or more sentence, please indicate with a note, e.g., <strong>[deleted 2 sentences]</strong>.\n\n<strong>Responding to Queries to the Author (QAs).</strong>\n&nbsp; Keep all QAs intact and bolded within the text. Do not delete them.\n&nbsp; To reply to a QA, add a comment after it. Comments should be delimited using:\n<strong>[Comment:]</strong>\n&nbsp; e.g., <strong>[Comment: Expanded discussion of methodology as you suggested]</strong>.\n\n<strong>Making comments.</strong>\n&nbsp; Use comments to explain organizational changes or major revisions\n&nbsp; e.g., <strong>[Comment: Moved the above paragraph from p. 5 to p. 7].</strong>\n&nbsp; Note: When referring to page numbers, please use the page numbers from the printed copy of the manuscript that was sent to you. This is important since page numbers may change as a document is revised electronically.\n\n<h4>An Illustration of an Electronic Revision</h4>\n\n<ol>\n<li><strong>Initial copyedit.</strong> The journal copy editor will edit the text to improve flow, clarity, grammar, wording, and formatting, as well as including author queries as necessary. Once the initial edit is complete, the copy editor will upload the revised document through the journal Web site and notify the author that the edited manuscript is available for review.</li>\n<li><strong>Author copyedit.</strong> Before making dramatic departures from the structure and organization of the edited manuscript, authors must check in with the editors who are co-chairing the piece. Authors should accept/reject any changes made during the initial copyediting, as appropriate, and respond to all author queries. When finished with the revisions, authors should rename the file from AuthorNameQA.doc to AuthorNameQAR.doc (e.g., from LeeQA.doc to LeeQAR.doc) and upload the revised document through the journal Web site as directed.</li>\n<li><strong>Final copyedit.</strong> The journal copy editor will verify changes made by the author and incorporate the responses to the author queries to create a final manuscript. When finished, the copy editor will upload the final document through the journal Web site and alert the layout editor to complete formatting.</li>\n</ol>', 'string'),
(7, 'en_US', 'customHeaders', '<style>\r\n	.pkp_brand_footer {\r\n		display: none;\r\n	}\r\n</style>', 'string'),
(7, 'en_US', 'librarianInformation', 'We encourage research librarians to list this journal among their library\'s electronic journal holdings. As well, it may be worth noting that this journal\'s open source publishing system is suitable for libraries to host for their faculty members to use with journals they are involved in editing (see <a href=\"http://pkp.sfu.ca/ojs\">Open Journal Systems</a>).', 'string'),
(7, 'en_US', 'lockssLicense', 'This journal utilizes the LOCKSS system to create a distributed archiving system among participating libraries and permits those libraries to create permanent archives of the journal for purposes of preservation and restoration. <a href=\"http://www.lockss.org/\">More...</a>', 'string'),
(7, 'en_US', 'metaCitations', '1', 'string'),
(7, 'en_US', 'name', 'NUSANTARA', 'string'),
(7, 'en_US', 'openAccessPolicy', 'This journal provides immediate open access to its content on the principle that making research freely available to the public supports a greater global exchange of knowledge.', 'string'),
(7, 'en_US', 'privacyStatement', 'The names and email addresses entered in this journal site will be used exclusively for the stated purposes of this journal and will not be made available for any other purpose or to any other party.', 'string'),
(7, 'en_US', 'proofInstructions', '<p>The proofreading stage is intended to catch any errors in the galley\'s spelling, grammar, and formatting. More substantial changes cannot be made at this stage, unless discussed with the Section Editor. In Layout, click on VIEW PROOF to see the HTML, PDF, and other available file formats used in publishing this item.</p>\n	<h4>For Spelling and Grammar Errors</h4>\n\n	<p>Copy the problem word or groups of words and paste them into the Proofreading Corrections box with \"CHANGE-TO\" instructions to the editor as follows:</p>\n\n	<pre>1. CHANGE...\n	then the others\n	TO...\n	than the others</pre>\n	<br />\n	<pre>2. CHANGE...\n	Malinowsky\n	TO...\n	Malinowski</pre>\n	<br />\n\n	<h4>For Formatting Errors</h4>\n\n	<p>Describe the location and nature of the problem in the Proofreading Corrections box after typing in the title \"FORMATTING\" as follows:</p>\n	<br />\n	<pre>3. FORMATTING\n	The numbers in Table 3 are not aligned in the third column.</pre>\n	<br />\n	<pre>4. FORMATTING\n	The paragraph that begins \"This last topic...\" is not indented.</pre>', 'string'),
(7, 'en_US', 'readerInformation', 'We encourage readers to sign up for the publishing notification service for this journal. Use the <a href=\"https://digilib.itskesicme.ac.id/ojs/index.php/nst/user/register\">Register</a> link at the top of the home page for the journal. This registration will result in the reader receiving the Table of Contents by email for each new issue of the journal. This list also allows the journal to claim a certain level of support or readership. See the journal\'s <a href=\"https://digilib.itskesicme.ac.id/ojs/index.php/nst/about/submissions#privacyStatement\">Privacy Statement</a>, which assures readers that their name and email address will not be used for other purposes.', 'string'),
(7, 'en_US', 'refLinkInstructions', '<h4>To Add Reference Linking to the Layout Process</h4>\n	<p>When turning a submission into HTML or PDF, make sure that all hyperlinks in the submission are active.</p>\n	<h4>A. When the Author Provides a Link with the Reference</h4>\n	<ol>\n	<li>While the submission is still in its word processing format (e.g., Word), add the phrase VIEW ITEM to the end of the reference that has a URL.</li>\n	<li>Turn that phrase into a hyperlink by highlighting it and using Word\'s Insert Hyperlink tool and the URL prepared in #2.</li>\n	</ol>\n	<h4>B. Enabling Readers to Search Google Scholar For References</h4>\n	<ol>\n		<li>While the submission is still in its word processing format (e.g., Word), copy the title of the work referenced in the References list (if it appears to be too common a title—e.g., \"Peace\"—then copy author and title).</li>\n		<li>Paste the reference\'s title between the %22\'s, placing a + between each word: http://scholar.google.com/scholar?q=%22PASTE+TITLE+HERE%22&hl=en&lr=&btnG=Search.</li>\n\n	<li>Add the phrase GS SEARCH to the end of each citation in the submission\'s References list.</li>\n	<li>Turn that phrase into a hyperlink by highlighting it and using Word\'s Insert Hyperlink tool and the URL prepared in #2.</li>\n	</ol>\n	<h4>C. Enabling Readers to Search for References with a DOI</h4>\n	<ol>\n	<li>While the submission is still in Word, copy a batch of references into CrossRef Text Query http://www.crossref.org/freeTextQuery/.</li>\n	<li>Paste each DOI that the Query provides in the following URL (between = and &): http://www.cmaj.ca/cgi/external_ref?access_num=PASTE DOI#HERE&link_type=DOI.</li>\n	<li>Add the phrase CrossRef to the end of each citation in the submission\'s References list.</li>\n	<li>Turn that phrase into a hyperlink by highlighting the phrase and using Word\'s Insert Hyperlink tool and the appropriate URL prepared in #2.</li>\n	</ol>', 'string');
INSERT INTO `journal_settings` (`journal_id`, `locale`, `setting_name`, `setting_value`, `setting_type`) VALUES
(7, 'en_US', 'submissionChecklist', 'a:5:{i:0;a:2:{s:7:\"content\";s:165:\"The submission has not been previously published, nor is it before another journal for consideration (or an explanation has been provided in Comments to the Editor).\";s:5:\"order\";s:1:\"1\";}i:1;a:2:{s:7:\"content\";s:82:\"The submission file is in OpenOffice, Microsoft Word, or RTF document file format.\";s:5:\"order\";s:1:\"2\";}i:2;a:2:{s:7:\"content\";s:60:\"Where available, URLs for the references have been provided.\";s:5:\"order\";s:1:\"3\";}i:3;a:2:{s:7:\"content\";s:239:\"The text is single-spaced; uses a 12-point font; employs italics, rather than underlining (except with URL addresses); and all illustrations, figures, and tables are placed within the text at the appropriate points, rather than at the end.\";s:5:\"order\";s:1:\"4\";}i:4;a:2:{s:7:\"content\";s:99:\"The text adheres to the stylistic and bibliographic requirements outlined in the Author Guidelines.\";s:5:\"order\";s:1:\"5\";}}', 'object');

-- --------------------------------------------------------

--
